-- Table structure for table `llxqf_c_ecotaxe`
--

CREATE TABLE `llxqf_c_ecotaxe` (
  `rowid` int NOT NULL AUTO_INCREMENT,
  `code` varchar(64) NOT NULL,
  `label` varchar(255) DEFAULT NULL,
  `price` double(24,8) DEFAULT NULL,
  `organization` varchar(255) DEFAULT NULL,
  `fk_pays` int NOT NULL,
  `active` tinyint NOT NULL DEFAULT '1',
  PRIMARY KEY (`rowid`),
  UNIQUE KEY `uk_c_ecotaxe` (`code`)
) ENGINE=InnoDB AUTO_INCREMENT=20 DEFAULT CHARSET=utf8mb3;

--
-- Dumping data for table `llxqf_c_ecotaxe`
--

INSERT INTO `llxqf_c_ecotaxe` VALUES (1,'25040','PETIT APPAREILS MENAGERS',0.25000000,'Eco-systèmes',1,1),(2,'25050','TRES PETIT APPAREILS MENAGERS',0.08000000,'Eco-systèmes',1,1),(3,'32070','ECRAN POIDS < 5 KG',2.08000000,'Eco-systèmes',1,1),(4,'32080','ECRAN POIDS > 5 KG',1.25000000,'Eco-systèmes',1,1),(5,'32051','ORDINATEUR PORTABLE',0.42000000,'Eco-systèmes',1,1),(6,'32061','TABLETTE INFORMATIQUE',0.84000000,'Eco-systèmes',1,1),(7,'36011','ORDINATEUR FIXE (UC)',1.15000000,'Eco-systèmes',1,1),(8,'36021','IMPRIMANTES',0.83000000,'Eco-systèmes',1,1),(9,'36030','IT (INFORMATIQUE ET TELECOMS)',0.83000000,'Eco-systèmes',1,1),(10,'36040','PETIT IT (CLAVIERS / SOURIS)',0.08000000,'Eco-systèmes',1,1),(11,'36050','TELEPHONIE MOBILE',0.02000000,'Eco-systèmes',1,1),(12,'36060','CONNECTIQUE CABLES',0.02000000,'Eco-systèmes',1,1),(13,'45010','GROS MATERIEL GRAND PUBLIC (TELEAGRANDISSEURS)',1.67000000,'Eco-systèmes',1,1),(14,'45020','MOYEN MATERIEL GRAND PUBLIC (LOUPES ELECTRONIQUES)',0.42000000,'Eco-systèmes',1,1),(15,'45030','PETIT MATERIEL GRAND PUBLIC (VIE QUOTIDIENNE)',0.08000000,'Eco-systèmes',1,1),(16,'75030','JOUETS < 0,5 KG',0.08000000,'Eco-systèmes',1,1),(17,'75040','JOUETS ENTRE 0,5 KG ET 10 KG',0.17000000,'Eco-systèmes',1,1),(18,'74050','JOUETS > 10 KG',1.67000000,'Eco-systèmes',1,1),(19,'85010','EQUIPEMENT MEDICAL < 0,5 KG',0.08000000,'Eco-systèmes',1,1);

--
-- Table structure for table `llxqf_c_effectif`
--

CREATE TABLE `llxqf_c_effectif` (
  `id` int NOT NULL,
  `code` varchar(12) NOT NULL,
  `libelle` varchar(128) DEFAULT NULL,
  `active` tinyint NOT NULL DEFAULT '1',
  `module` varchar(32) DEFAULT NULL,
  PRIMARY KEY (`id`),
  UNIQUE KEY `uk_c_effectif` (`code`)
) ENGINE=InnoDB DEFAULT CHARSET=utf8mb3;

--
-- Dumping data for table `llxqf_c_effectif`
--

INSERT INTO `llxqf_c_effectif` VALUES (0,'EF0','-',1,NULL),(1,'EF1-5','1 - 5',1,NULL),(2,'EF6-10','6 - 10',1,NULL),(3,'EF11-50','11 - 50',1,NULL),(4,'EF51-100','51 - 100',1,NULL),(5,'EF101-500','101 - 500',1,NULL),(6,'EF500-','> 500',1,NULL);

--
-- Table structure for table `llxqf_c_email_senderprofile`
--

CREATE TABLE `llxqf_c_email_senderprofile` (
  `rowid` int NOT NULL AUTO_INCREMENT,
  `entity` int NOT NULL DEFAULT '1',
  `private` smallint NOT NULL DEFAULT '0',
  `date_creation` datetime DEFAULT NULL,
  `tms` timestamp NULL DEFAULT CURRENT_TIMESTAMP ON UPDATE CURRENT_TIMESTAMP,
  `label` varchar(255) DEFAULT NULL,
  `email` varchar(255) NOT NULL,
  `signature` text,
  `position` smallint DEFAULT '0',
  `active` tinyint NOT NULL DEFAULT '1',
  PRIMARY KEY (`rowid`),
  UNIQUE KEY `uk_c_email_senderprofile` (`entity`,`label`,`email`)
) ENGINE=InnoDB DEFAULT CHARSET=utf8mb3;

--
-- Dumping data for table `llxqf_c_email_senderprofile`
--


--
-- Table structure for table `llxqf_c_email_templates`
--

CREATE TABLE `llxqf_c_email_templates` (
  `rowid` int NOT NULL AUTO_INCREMENT,
  `entity` int NOT NULL DEFAULT '1',
  `module` varchar(32) DEFAULT NULL,
  `type_template` varchar(32) DEFAULT NULL,
  `lang` varchar(6) DEFAULT '',
  `private` smallint NOT NULL DEFAULT '0',
  `fk_user` int DEFAULT NULL,
  `datec` datetime DEFAULT NULL,
  `tms` timestamp NULL DEFAULT CURRENT_TIMESTAMP ON UPDATE CURRENT_TIMESTAMP,
  `label` varchar(180) DEFAULT NULL,
  `position` smallint DEFAULT NULL,
  `enabled` varchar(255) DEFAULT '1',
  `active` tinyint NOT NULL DEFAULT '1',
  `topic` text,
  `joinfiles` text,
  `content` mediumtext,
  `content_lines` text,
  `email_from` varchar(255) DEFAULT NULL,
  `email_to` varchar(255) DEFAULT NULL,
  `email_tocc` varchar(255) DEFAULT NULL,
  `email_tobcc` varchar(255) DEFAULT NULL,
  `defaultfortype` smallint DEFAULT '0',
  PRIMARY KEY (`rowid`),
  UNIQUE KEY `uk_c_email_templates` (`entity`,`label`,`lang`),
  KEY `idx_type` (`type_template`)
) ENGINE=InnoDB AUTO_INCREMENT=44 DEFAULT CHARSET=utf8mb3;

--
-- Dumping data for table `llxqf_c_email_templates`
--

INSERT INTO `llxqf_c_email_templates` VALUES (1,0,'banque','thirdparty','',0,NULL,NULL,'2022-02-07 12:43:53','(YourSEPAMandate)',1,'$conf->societe->enabled && $conf->banque->enabled && $conf->prelevement->enabled',0,'__(YourSEPAMandate)__','0','__(Hello)__,<br><br>\n\n__(FindYourSEPAMandate)__ :<br>\n__MYCOMPANY_NAME__<br>\n__MYCOMPANY_FULLADDRESS__<br><br>\n__(Sincerely)__<br>\n__USER_SIGNATURE__',NULL,NULL,NULL,NULL,NULL,0),(2,0,'adherent','member','',0,NULL,NULL,'2022-02-07 12:43:53','(SendingEmailOnAutoSubscription)',10,'$conf->adherent->enabled',1,'[__[MAIN_INFO_SOCIETE_NOM]__] __(YourMembershipRequestWasReceived)__','0','__(Hello)__ __MEMBER_FULLNAME__,<br><br>\n\n__(ThisIsContentOfYourMembershipRequestWasReceived)__<br>\n<br>__ONLINE_PAYMENT_TEXT_AND_URL__<br>\n<br><br>\n__(Sincerely)__<br>__USER_SIGNATURE__',NULL,NULL,NULL,NULL,NULL,0),(3,0,'adherent','member','',0,NULL,NULL,'2022-02-07 12:43:53','(SendingEmailOnMemberValidation)',20,'$conf->adherent->enabled',1,'[__[MAIN_INFO_SOCIETE_NOM]__] __(YourMembershipWasValidated)__','0','__(Hello)__ __MEMBER_FULLNAME__,<br><br>\n\n__(ThisIsContentOfYourMembershipWasValidated)__<br>__(FirstName)__ : __MEMBER_FIRSTNAME__<br>__(LastName)__ : __MEMBER_LASTNAME__<br>__(ID)__ : __MEMBER_ID__<br>\n<br>__ONLINE_PAYMENT_TEXT_AND_URL__<br>\n<br><br>\n__(Sincerely)__<br>__USER_SIGNATURE__',NULL,NULL,NULL,NULL,NULL,0),(4,0,'adherent','member','',0,NULL,NULL,'2022-02-07 12:43:53','(SendingEmailOnNewSubscription)',30,'$conf->adherent->enabled',1,'[__[MAIN_INFO_SOCIETE_NOM]__] __(YourSubscriptionWasRecorded)__','1','__(Hello)__ __MEMBER_FULLNAME__,<br><br>\n\n__(ThisIsContentOfYourSubscriptionWasRecorded)__<br>\n\n<br><br>\n__(Sincerely)__<br>__USER_SIGNATURE__',NULL,NULL,NULL,NULL,NULL,0),(5,0,'adherent','member','',0,NULL,NULL,'2022-02-07 12:43:53','(SendingReminderForExpiredSubscription)',40,'$conf->adherent->enabled',1,'[__[MAIN_INFO_SOCIETE_NOM]__] __(SubscriptionReminderEmail)__','0','__(Hello)__ __MEMBER_FULLNAME__,<br><br>\n\n__(ThisIsContentOfSubscriptionReminderEmail)__<br>\n<br>__ONLINE_PAYMENT_TEXT_AND_URL__<br>\n<br><br>\n__(Sincerely)__<br>__USER_SIGNATURE__',NULL,NULL,NULL,NULL,NULL,0),(6,0,'adherent','member','',0,NULL,NULL,'2022-02-07 12:43:53','(SendingEmailOnCancelation)',50,'$conf->adherent->enabled',1,'[__[MAIN_INFO_SOCIETE_NOM]__] __(YourMembershipWasCanceled)__','0','__(Hello)__ __MEMBER_FULLNAME__,<br><br>\n\n__(YourMembershipWasCanceled)__<br>\n<br><br>\n__(Sincerely)__<br>__USER_SIGNATURE__',NULL,NULL,NULL,NULL,NULL,0),(7,0,'adherent','member','',0,NULL,NULL,'2022-02-07 12:43:53','(SendingAnEMailToMember)',60,'$conf->adherent->enabled',1,'[__[MAIN_INFO_SOCIETE_NOM]__] __(CardContent)__','0','__(Hello)__,<br><br>\n\n__(ThisIsContentOfYourCard)__<br>\n__(ID)__ : __ID__<br>\n__(Civility)__ : __MEMBER_CIVILITY__<br>\n__(Firstname)__ : __MEMBER_FIRSTNAME__<br>\n__(Lastname)__ : __MEMBER_LASTNAME__<br>\n__(Fullname)__ : __MEMBER_FULLNAME__<br>\n__(Company)__ : __MEMBER_COMPANY__<br>\n__(Address)__ : __MEMBER_ADDRESS__<br>\n__(Zip)__ : __MEMBER_ZIP__<br>\n__(Town)__ : __MEMBER_TOWN__<br>\n__(Country)__ : __MEMBER_COUNTRY__<br>\n__(Email)__ : __MEMBER_EMAIL__<br>\n__(Birthday)__ : __MEMBER_BIRTH__<br>\n__(Photo)__ : __MEMBER_PHOTO__<br>\n__(Login)__ : __MEMBER_LOGIN__<br>\n__(Phone)__ : __MEMBER_PHONE__<br>\n__(PhonePerso)__ : __MEMBER_PHONEPRO__<br>\n__(PhoneMobile)__ : __MEMBER_PHONEMOBILE__<br><br>\n__(Sincerely)__<br>__USER_SIGNATURE__',NULL,NULL,NULL,NULL,NULL,0),(8,0,'recruitment','recruitmentcandidature_send','',0,NULL,NULL,'2022-02-07 12:43:53','(AnswerCandidature)',100,'$conf->recruitment->enabled',1,'[__[MAIN_INFO_SOCIETE_NOM]__] __(YourCandidature)__','0','__(Hello)__ __CANDIDATE_FULLNAME__,<br><br>\n\n__(YourCandidatureAnswerMessage)__<br>__ONLINE_INTERVIEW_SCHEDULER_TEXT_AND_URL__\n<br><br>\n__(Sincerely)__<br>__USER_SIGNATURE__',NULL,NULL,NULL,NULL,NULL,0),(9,0,'','conferenceorbooth','',0,NULL,NULL,'2022-02-07 12:43:53','(EventOrganizationEmailAskConf)',10,'1',1,'[__[MAIN_INFO_SOCIETE_NOM]__] __(EventOrganizationEmailAskConf)__',NULL,'__(Hello)__,<br /><br />__(OrganizationEventConfRequestWasReceived)__<br /><br /><br />__(Sincerely)__<br />__USER_SIGNATURE__',NULL,NULL,NULL,NULL,NULL,0),(10,0,'','conferenceorbooth','',0,NULL,NULL,'2022-02-07 12:43:53','(EventOrganizationEmailAskBooth)',20,'1',1,'[__[MAIN_INFO_SOCIETE_NOM]__] __(EventOrganizationEmailAskBooth)__',NULL,'__(Hello)__,<br /><br />__(OrganizationEventBoothRequestWasReceived)__<br /><br /><br />__(Sincerely)__<br />__USER_SIGNATURE__',NULL,NULL,NULL,NULL,NULL,0),(11,0,'','conferenceorbooth','',0,NULL,NULL,'2022-02-07 12:43:53','(EventOrganizationEmailSubsBooth)',30,'1',1,'[__[MAIN_INFO_SOCIETE_NOM]__] __(EventOrganizationEmailBoothPayment)__',NULL,'__(Hello)__,<br /><br />__(OrganizationEventPaymentOfBoothWasReceived)__<br /><br /><br />__(Sincerely)__<br />__USER_SIGNATURE__',NULL,NULL,NULL,NULL,NULL,0),(12,0,'','conferenceorbooth','',0,NULL,NULL,'2022-02-07 12:43:53','(EventOrganizationEmailSubsEvent)',40,'1',1,'[__[MAIN_INFO_SOCIETE_NOM]__] __(EventOrganizationEmailRegistrationPayment)__',NULL,'__(Hello)__,<br /><br />__(OrganizationEventPaymentOfRegistrationWasReceived)__<br /><br />__(Sincerely)__<br />__USER_SIGNATURE__',NULL,NULL,NULL,NULL,NULL,0),(13,0,'','conferenceorbooth','',0,NULL,NULL,'2022-02-07 12:43:53','(EventOrganizationMassEmailAttendees)',50,'1',1,'[__[MAIN_INFO_SOCIETE_NOM]__] __(EventOrganizationMassEmailAttendees)__',NULL,'__(Hello)__,<br /><br />__(OrganizationEventBulkMailToAttendees)__<br /><br />__(Sincerely)__<br />__USER_SIGNATURE__',NULL,NULL,NULL,NULL,NULL,0),(14,0,'','conferenceorbooth','',0,NULL,NULL,'2022-02-07 12:43:53','(EventOrganizationMassEmailSpeakers)',60,'1',1,'[__[MAIN_INFO_SOCIETE_NOM]__] __(EventOrganizationMassEmailSpeakers)__',NULL,'__(Hello)__,<br /><br />__(OrganizationEventBulkMailToSpeakers)__<br /><br />__(Sincerely)__<br />__USER_SIGNATURE__',NULL,NULL,NULL,NULL,NULL,0),(15,0,'partnership','partnership_send','',0,NULL,NULL,'2022-02-07 12:43:53','(SendingEmailOnPartnershipWillSoonBeCanceled)',100,'1',1,'[__[MAIN_INFO_SOCIETE_NOM]__] - __(YourPartnershipWillSoonBeCanceledTopic)__','0','<body>\n <p>__(Hello)__,<br><br>\n__(YourPartnershipWillSoonBeCanceledContent)__</p>\n<br />\n\n<br />\n\n            __(Sincerely)__ <br />\n            __[MAIN_INFO_SOCIETE_NOM]__ <br />\n </body>\n',NULL,NULL,NULL,NULL,NULL,0),(16,0,'partnership','partnership_send','',0,NULL,NULL,'2022-02-07 12:43:53','(SendingEmailOnPartnershipCanceled)',100,'1',1,'[__[MAIN_INFO_SOCIETE_NOM]__] - __(YourPartnershipCanceledTopic)__','0','<body>\n <p>__(Hello)__,<br><br>\n__(YourPartnershipCanceledContent)__</p>\n<br />\n\n<br />\n\n            __(Sincerely)__ <br />\n            __[MAIN_INFO_SOCIETE_NOM]__ <br />\n </body>\n',NULL,NULL,NULL,NULL,NULL,0),(17,0,'partnership','partnership_send','',0,NULL,NULL,'2022-02-07 12:43:53','(SendingEmailOnPartnershipRefused)',100,'1',1,'[__[MAIN_INFO_SOCIETE_NOM]__] - __(YourPartnershipRefusedTopic)__','0','<body>\n <p>__(Hello)__,<br><br>\n__(YourPartnershipRefusedContent)__</p>\n<br />\n\n<br />\n\n            __(Sincerely)__ <br />\n            __[MAIN_INFO_SOCIETE_NOM]__ <br />\n </body>\n',NULL,NULL,NULL,NULL,NULL,0),(18,0,'partnership','partnership_send','',0,NULL,NULL,'2022-02-07 12:43:53','(SendingEmailOnPartnershipAccepted)',100,'1',1,'[__[MAIN_INFO_SOCIETE_NOM]__] - __(YourPartnershipAcceptedTopic)__','0','<body>\n <p>__(Hello)__,<br><br>\n__(YourPartnershipAcceptedContent)__</p>\n<br />\n\n<br />\n\n            __(Sincerely)__ <br />\n            __[MAIN_INFO_SOCIETE_NOM]__ <br />\n </body>\n',NULL,NULL,NULL,NULL,NULL,0),(21,0,'','conferenceorbooth','',0,NULL,NULL,'2022-03-21 19:34:45','(EventOrganizationEmailBoothPayment)',30,'1',1,'[__[MAIN_INFO_SOCIETE_NOM]__] __(EventOrganizationEmailBoothPayment)__',NULL,'__(Hello)__,<br /><br />__(OrganizationEventPaymentOfBoothWasReceived)__<br /><br /><br />__(Sincerely)__<br />__USER_SIGNATURE__',NULL,NULL,NULL,NULL,NULL,0),(22,0,'','conferenceorbooth','',0,NULL,NULL,'2022-03-21 19:34:45','(EventOrganizationEmailRegistrationPayment)',40,'1',1,'[__[MAIN_INFO_SOCIETE_NOM]__] __(EventOrganizationEmailRegistrationPayment)__',NULL,'__(Hello)__,<br /><br />__(OrganizationEventPaymentOfRegistrationWasReceived)__<br /><br />__(Sincerely)__<br />__USER_SIGNATURE__',NULL,NULL,NULL,NULL,NULL,0),(43,0,'supplier_invoice','invoice_supplier_send','',0,NULL,NULL,'2025-06-17 09:59:59','(SendingReminderEmailOnUnpaidSupplierInvoice)',100,'isModEnabled(\"supplier_invoice\")',1,'[__[MAIN_INFO_SOCIETE_NOM]__] - __(SupplierInvoice)__','0','__(Hello)__,<br /><br />__(SupplierInvoiceUnpaidContent)__<br />__URL_SUPPLIER_INVOICE__<br /><br />__(Sincerely)__<br />__USER_SIGNATURE__',NULL,NULL,NULL,NULL,NULL,0);

--
-- Table structure for table `llxqf_c_exp_tax_cat`
--

CREATE TABLE `llxqf_c_exp_tax_cat` (
  `rowid` int NOT NULL AUTO_INCREMENT,
  `label` varchar(128) DEFAULT NULL,
  `entity` int NOT NULL DEFAULT '1',
  `active` int NOT NULL DEFAULT '1',
  PRIMARY KEY (`rowid`)
) ENGINE=InnoDB AUTO_INCREMENT=29 DEFAULT CHARSET=utf8mb3;

--
-- Dumping data for table `llxqf_c_exp_tax_cat`
--

INSERT INTO `llxqf_c_exp_tax_cat` VALUES (1,'ExpAutoCat',1,0),(2,'ExpCycloCat',1,0),(3,'ExpMotoCat',1,0),(4,'ExpAuto3CV',1,1),(5,'ExpAuto4CV',1,1),(6,'ExpAuto5CV',1,1),(7,'ExpAuto6CV',1,1),(8,'ExpAuto7CV',1,1),(9,'ExpAuto8CV',1,1),(10,'ExpAuto9CV',1,0),(11,'ExpAuto10CV',1,0),(12,'ExpAuto11CV',1,0),(13,'ExpAuto12CV',1,0),(14,'ExpAuto3PCV',1,0),(15,'ExpAuto4PCV',1,0),(16,'ExpAuto5PCV',1,0),(17,'ExpAuto6PCV',1,0),(18,'ExpAuto7PCV',1,0),(19,'ExpAuto8PCV',1,0),(20,'ExpAuto9PCV',1,0),(21,'ExpAuto10PCV',1,0),(22,'ExpAuto11PCV',1,0),(23,'ExpAuto12PCV',1,0),(24,'ExpAuto13PCV',1,0),(25,'ExpCyclo',1,0),(26,'ExpMoto12CV',1,0),(27,'ExpMoto345CV',1,0),(28,'ExpMoto5PCV',1,0);

--
-- Table structure for table `llxqf_c_exp_tax_range`
--

CREATE TABLE `llxqf_c_exp_tax_range` (
  `rowid` int NOT NULL AUTO_INCREMENT,
  `fk_c_exp_tax_cat` int NOT NULL DEFAULT '1',
  `range_ik` double NOT NULL DEFAULT '0',
  `entity` int NOT NULL DEFAULT '1',
  `active` int NOT NULL DEFAULT '1',
  PRIMARY KEY (`rowid`)
) ENGINE=InnoDB AUTO_INCREMENT=16 DEFAULT CHARSET=utf8mb3;

--
-- Dumping data for table `llxqf_c_exp_tax_range`
--

INSERT INTO `llxqf_c_exp_tax_range` VALUES (1,4,0,1,1),(2,4,5000,1,1),(3,4,20000,1,1),(4,5,0,1,1),(5,5,5000,1,1),(6,5,20000,1,1),(7,6,0,1,1),(8,6,5000,1,1),(9,6,20000,1,1),(10,7,0,1,1),(11,7,5000,1,1),(12,7,20000,1,1),(13,8,0,1,1),(14,8,5000,1,1),(15,8,20000,1,1);

--
-- Table structure for table `llxqf_c_field_list`
--

CREATE TABLE `llxqf_c_field_list` (
  `rowid` int NOT NULL AUTO_INCREMENT,
  `tms` timestamp NULL DEFAULT CURRENT_TIMESTAMP ON UPDATE CURRENT_TIMESTAMP,
  `element` varchar(64) NOT NULL,
  `entity` int NOT NULL DEFAULT '1',
  `name` varchar(32) NOT NULL,
  `alias` varchar(32) NOT NULL,
  `title` varchar(32) NOT NULL,
  `align` varchar(6) DEFAULT 'left',
  `sort` tinyint NOT NULL DEFAULT '1',
  `search` tinyint NOT NULL DEFAULT '0',
  `visible` tinyint NOT NULL DEFAULT '1',
  `enabled` varchar(255) DEFAULT '1',
  `rang` int DEFAULT '0',
  PRIMARY KEY (`rowid`)
) ENGINE=InnoDB DEFAULT CHARSET=utf8mb3;

--
-- Dumping data for table `llxqf_c_field_list`
--


--
-- Table structure for table `llxqf_c_format_cards`
--

CREATE TABLE `llxqf_c_format_cards` (
  `rowid` int NOT NULL AUTO_INCREMENT,
  `code` varchar(50) NOT NULL,
  `name` varchar(50) NOT NULL,
  `paper_size` varchar(20) NOT NULL,
  `orientation` varchar(1) NOT NULL,
  `metric` varchar(5) NOT NULL,
  `leftmargin` double(24,8) NOT NULL,
  `topmargin` double(24,8) NOT NULL,
  `nx` int NOT NULL,
  `ny` int NOT NULL,
  `spacex` double(24,8) NOT NULL,
  `spacey` double(24,8) NOT NULL,
  `width` double(24,8) NOT NULL,
  `height` double(24,8) NOT NULL,
  `font_size` int NOT NULL,
  `custom_x` double(24,8) NOT NULL,
  `custom_y` double(24,8) NOT NULL,
  `active` int NOT NULL,
  PRIMARY KEY (`rowid`)
) ENGINE=InnoDB AUTO_INCREMENT=12 DEFAULT CHARSET=utf8mb3;

--
-- Dumping data for table `llxqf_c_format_cards`
--

INSERT INTO `llxqf_c_format_cards` VALUES (1,'5160','Avery-5160, WL-875WX','letter','P','mm',5.58165000,12.70000000,3,10,3.55600000,0.00000000,65.87490000,25.40000000,7,0.00000000,0.00000000,1),(2,'5161','Avery-5161, WL-75WX','letter','P','mm',4.44500000,12.70000000,2,10,3.96800000,0.00000000,101.60000000,25.40000000,7,0.00000000,0.00000000,1),(3,'5162','Avery-5162, WL-100WX','letter','P','mm',3.87350000,22.35200000,2,7,4.95400000,0.00000000,101.60000000,33.78100000,8,0.00000000,0.00000000,1),(4,'5163','Avery-5163, WL-125WX','letter','P','mm',4.57200000,12.70000000,2,5,3.55600000,0.00000000,101.60000000,50.80000000,10,0.00000000,0.00000000,1),(5,'5164','Avery-5164 (inch)','letter','P','in',0.14800000,0.50000000,2,3,0.20310000,0.00000000,4.00000000,3.33000000,12,0.00000000,0.00000000,0),(6,'8600','Avery-8600','letter','P','mm',7.10000000,19.00000000,3,10,9.50000000,3.10000000,66.60000000,25.40000000,7,0.00000000,0.00000000,1),(7,'99012','DYMO 99012 89*36mm','custom','L','mm',1.00000000,1.00000000,1,1,0.00000000,0.00000000,36.00000000,89.00000000,10,36.00000000,89.00000000,1),(8,'99014','DYMO 99014 101*54mm','custom','L','mm',1.00000000,1.00000000,1,1,0.00000000,0.00000000,54.00000000,101.00000000,10,54.00000000,101.00000000,1),(9,'AVERYC32010','Avery-C32010','A4','P','mm',15.00000000,13.00000000,2,5,10.00000000,0.00000000,85.00000000,54.00000000,10,0.00000000,0.00000000,1),(10,'CARD','Dolibarr Business cards','A4','P','mm',15.00000000,15.00000000,2,5,0.00000000,0.00000000,85.00000000,54.00000000,10,0.00000000,0.00000000,1),(11,'L7163','Avery-L7163','A4','P','mm',5.00000000,15.00000000,2,7,2.50000000,0.00000000,99.10000000,38.10000000,8,0.00000000,0.00000000,1);

--
-- Table structure for table `llxqf_c_forme_juridique`
--

CREATE TABLE `llxqf_c_forme_juridique` (
  `rowid` int NOT NULL AUTO_INCREMENT,
  `code` int NOT NULL,
  `fk_pays` int NOT NULL,
  `libelle` varchar(255) DEFAULT NULL,
  `isvatexempted` tinyint NOT NULL DEFAULT '0',
  `active` tinyint NOT NULL DEFAULT '1',
  `module` varchar(32) DEFAULT NULL,
  `position` int NOT NULL DEFAULT '0',
  PRIMARY KEY (`rowid`),
  UNIQUE KEY `uk_c_forme_juridique` (`code`)
) ENGINE=InnoDB AUTO_INCREMENT=291 DEFAULT CHARSET=utf8mb3;

--
-- Dumping data for table `llxqf_c_forme_juridique`
--

INSERT INTO `llxqf_c_forme_juridique` VALUES (1,0,0,'-',0,1,NULL,0),(2,2301,23,'Monotributista',0,1,NULL,0),(3,2302,23,'Sociedad Civil',0,1,NULL,0),(4,2303,23,'Sociedades Comerciales',0,1,NULL,0),(5,2304,23,'Sociedades de Hecho',0,1,NULL,0),(6,2305,23,'Sociedades Irregulares',0,1,NULL,0),(7,2306,23,'Sociedad Colectiva',0,1,NULL,0),(8,2307,23,'Sociedad en Comandita Simple',0,1,NULL,0),(9,2308,23,'Sociedad de Capital e Industria',0,1,NULL,0),(10,2309,23,'Sociedad Accidental o en participación',0,1,NULL,0),(11,2310,23,'Sociedad de Responsabilidad Limitada',0,1,NULL,0),(12,2311,23,'Sociedad Anónima',0,1,NULL,0),(13,2312,23,'Sociedad Anónima con Participación Estatal Mayoritaria',0,1,NULL,0),(14,2313,23,'Sociedad en Comandita por Acciones (arts. 315 a 324, LSC)',0,1,NULL,0),(15,4100,41,'GmbH - Gesellschaft mit beschränkter Haftung',0,1,NULL,0),(16,4101,41,'GesmbH - Gesellschaft mit beschränkter Haftung',0,1,NULL,0),(17,4102,41,'AG - Aktiengesellschaft',0,1,NULL,0),(18,4103,41,'EWIV - Europäische wirtschaftliche Interessenvereinigung',0,1,NULL,0),(19,4104,41,'KEG - Kommanditerwerbsgesellschaft',0,1,NULL,0),(20,4105,41,'OEG - Offene Erwerbsgesellschaft',0,1,NULL,0),(21,4106,41,'OHG - Offene Handelsgesellschaft',0,1,NULL,0),(22,4107,41,'AG & Co KG - Kommanditgesellschaft',0,1,NULL,0),(23,4108,41,'GmbH & Co KG - Kommanditgesellschaft',0,1,NULL,0),(24,4109,41,'KG - Kommanditgesellschaft',0,1,NULL,0),(25,4110,41,'OG - Offene Gesellschaft',0,1,NULL,0),(26,4111,41,'GbR - Gesellschaft nach bürgerlichem Recht',0,1,NULL,0),(27,4112,41,'GesbR - Gesellschaft nach bürgerlichem Recht',0,1,NULL,0),(28,4113,41,'GesnbR - Gesellschaft nach bürgerlichem Recht',0,1,NULL,0),(29,4114,41,'e.U. - eingetragener Einzelunternehmer',0,1,NULL,0),(30,200,2,'Indépendant',0,1,NULL,0),(31,201,2,'SRL - Société à responsabilité limitée',0,1,NULL,0),(32,202,2,'SA   - Société Anonyme',0,1,NULL,0),(33,203,2,'SCRL - Société coopérative à responsabilité limitée',0,1,NULL,0),(34,204,2,'ASBL - Association sans but Lucratif',0,1,NULL,0),(35,205,2,'SCRI - Société coopérative à responsabilité illimitée',0,1,NULL,0),(36,206,2,'SCS  - Société en commandite simple',0,1,NULL,0),(37,207,2,'SCA  - Société en commandite par action',0,1,NULL,0),(38,208,2,'SNC  - Société en nom collectif',0,1,NULL,0),(39,209,2,'GIE  - Groupement d intérêt économique',0,1,NULL,0),(40,210,2,'GEIE - Groupement européen d intérêt économique',0,1,NULL,0),(41,220,2,'Eenmanszaak',0,1,NULL,0),(42,221,2,'BVBA - Besloten vennootschap met beperkte aansprakelijkheid',0,1,NULL,0),(43,222,2,'NV   - Naamloze Vennootschap',0,1,NULL,0),(44,223,2,'CVBA - Coöperatieve vennootschap met beperkte aansprakelijkheid',0,1,NULL,0),(45,224,2,'VZW  - Vereniging zonder winstoogmerk',0,1,NULL,0),(46,225,2,'CVOA - Coöperatieve vennootschap met onbeperkte aansprakelijkheid ',0,1,NULL,0),(47,226,2,'GCV  - Gewone commanditaire vennootschap',0,1,NULL,0),(48,227,2,'Comm.VA - Commanditaire vennootschap op aandelen',0,1,NULL,0),(49,228,2,'VOF  - Vennootschap onder firma',0,1,NULL,0),(50,229,2,'VS0  - Vennootschap met sociaal oogmerk',0,1,NULL,0),(51,11,1,'Artisan Commerçant (EI)',0,1,NULL,0),(52,12,1,'Commerçant (EI)',0,1,NULL,0),(53,13,1,'Artisan (EI)',0,1,NULL,0),(54,14,1,'Officier public ou ministériel',0,1,NULL,0),(55,15,1,'Profession libérale (EI)',0,1,NULL,0),(56,16,1,'Exploitant agricole',0,1,NULL,0),(57,17,1,'Agent commercial',0,1,NULL,0),(58,18,1,'Associé Gérant de société',0,1,NULL,0),(59,19,1,'Personne physique',0,1,NULL,0),(60,21,1,'Indivision',0,1,NULL,0),(61,22,1,'Société créée de fait',0,1,NULL,0),(62,23,1,'Société en participation',0,1,NULL,0),(63,24,1,'Société coopérative d\'interet collectif (SCIC)',0,1,NULL,0),(64,25,1,'Société coopérative de production à responsabilité limitée (SCOP)',0,1,NULL,0),(65,27,1,'Paroisse hors zone concordataire',0,1,NULL,0),(66,29,1,'Groupement de droit privé non doté de la personnalité morale',0,1,NULL,0),(67,31,1,'Personne morale de droit étranger, immatriculée au RCS',0,1,NULL,0),(68,32,1,'Personne morale de droit étranger, non immatriculée au RCS',0,1,NULL,0),(69,35,1,'Régime auto-entrepreneur',0,1,NULL,0),(70,41,1,'Etablissement public ou régie à caractère industriel ou commercial',0,1,NULL,0),(71,51,1,'Société coopérative commerciale particulière',0,1,NULL,0),(72,52,1,'Société en nom collectif',0,1,NULL,0),(73,53,1,'Société en commandite',0,1,NULL,0),(74,54,1,'Société à responsabilité limitée (SARL)',0,1,NULL,0),(75,55,1,'Société anonyme à conseil d administration',0,1,NULL,0),(76,56,1,'Société anonyme à directoire',0,1,NULL,0),(77,57,1,'Société par actions simplifiée (SAS)',0,1,NULL,0),(78,58,1,'Entreprise Unipersonnelle à Responsabilité Limitée (EURL)',0,1,NULL,0),(79,59,1,'Société par actions simplifiée unipersonnelle (SASU)',0,1,NULL,0),(80,60,1,'Entreprise Individuelle à Responsabilité Limitée (EIRL)',0,1,NULL,0),(81,61,1,'Caisse d\'épargne et de prévoyance',0,1,NULL,0),(82,62,1,'Groupement d\'intérêt économique (GIE)',0,1,NULL,0),(83,63,1,'Société coopérative agricole',0,1,NULL,0),(84,64,1,'Société non commerciale d assurances',0,1,NULL,0),(85,65,1,'Société civile',0,1,NULL,0),(86,69,1,'Personnes de droit privé inscrites au RCS',0,1,NULL,0),(87,71,1,'Administration de l état',0,1,NULL,0),(88,72,1,'Collectivité territoriale',0,1,NULL,0),(89,73,1,'Etablissement public administratif',0,1,NULL,0),(90,74,1,'Personne morale de droit public administratif',0,1,NULL,0),(91,81,1,'Organisme gérant régime de protection social à adhésion obligatoire',0,1,NULL,0),(92,82,1,'Organisme mutualiste',0,1,NULL,0),(93,83,1,'Comité d entreprise',0,1,NULL,0),(94,84,1,'Organisme professionnel',0,1,NULL,0),(95,85,1,'Organisme de retraite à adhésion non obligatoire',0,1,NULL,0),(96,91,1,'Syndicat de propriétaires',0,1,NULL,0),(97,92,1,'Association loi 1901 ou assimilé',0,1,NULL,0),(98,93,1,'Fondation',0,1,NULL,0),(99,99,1,'Personne morale de droit privé',0,1,NULL,0),(100,500,5,'GmbH - Gesellschaft mit beschränkter Haftung',0,1,NULL,0),(101,501,5,'AG - Aktiengesellschaft ',0,1,NULL,0),(102,502,5,'GmbH&Co. KG - Gesellschaft mit beschränkter Haftung & Compagnie Kommanditgesellschaft',0,1,NULL,0),(103,503,5,'Gewerbe - Personengesellschaft',0,1,NULL,0),(104,504,5,'UG - Unternehmergesellschaft -haftungsbeschränkt-',0,1,NULL,0),(105,505,5,'GbR - Gesellschaft des bürgerlichen Rechts',0,1,NULL,0),(106,506,5,'KG - Kommanditgesellschaft',0,1,NULL,0),(107,507,5,'Ltd. - Limited Company',0,1,NULL,0),(108,508,5,'OHG - Offene Handelsgesellschaft',0,1,NULL,0),(109,509,5,'eG - eingetragene Genossenschaft',0,1,NULL,0),(110,8001,80,'Aktieselvskab A/S',0,1,NULL,0),(111,8002,80,'Anparts Selvskab ApS',0,1,NULL,0),(112,8003,80,'Personlig ejet selvskab',0,1,NULL,0),(113,8004,80,'Iværksætterselvskab IVS',0,1,NULL,0),(114,8005,80,'Interessentskab I/S',0,1,NULL,0),(115,8006,80,'Holdingselskab',0,1,NULL,0),(116,8007,80,'Selskab Med Begrænset Hæftelse SMBA',0,1,NULL,0),(117,8008,80,'Kommanditselskab K/S',0,1,NULL,0),(118,8009,80,'SPE-selskab',0,1,NULL,0),(119,10201,102,'Ατομική επιχείρηση',0,1,NULL,0),(120,10202,102,'Εταιρική  επιχείρηση',0,1,NULL,0),(121,10203,102,'Ομόρρυθμη Εταιρεία Ο.Ε',0,1,NULL,0),(122,10204,102,'Ετερόρρυθμη Εταιρεία Ε.Ε',0,1,NULL,0),(123,10205,102,'Εταιρεία Περιορισμένης Ευθύνης Ε.Π.Ε',0,1,NULL,0),(124,10206,102,'Ανώνυμη Εταιρεία Α.Ε',0,1,NULL,0),(125,10207,102,'Ανώνυμη ναυτιλιακή εταιρεία Α.Ν.Ε',0,1,NULL,0),(126,10208,102,'Συνεταιρισμός',0,1,NULL,0),(127,10209,102,'Συμπλοιοκτησία',0,1,NULL,0),(128,301,3,'Società semplice',0,1,NULL,0),(129,302,3,'Società in nome collettivo s.n.c.',0,1,NULL,0),(130,303,3,'Società in accomandita semplice s.a.s.',0,1,NULL,0),(131,304,3,'Società per azioni s.p.a.',0,1,NULL,0),(132,305,3,'Società a responsabilità limitata s.r.l.',0,1,NULL,0),(133,306,3,'Società in accomandita per azioni s.a.p.a.',0,1,NULL,0),(134,307,3,'Società cooperativa a r.l.',0,1,NULL,0),(135,308,3,'Società consortile',0,1,NULL,0),(136,309,3,'Società europea',0,1,NULL,0),(137,310,3,'Società cooperativa europea',0,1,NULL,0),(138,311,3,'Società unipersonale',0,1,NULL,0),(139,312,3,'Società di professionisti',0,1,NULL,0),(140,313,3,'Società di fatto',0,1,NULL,0),(141,315,3,'Società apparente',0,1,NULL,0),(142,316,3,'Impresa individuale ',0,1,NULL,0),(143,317,3,'Impresa coniugale',0,1,NULL,0),(144,318,3,'Impresa familiare',0,1,NULL,0),(145,319,3,'Consorzio cooperativo',0,1,NULL,0),(146,320,3,'Società cooperativa sociale',0,1,NULL,0),(147,321,3,'Società cooperativa di consumo',0,1,NULL,0),(148,322,3,'Società cooperativa agricola',0,1,NULL,0),(149,323,3,'A.T.I. Associazione temporanea di imprese',0,1,NULL,0),(150,324,3,'R.T.I. Raggruppamento temporaneo di imprese',0,1,NULL,0),(151,325,3,'Studio associato',0,1,NULL,0),(152,600,6,'Raison Individuelle',0,1,NULL,0),(153,601,6,'Société Simple',0,1,NULL,0),(154,602,6,'Société en nom collectif',0,1,NULL,0),(155,603,6,'Société en commandite',0,1,NULL,0),(156,604,6,'Société anonyme (SA)',0,1,NULL,0),(157,605,6,'Société en commandite par actions',0,1,NULL,0),(158,606,6,'Société à responsabilité limitée (SARL)',0,1,NULL,0),(159,607,6,'Société coopérative',0,1,NULL,0),(160,608,6,'Association',0,1,NULL,0),(161,609,6,'Fondation',0,1,NULL,0),(162,700,7,'Sole Trader',0,1,NULL,0),(163,701,7,'Partnership',0,1,NULL,0),(164,702,7,'Private Limited Company by shares (LTD)',0,1,NULL,0),(165,703,7,'Public Limited Company',0,1,NULL,0),(166,704,7,'Workers Cooperative',0,1,NULL,0),(167,705,7,'Limited Liability Partnership',0,1,NULL,0),(168,706,7,'Franchise',0,1,NULL,0),(169,1000,10,'Société à responsabilité limitée (SARL)',0,1,NULL,0),(170,1001,10,'Société en Nom Collectif (SNC)',0,1,NULL,0),(171,1002,10,'Société en Commandite Simple (SCS)',0,1,NULL,0),(172,1003,10,'société en participation',0,1,NULL,0),(173,1004,10,'Société Anonyme (SA)',0,1,NULL,0),(174,1005,10,'Société Unipersonnelle à Responsabilité Limitée (SUARL)',0,1,NULL,0),(175,1006,10,'Groupement d\'intérêt économique (GEI)',0,1,NULL,0),(176,1007,10,'Groupe de sociétés',0,1,NULL,0),(177,1701,17,'Eenmanszaak',0,1,NULL,0),(178,1702,17,'Maatschap',0,1,NULL,0),(179,1703,17,'Vennootschap onder firma',0,1,NULL,0),(180,1704,17,'Commanditaire vennootschap',0,1,NULL,0),(181,1705,17,'Besloten vennootschap (BV)',0,1,NULL,0),(182,1706,17,'Naamloze Vennootschap (NV)',0,1,NULL,0),(183,1707,17,'Vereniging',0,1,NULL,0),(184,1708,17,'Stichting',0,1,NULL,0),(185,1709,17,'Coöperatie met beperkte aansprakelijkheid (BA)',0,1,NULL,0),(186,1710,17,'Coöperatie met uitgesloten aansprakelijkheid (UA)',0,1,NULL,0),(187,1711,17,'Coöperatie met wettelijke aansprakelijkheid (WA)',0,1,NULL,0),(188,1712,17,'Onderlinge waarborgmaatschappij',0,1,NULL,0),(189,401,4,'Empresario Individual',0,1,NULL,0),(190,402,4,'Comunidad de Bienes',0,1,NULL,0),(191,403,4,'Sociedad Civil',0,1,NULL,0),(192,404,4,'Sociedad Colectiva',0,1,NULL,0),(193,405,4,'Sociedad Limitada',0,1,NULL,0),(194,406,4,'Sociedad Anónima',0,1,NULL,0),(195,407,4,'Sociedad Comanditaria por Acciones',0,1,NULL,0),(196,408,4,'Sociedad Comanditaria Simple',0,1,NULL,0),(197,409,4,'Sociedad Laboral',0,1,NULL,0),(198,410,4,'Sociedad Cooperativa',0,1,NULL,0),(199,411,4,'Sociedad de Garantía Recíproca',0,1,NULL,0),(200,412,4,'Entidad de Capital-Riesgo',0,1,NULL,0),(201,413,4,'Agrupación de Interés Económico',0,1,NULL,0),(202,414,4,'Sociedad de Inversión Mobiliaria',0,1,NULL,0),(203,415,4,'Agrupación sin Ánimo de Lucro',0,1,NULL,0),(204,15201,152,'Mauritius Private Company Limited By Shares',0,1,NULL,0),(205,15202,152,'Mauritius Company Limited By Guarantee',0,1,NULL,0),(206,15203,152,'Mauritius Public Company Limited By Shares',0,1,NULL,0),(207,15204,152,'Mauritius Foreign Company',0,1,NULL,0),(208,15205,152,'Mauritius GBC1 (Offshore Company)',0,1,NULL,0),(209,15206,152,'Mauritius GBC2 (International Company)',0,1,NULL,0),(210,15207,152,'Mauritius General Partnership',0,1,NULL,0),(211,15208,152,'Mauritius Limited Partnership',0,1,NULL,0),(212,15209,152,'Mauritius Sole Proprietorship',0,1,NULL,0),(213,15210,152,'Mauritius Trusts',0,1,NULL,0),(214,15401,154,'Sociedad en nombre colectivo',0,1,NULL,0),(215,15402,154,'Sociedad en comandita simple',0,1,NULL,0),(216,15403,154,'Sociedad de responsabilidad limitada',0,1,NULL,0),(217,15404,154,'Sociedad anónima',0,1,NULL,0),(218,15405,154,'Sociedad en comandita por acciones',0,1,NULL,0),(219,15406,154,'Sociedad cooperativa',0,1,NULL,0),(220,14001,140,'Entreprise individuelle',0,1,NULL,0),(221,14002,140,'Société en nom collectif (SENC)',0,1,NULL,0),(222,14003,140,'Société en commandite simple (SECS)',0,1,NULL,0),(223,14004,140,'Société en commandite par actions (SECA)',0,1,NULL,0),(224,14005,140,'Société à responsabilité limitée (SARL)',0,1,NULL,0),(225,14006,140,'Société anonyme (SA)',0,1,NULL,0),(226,14007,140,'Société coopérative (SC)',0,1,NULL,0),(227,14008,140,'Société européenne (SE)',0,1,NULL,0),(228,18801,188,'AFJ - Alte forme juridice',0,1,NULL,0),(229,18802,188,'ASF - Asociatie familialã',0,1,NULL,0),(230,18803,188,'CON - Concesiune',0,1,NULL,0),(231,18804,188,'CRL - Soc civilã profesionala cu pers. juridica si rãspundere limitata (SPRL)',0,1,NULL,0),(232,18805,188,'INC - Închiriere',0,1,NULL,0),(233,18806,188,'LOC - Locaţie de gestiune',0,1,NULL,0),(234,18807,188,'OC1 - Organizaţie cooperatistã meşteşugãreascã',0,1,NULL,0),(235,18808,188,'OC2 - Organizaţie cooperatistã de consum',0,1,NULL,0),(236,18809,188,'OC3 - Organizaţie cooperatistã de credit',0,1,NULL,0),(237,18810,188,'PFA - Persoanã fizicã independentã',0,1,NULL,0),(238,18811,188,'RA - Regie autonomã',0,1,NULL,0),(239,18812,188,'SA - Societate comercialã pe acţiuni',0,1,NULL,0),(240,18813,188,'SCS - Societate comercialã în comanditã simplã',0,1,NULL,0),(241,18814,188,'SNC - Societate comercialã în nume colectiv',0,1,NULL,0),(242,18815,188,'SPI - Societate profesionala practicieni in insolventa (SPPI)',0,1,NULL,0),(243,18816,188,'SRL - Societate comercialã cu rãspundere limitatã',0,1,NULL,0),(244,18817,188,'URL - Intreprindere profesionala unipersonala cu rãspundere limitata (IPURL)',0,1,NULL,0),(245,17801,178,'Empresa individual',0,1,NULL,0),(246,17802,178,'Asociación General',0,1,NULL,0),(247,17803,178,'Sociedad de Responsabilidad Limitada',0,1,NULL,0),(248,17804,178,'Sociedad Civil',0,1,NULL,0),(249,17805,178,'Sociedad Anónima',0,1,NULL,0),(250,1300,13,'Personne physique',0,1,NULL,0),(251,1301,13,'Société à responsabilité limitée (SARL)',0,1,NULL,0),(252,1302,13,'Entreprise unipersonnelle à responsabilité limitée (EURL)',0,1,NULL,0),(253,1303,13,'Société en Nom Collectif (SNC)',0,1,NULL,0),(254,1304,13,'société par actions (SPA)',0,1,NULL,0),(255,1305,13,'Société en Commandite Simple (SCS)',0,1,NULL,0),(256,1306,13,'Société en commandite par actions (SCA)',0,1,NULL,0),(257,1307,13,'Société en participation',0,1,NULL,0),(258,1308,13,'Groupe de sociétés',0,1,NULL,0),(259,2001,20,'Aktiebolag',0,1,NULL,0),(260,2002,20,'Publikt aktiebolag (AB publ)',0,1,NULL,0),(261,2003,20,'Ekonomisk förening (ek. för.)',0,1,NULL,0),(262,2004,20,'Bostadsrättsförening (BRF)',0,1,NULL,0),(263,2005,20,'Hyresrättsförening (HRF)',0,1,NULL,0),(264,2006,20,'Kooperativ',0,1,NULL,0),(265,2007,20,'Enskild firma (EF)',0,1,NULL,0),(266,2008,20,'Handelsbolag (HB)',0,1,NULL,0),(267,2009,20,'Kommanditbolag (KB)',0,1,NULL,0),(268,2010,20,'Enkelt bolag',0,1,NULL,0),(269,2011,20,'Ideell förening',0,1,NULL,0),(270,2012,20,'Stiftelse',0,1,NULL,0),(277,15407,154,'610 - Residentes en el Extranjero sin Establecimiento Permanente en México',0,1,NULL,0),(278,15408,154,'611 - Ingresos por Dividendos (socios y accionistas)',0,1,NULL,0),(279,15409,154,'612 - Personas Físicas con Actividades Empresariales y Profesionales',0,1,NULL,0),(280,15410,154,'614 - Ingresos por intereses',0,1,NULL,0),(281,15411,154,'615 - Régimen de los ingresos por obtención de premios',0,1,NULL,0),(282,15412,154,'616 - Sin obligaciones fiscales',0,1,NULL,0),(283,15413,154,'620 - Sociedades Cooperativas de Producción que optan por diferir sus ingresos',0,1,NULL,0),(284,15414,154,'621 - Incorporación Fiscal',0,1,NULL,0),(285,15415,154,'622 - Actividades Agrícolas, Ganaderas, Silvícolas y Pesqueras',0,1,NULL,0),(286,15416,154,'623 - Opcional para Grupos de Sociedades',0,1,NULL,0),(287,15417,154,'624 - Coordinados',0,1,NULL,0),(288,15418,154,'625 - Régimen de las Actividades Empresariales con ingresos a través de Plataformas Tecnológicas',0,1,NULL,0),(289,15419,154,'626 - Régimen Simplificado de Confianza',0,1,NULL,0),(290,66,1,'Société publique locale',0,1,NULL,0);

--
-- Table structure for table `llxqf_c_holiday_types`
--

CREATE TABLE `llxqf_c_holiday_types` (
  `rowid` int NOT NULL AUTO_INCREMENT,
  `entity` int NOT NULL DEFAULT '1',
  `code` varchar(16) NOT NULL,
  `label` varchar(255) NOT NULL,
  `affect` int NOT NULL,
  `delay` int NOT NULL,
  `newbymonth` double(8,5) NOT NULL DEFAULT '0.00000',
  `fk_country` int DEFAULT NULL,
  `block_if_negative` int NOT NULL DEFAULT '0',
  `active` int DEFAULT '1',
  `sortorder` smallint DEFAULT NULL,
  PRIMARY KEY (`rowid`),
  UNIQUE KEY `uk_c_holiday_types` (`entity`,`code`)
) ENGINE=InnoDB AUTO_INCREMENT=41 DEFAULT CHARSET=utf8mb3;

--
-- Dumping data for table `llxqf_c_holiday_types`
--

INSERT INTO `llxqf_c_holiday_types` VALUES (1,1,'LEAVE_SICK','Sick leave',0,0,0.00000,NULL,0,1,NULL),(2,1,'LEAVE_OTHER','Other leave',0,0,0.00000,NULL,0,1,NULL),(3,1,'LEAVE_PAID','Paid vacation',1,7,0.00000,NULL,0,0,NULL),(4,1,'LEAVE_RTT_FR','RTT',1,7,0.83000,1,0,1,NULL),(5,1,'LEAVE_PAID_FR','Paid vacation',1,30,2.08334,1,0,1,NULL),(6,1,'5D1Y','Κανονική άδεια(Πενθήμερο 1ο έτος)',1,0,1.66700,102,0,1,6),(7,1,'5D2Y','Κανονική άδεια(Πενθήμερο 2ο έτος)',1,0,1.75000,102,0,1,7),(8,1,'5D3-10Y','Κανονική άδεια(Πενθήμερο 3ο έως 10ο έτος)',1,0,1.83300,102,0,1,8),(9,1,'5D10-25Y','Κανονική άδεια(Πενθήμερο 10ο έως 25ο έτος)',1,0,2.08300,102,0,1,9),(10,1,'5D25+Y','Κανονική άδεια(Πενθήμερο 25+ έτη)',1,0,2.16600,102,0,1,10),(11,1,'6D1Y','Κανονική άδεια(Εξαήμερο 1ο έτος)',1,0,2.00000,102,0,1,11),(12,1,'6D2Y','Κανονική άδεια(Εξαήμερο 2ο έτος)',1,0,2.08300,102,0,1,12),(13,1,'6D3-10Y','Κανονική άδεια(Εξαήμερο 3ο έως 10ο έτος)',1,0,2.16600,102,0,1,13),(14,1,'6D10-25Y','Κανονική άδεια(Εξαήμερο 10ο έως 25ο έτος)',1,0,2.08300,102,0,1,14),(15,1,'6D25+Y','Κανονική άδεια(Εξαήμερο 25+ έτη)',1,0,2.16600,102,0,1,15),(16,1,'5D-WED','Πενθήμερη άδεια γάμου(με αποδοχές)',0,0,0.00000,102,0,0,16),(17,1,'6D-WED','Εξαήμερη άδεια γάμου(με αποδοχές)',0,0,0.00000,102,0,0,17),(18,1,'7D-AR','Επταήμερη άδεια ιατρικώς υποβοηθούμενης αναπαραγωγής(με αποδοχές)',0,0,0.00000,102,0,0,18),(19,1,'1D-BC','Μονοήμερη άδεια προγεννητικών εξετάσεων(με αποδοχές)',0,0,0.00000,102,0,0,19),(20,1,'1D-GYN','Μονοήμερη άδεια γυναικολογικού ελέγχου(με αποδοχές)',0,0,0.00000,102,0,0,20),(21,1,'149D-ML','Άδεια Μητρότητας (Άδεια κύησης – λοχείας)56 ημέρες πριν-93 ημέρες μετα(με αποδοχές)',0,0,0.00000,102,0,0,21),(22,1,'14D-PL','14ήμερη Άδεια πατρότητας(με αποδοχές)',0,0,0.00000,102,0,0,22),(23,1,'1-2H-CC','Άδεια φροντίδας παιδιών (μειωμένο ωράριο  https://www.kepea.gr/aarticle.php?id=1984)',0,0,0.00000,102,0,0,23),(24,1,'9M-M','Ειδική άδεια προστασίας μητρότητας 9 μηνών(χωρίς αποδοχές)',0,0,0.00000,102,0,0,24),(25,1,'4M-M','Τετράμηνη γονική Άδεια Ανατροφής Τέκνων(χωρίς αποδοχές)',0,0,0.00000,102,0,0,25),(26,1,'6-8D-SP','Εξαήμερη ή Οκταήμερη Άδεια για μονογονεϊκές οικογένειες(με αποδοχές)',0,0,0.00000,102,0,0,26),(27,1,'6-8-14D-FC','Άδεια για ασθένεια μελών οικογένειας(χωρίς αποδοχές, 6 ημέρες/έτος ένα παιδί - 8 ημέρες/έτος δύο παιδιά και σε 14 ημέρες/έτος τρία (3) παιδιά και πάνω',0,0,0.00000,102,0,0,27),(28,1,'10D-CD','Δεκαήμερη Γονική Άδεια για παιδί με σοβαρά νοσήματα και λόγω νοσηλείας παιδιών(με αποδοχές)',0,0,0.00000,102,0,0,28),(29,1,'30D-CD','Άδεια λόγω νοσηλείας των παιδιών(έως 30 ημέρες/έτος χωρίς αποδοχές)',0,0,0.00000,102,0,0,29),(30,1,'5D-CG','Άδεια φροντιστή(έως 5 ημέρες/έτος χωρίς αποδοχές)',0,0,0.00000,102,0,0,30),(31,1,'2D-CG','Άδεια απουσίας από την εργασία για λόγους ανωτέρας βίας(έως 2 ημέρες/έτος με αποδοχές)',0,0,0.00000,102,0,0,31),(32,1,'2D-SC','Άδεια για παρακολούθηση σχολικής επίδοσης(έως 2 ημέρες/έτος με αποδοχές)',0,0,0.00000,102,0,0,32),(33,1,'1D-BD','Μονοήμερη άδεια αιμοδοσίας(με αποδοχές)',0,0,0.00000,102,0,0,33),(34,1,'22D-BT','Άδεια για μετάγγιση αίματος & αιμοκάθαρση(έως 22 ημέρες/έτος με αποδοχές)',0,0,0.00000,102,0,0,34),(35,1,'30D-HIV','Άδεια λόγω AIDS(έως ένα (1) μήνα/έτος με αποδοχές)',0,0,0.00000,102,0,0,35),(36,1,'20D-CD','Άδεια πενθούντων γονέων(20 ημέρες με αποδοχές)',0,0,0.00000,102,0,0,36),(37,1,'2D-FD','Άδεια λόγω θανάτου συγγενούς(2 ημέρες με αποδοχές)',0,0,0.00000,102,0,0,37),(38,1,'DIS','Άδειες αναπήρων(30 ημέρες με αποδοχές)',0,0,0.00000,102,0,0,38),(39,1,'SE','Άδεια εξετάσεων μαθητών, σπουδαστών, φοιτητών(30 ημέρες χωρίς αποδοχές)',0,0,0.00000,102,0,0,39),(40,1,'NOT PAID','Άδεια άνευ αποδοχών(έως ένα (1) έτος)',0,0,0.00000,102,0,0,40);

--
-- Table structure for table `llxqf_c_hrm_department`
--

CREATE TABLE `llxqf_c_hrm_department` (
  `rowid` int NOT NULL,
  `pos` tinyint NOT NULL DEFAULT '0',
  `code` varchar(16) NOT NULL,
  `label` varchar(128) DEFAULT NULL,
  `active` tinyint NOT NULL DEFAULT '1',
  PRIMARY KEY (`rowid`)
) ENGINE=InnoDB DEFAULT CHARSET=utf8mb3;

--
-- Dumping data for table `llxqf_c_hrm_department`
--

INSERT INTO `llxqf_c_hrm_department` VALUES (1,5,'MANAGEMENT','Management',1),(3,15,'TRAINING','Training',1),(4,20,'IT','Inform. Technology (IT)',0),(5,25,'MARKETING','Marketing',0),(6,30,'SALES','Sales',1),(7,35,'LEGAL','Legal',0),(8,40,'FINANCIAL','Financial accounting',1),(9,45,'HUMANRES','Human resources',1),(10,50,'PURCHASING','Purchasing',1),(12,60,'CUSTOMSERV','Customer service',0),(14,70,'LOGISTIC','Logistics',1),(15,75,'CONSTRUCT','Engineering/design',0),(16,80,'PRODUCTION','Production',1),(17,85,'QUALITY','Quality assurance',0);

--
-- Table structure for table `llxqf_c_hrm_function`
--

CREATE TABLE `llxqf_c_hrm_function` (
  `rowid` int NOT NULL,
  `pos` tinyint NOT NULL DEFAULT '0',
  `code` varchar(16) NOT NULL,
  `label` varchar(128) DEFAULT NULL,
  `c_level` tinyint NOT NULL DEFAULT '0',
  `active` tinyint NOT NULL DEFAULT '1',
  PRIMARY KEY (`rowid`)
) ENGINE=InnoDB DEFAULT CHARSET=utf8mb3;

--
-- Dumping data for table `llxqf_c_hrm_function`
--

INSERT INTO `llxqf_c_hrm_function` VALUES (1,5,'EXECBOARD','Executive board',0,1),(2,10,'MANAGDIR','Managing director',1,1),(3,15,'ACCOUNTMANAG','Account manager',0,1),(4,20,'ENGAGDIR','Engagement director',1,1),(5,25,'DIRECTOR','Director',1,1),(6,30,'PROJMANAG','Project manager',0,1),(7,35,'DEPHEAD','Department head',0,1),(8,40,'SECRETAR','Secretary',0,1),(9,45,'EMPLOYEE','Department employee',0,1);

--
-- Table structure for table `llxqf_c_hrm_public_holiday`
--

CREATE TABLE `llxqf_c_hrm_public_holiday` (
  `id` int NOT NULL AUTO_INCREMENT,
  `entity` int NOT NULL DEFAULT '1',
  `fk_country` int DEFAULT NULL,
  `code` varchar(62) DEFAULT NULL,
  `dayrule` varchar(64) DEFAULT '',
  `day` int DEFAULT NULL,
  `month` int DEFAULT NULL,
  `year` int DEFAULT NULL,
  `active` int DEFAULT '1',
  `import_key` varchar(14) DEFAULT NULL,
  PRIMARY KEY (`id`),
  UNIQUE KEY `uk_c_hrm_public_holiday` (`entity`,`code`),
  UNIQUE KEY `uk_c_hrm_public_holiday2` (`entity`,`fk_country`,`dayrule`,`day`,`month`,`year`)
) ENGINE=InnoDB AUTO_INCREMENT=58 DEFAULT CHARSET=utf8mb3;

--
-- Dumping data for table `llxqf_c_hrm_public_holiday`
--

INSERT INTO `llxqf_c_hrm_public_holiday` VALUES (1,1,0,'NEWYEARDAY1','',1,1,0,1,NULL),(2,1,0,'LABORDAY1','',1,5,0,1,NULL),(3,1,0,'ASSOMPTIONDAY1','',15,8,0,1,NULL),(4,1,0,'CHRISTMASDAY1','',25,12,0,1,NULL),(5,1,1,'FR-VICTORYDAY','',8,5,0,1,NULL),(6,1,1,'FR-NATIONALDAY','',14,7,0,1,NULL),(7,1,1,'FR-ASSOMPTION','',15,8,0,1,NULL),(8,1,1,'FR-TOUSSAINT','',1,11,0,1,NULL),(9,1,1,'FR-ARMISTICE','',11,11,0,1,NULL),(10,1,1,'FR-EASTER','eastermonday',0,0,0,1,NULL),(11,1,1,'FR-ASCENSION','ascension',0,0,0,1,NULL),(12,1,1,'FR-PENTECOST','pentecost',0,0,0,1,NULL),(13,1,3,'IT-LIBEAZIONE','',25,4,0,1,NULL),(14,1,3,'IT-EPIPHANY','',1,6,0,1,NULL),(15,1,3,'IT-REPUBBLICA','',2,6,0,1,NULL),(16,1,3,'IT-TUTTISANTIT','',1,11,0,1,NULL),(17,1,3,'IT-IMMACULE','',8,12,0,1,NULL),(18,1,3,'IT-SAINTSTEFAN','',26,12,0,1,NULL),(19,1,4,'ES-EASTER','easter',0,0,0,1,NULL),(20,1,4,'ES-REYE','',1,6,0,1,NULL),(21,1,4,'ES-HISPANIDAD','',12,10,0,1,NULL),(22,1,4,'ES-TOUSSAINT','',1,11,0,1,NULL),(23,1,4,'ES-CONSTITUIZION','',6,12,0,1,NULL),(24,1,4,'ES-IMMACULE','',8,12,0,1,NULL),(25,1,41,'AT-EASTER','eastermonday',0,0,0,1,NULL),(26,1,41,'AT-ASCENSION','ascension',0,0,0,1,NULL),(27,1,41,'AT-PENTECOST','pentecost',0,0,0,1,NULL),(28,1,41,'AT-FRONLEICHNAM','fronleichnam',0,0,0,1,NULL),(29,1,41,'AT-KONEGIE','',1,6,0,1,NULL),(30,1,41,'AT-26OKT','',26,10,0,1,NULL),(31,1,41,'AT-TOUSSAINT','',1,11,0,1,NULL),(32,1,41,'AT-IMMACULE','',8,12,0,1,NULL),(33,1,41,'AT-24DEC','',24,12,0,1,NULL),(34,1,41,'AT-SAINTSTEFAN','',26,12,0,1,NULL),(35,1,41,'AT-Silvester','',31,12,0,1,NULL),(36,1,117,'IN-REPUBLICDAY','',26,1,0,1,NULL),(37,1,117,'IN-GANDI','',2,10,0,1,NULL),(38,1,2,'BE-VICTORYDAY','',8,5,0,1,NULL),(39,1,2,'BE-NATIONALDAY','',21,7,0,1,NULL),(40,1,2,'BE-ASSOMPTION','',15,8,0,1,NULL),(41,1,2,'BE-TOUSSAINT','',1,11,0,1,NULL),(42,1,2,'BE-ARMISTICE','',11,11,0,1,NULL),(43,1,2,'BE-EASTER','eastermonday',0,0,0,1,NULL),(44,1,2,'BE-ASCENSION','ascension',0,0,0,1,NULL),(45,1,2,'BE-PENTECOST','pentecost',0,0,0,1,NULL),(46,1,102,'GR-ΠΡΩΤΟΧΡΟΝΙΑ','',1,1,0,1,NULL),(47,1,102,'GR-ΘΕΟΦΑΝΕΙΑ','',6,1,0,1,NULL),(48,1,102,'GR-25Η ΜΑΡΤΙΟΥ','',25,3,0,1,NULL),(49,1,102,'GR-ΠΡΩΤΟΜΑΓΙΑ','',1,5,0,1,NULL),(50,1,102,'GR-ΚΑΘΑΡΑ ΔΕΥΤΕΡΑ','ΚΑΘΑΡΑ_ΔΕΥΤΕΡΑ',0,0,0,1,NULL),(51,1,102,'GR-ΜΕΓΑΛΗ ΠΑΡΑΣΚΕΥΗ','ΜΕΓΑΛΗ_ΠΑΡΑΣΚΕΥΗ',0,0,0,1,NULL),(52,1,102,'GR-ΔΕΥΤΕΡΑ ΤΟΥ ΠΑΣΧΑ','ΔΕΥΤΕΡΑ_ΤΟΥ_ΠΑΣΧΑ',0,0,0,1,NULL),(53,1,102,'GR-ΤΟΥ ΑΓΙΟΥ ΠΝΕΥΜΑΤΟΣ','ΤΟΥ_ΑΓΙΟΥ_ΠΝΕΥΜΑΤΟΣ',0,0,0,1,NULL),(54,1,102,'GR-ΚΟΙΜΗΣΗ ΤΗΣ ΘΕΟΤΟΚΟΥ','',15,8,0,1,NULL),(55,1,102,'GR-28Η ΟΚΤΩΒΡΙΟΥ','',28,10,0,1,NULL),(56,1,102,'GR-ΧΡΙΣΤΟΥΓΕΝΝΑ','',25,12,0,1,NULL),(57,1,102,'GR-ΣΥΝΑΞΗ ΘΕΟΤΟΚΟΥ','',26,12,0,1,NULL);

--
-- Table structure for table `llxqf_c_incoterms`
--

CREATE TABLE `llxqf_c_incoterms` (
  `rowid` int NOT NULL AUTO_INCREMENT,
  `code` varchar(3) NOT NULL,
  `label` varchar(100) DEFAULT NULL,
  `libelle` varchar(255) NOT NULL,
  `active` tinyint NOT NULL DEFAULT '1',
  PRIMARY KEY (`rowid`),
  UNIQUE KEY `uk_c_incoterms` (`code`)
) ENGINE=InnoDB AUTO_INCREMENT=13 DEFAULT CHARSET=utf8mb3;

--
-- Dumping data for table `llxqf_c_incoterms`
--

INSERT INTO `llxqf_c_incoterms` VALUES (1,'EXW','Ex Works','Ex Works, au départ non chargé, non dédouané sortie d\'usine (uniquement adapté aux flux domestiques, nationaux)',1),(2,'FCA','Free Carrier','Free Carrier, marchandises dédouanées et chargées dans le pays de départ, chez le vendeur ou chez le commissionnaire de transport de l\'acheteur',1),(3,'FAS','Free Alongside Ship','Free Alongside Ship, sur le quai du port de départ',1),(4,'FOB','Free On Board','Free On Board, chargé sur le bateau, les frais de chargement dans celui-ci étant fonction du liner term indiqué par la compagnie maritime (à la charge du vendeur)',1),(5,'CFR','Cost and Freight','Cost and Freight, chargé dans le bateau, livraison au port de départ, frais payés jusqu\'au port d\'arrivée, sans assurance pour le transport, non déchargé du navire à destination (les frais de déchargement sont inclus ou non au port d\'arrivée)',1),(6,'CIF','Cost, Insurance, Freight','Cost, Insurance and Freight, chargé sur le bateau, frais jusqu\'au port d\'arrivée, avec l\'assurance marchandise transportée souscrite par le vendeur pour le compte de l\'acheteur',1),(7,'CPT','Carriage Paid To','Carriage Paid To, livraison au premier transporteur, frais jusqu\'au déchargement du mode de transport, sans assurance pour le transport',1),(8,'CIP','Carriage Insurance Paid','Carriage and Insurance Paid to, idem CPT, avec assurance marchandise transportée souscrite par le vendeur pour le compte de l\'acheteur',1),(9,'DAT','Delivered At Terminal','Delivered At Terminal, marchandises (déchargées) livrées sur quai, dans un terminal maritime, fluvial, aérien, routier ou ferroviaire désigné (dédouanement import, et post-acheminement payés par l\'acheteur)',1),(10,'DAP','Delivered At Place','Delivered At Place, marchandises (non déchargées) mises à disposition de l\'acheteur dans le pays d\'importation au lieu précisé dans le contrat (déchargement, dédouanement import payé par l\'acheteur)',1),(11,'DDP','Delivered Duty Paid','Delivered Duty Paid, marchandises (non déchargées) livrées à destination finale, dédouanement import et taxes à la charge du vendeur ; l\'acheteur prend en charge uniquement le déchargement (si exclusion des taxes type TVA, le préciser clairement)',1),(12,'DPU','Delivered at Place Unloaded','Delivered at Place unloaded',1);

--
-- Table structure for table `llxqf_c_input_method`
--

CREATE TABLE `llxqf_c_input_method` (
  `rowid` int NOT NULL AUTO_INCREMENT,
  `code` varchar(30) DEFAULT NULL,
  `libelle` varchar(128) DEFAULT NULL,
  `active` tinyint NOT NULL DEFAULT '1',
  `module` varchar(32) DEFAULT NULL,
  PRIMARY KEY (`rowid`),
  UNIQUE KEY `uk_c_input_method` (`code`)
) ENGINE=InnoDB AUTO_INCREMENT=6 DEFAULT CHARSET=utf8mb3;

--
-- Dumping data for table `llxqf_c_input_method`
--

INSERT INTO `llxqf_c_input_method` VALUES (1,'OrderByMail','Courrier',1,NULL),(2,'OrderByFax','Fax',1,NULL),(3,'OrderByEMail','EMail',1,NULL),(4,'OrderByPhone','Téléphone',1,NULL),(5,'OrderByWWW','En ligne',1,NULL);

--
-- Table structure for table `llxqf_c_input_reason`
--

CREATE TABLE `llxqf_c_input_reason` (
  `rowid` int NOT NULL AUTO_INCREMENT,
  `code` varchar(30) DEFAULT NULL,
  `label` varchar(128) DEFAULT NULL,
  `active` tinyint NOT NULL DEFAULT '1',
  `module` varchar(32) DEFAULT NULL,
  PRIMARY KEY (`rowid`),
  UNIQUE KEY `uk_c_input_reason` (`code`)
) ENGINE=InnoDB AUTO_INCREMENT=13 DEFAULT CHARSET=utf8mb3;

--
-- Dumping data for table `llxqf_c_input_reason`
--

INSERT INTO `llxqf_c_input_reason` VALUES (1,'SRC_INTE','Web site',1,NULL),(2,'SRC_CAMP_MAIL','Mailing campaign',1,NULL),(3,'SRC_CAMP_PHO','Phone campaign',1,NULL),(4,'SRC_CAMP_FAX','Fax campaign',1,NULL),(5,'SRC_COMM','Commercial contact',1,NULL),(6,'SRC_SHOP','Shop contact',1,NULL),(7,'SRC_CAMP_EMAIL','EMailing campaign',1,NULL),(8,'SRC_WOM','Word of mouth',1,NULL),(9,'SRC_PARTNER','Partner',1,NULL),(10,'SRC_EMPLOYEE','Employee',1,NULL),(11,'SRC_SPONSORING','Sponsorship',1,NULL),(12,'SRC_CUSTOMER','Incoming contact of a customer',1,NULL);

--
-- Table structure for table `llxqf_c_invoice_subtype`
--

CREATE TABLE `llxqf_c_invoice_subtype` (
  `rowid` int NOT NULL AUTO_INCREMENT,
  `entity` int NOT NULL DEFAULT '1',
  `fk_country` int NOT NULL,
  `code` varchar(5) NOT NULL,
  `label` varchar(100) DEFAULT NULL,
  `active` tinyint NOT NULL DEFAULT '1',
  PRIMARY KEY (`rowid`),
  UNIQUE KEY `uk_c_invoice_subtype` (`entity`,`code`,`fk_country`)
) ENGINE=InnoDB AUTO_INCREMENT=25 DEFAULT CHARSET=utf8mb4 COLLATE=utf8mb4_0900_ai_ci;

--
-- Dumping data for table `llxqf_c_invoice_subtype`
--

INSERT INTO `llxqf_c_invoice_subtype` VALUES (1,1,102,'1.1','Τιμολόγιο Πώλησης',1),(2,1,102,'1.2','Τιμολόγιο Πώλησης / Ενδοκοινοτικές Παραδόσεις',1),(3,1,102,'1.3','Τιμολόγιο Πώλησης / Παραδόσεις Τρίτων Χωρών',1),(4,1,102,'1.4','Τιμολόγιο Πώλησης / Πώληση για Λογαριασμό Τρίτων',0),(5,1,102,'1.5','Τιμολόγιο Πώλησης / Εκκαθάριση Πωλήσεων Τρίτων - Αμοιβή από Πωλήσεις Τρίτων',0),(6,1,102,'1.6','Τιμολόγιο Πώλησης / Συμπληρωματικό Παραστατικό',0),(7,1,102,'2.1','Τιμολόγιο Παροχής',1),(8,1,102,'2.2','Τιμολόγιο Παροχής / Ενδοκοινοτική Παροχή Υπηρεσιών',1),(9,1,102,'2.3','Τιμολόγιο Παροχής / Παροχή Υπηρεσιών σε λήπτη Τρίτης Χώρας',1),(10,1,102,'2.4','Τιμολόγιο Παροχής / Συμπληρωματικό Παραστατικό',0),(11,1,102,'3.1','Τίτλος Κτήσης (μη υπόχρεος Εκδότης)',0),(12,1,102,'3.2','Τίτλος Κτήσης (άρνηση έκδοσης από υπόχρεο Εκδότη)',0),(13,1,102,'6.1','Στοιχείο Αυτοπαράδοσης',0),(14,1,102,'6.2','Στοιχείο Ιδιοχρησιμοποίησης',0),(15,1,102,'7.1','Συμβόλαιο - Έσοδο',0),(16,1,102,'8.1','Ενοίκια - Έσοδο',0),(17,1,102,'8.2','Ειδικό Στοιχείο – Απόδειξης Είσπραξης Φόρου Διαμονής',0),(18,1,102,'11.1','ΑΛΠ',1),(19,1,102,'11.2','ΑΠΥ',1),(20,1,102,'11.3','Απλοποιημένο Τιμολόγιο',0),(21,1,102,'11.5','Απόδειξη Λιανικής Πώλησης για Λογ/σμό Τρίτων',0),(22,1,102,'5.1','Πιστωτικό Τιμολόγιο / Συσχετιζόμενο',0),(23,1,102,'5.2','Πιστωτικό Τιμολόγιο / Μη Συσχετιζόμενο',1),(24,1,102,'11.4','Πιστωτικό Στοιχ. Λιανικής',1);

--
-- Table structure for table `llxqf_c_lead_status`
--

CREATE TABLE `llxqf_c_lead_status` (
  `rowid` int NOT NULL AUTO_INCREMENT,
  `code` varchar(10) DEFAULT NULL,
  `label` varchar(128) DEFAULT NULL,
  `position` int DEFAULT NULL,
  `percent` double(5,2) DEFAULT NULL,
  `active` tinyint NOT NULL DEFAULT '1',
  PRIMARY KEY (`rowid`),
  UNIQUE KEY `uk_c_lead_status_code` (`code`)
) ENGINE=InnoDB AUTO_INCREMENT=8 DEFAULT CHARSET=utf8mb3;

--
-- Dumping data for table `llxqf_c_lead_status`
--

INSERT INTO `llxqf_c_lead_status` VALUES (1,'PROSP','Prospection',10,0.00,1),(2,'QUAL','Qualification',20,20.00,1),(3,'PROPO','Proposal',30,40.00,1),(4,'NEGO','Negotiation',40,60.00,1),(5,'PENDING','Pending',50,50.00,0),(6,'WON','Won',60,100.00,1),(7,'LOST','Lost',70,0.00,1);

--
-- Table structure for table `llxqf_c_paiement`
--

CREATE TABLE `llxqf_c_paiement` (
  `id` int NOT NULL AUTO_INCREMENT,
  `entity` int NOT NULL DEFAULT '1',
  `code` varchar(6) NOT NULL,
  `libelle` varchar(128) DEFAULT NULL,
  `type` smallint DEFAULT NULL,
  `active` tinyint NOT NULL DEFAULT '1',
  `accountancy_code` varchar(32) DEFAULT NULL,
  `module` varchar(32) DEFAULT NULL,
  `position` int NOT NULL DEFAULT '0',
  PRIMARY KEY (`id`),
  UNIQUE KEY `uk_c_paiement_code` (`entity`,`code`)
) ENGINE=InnoDB AUTO_INCREMENT=105 DEFAULT CHARSET=utf8mb3;

--
-- Dumping data for table `llxqf_c_paiement`
--

INSERT INTO `llxqf_c_paiement` VALUES (1,1,'TIP','TIP',2,0,NULL,NULL,0),(2,1,'VIR','Transfer',2,1,NULL,NULL,0),(3,1,'PRE','Debit order',2,0,NULL,NULL,0),(4,1,'LIQ','Cash',2,1,NULL,NULL,0),(6,1,'CB','Credit card',2,0,NULL,NULL,0),(7,1,'CHQ','Cheque',2,1,NULL,NULL,0),(50,1,'VAD','Online payment',2,0,NULL,NULL,0),(51,1,'TRA','Traite',2,1,NULL,NULL,0),(52,1,'LCR','LCR',2,0,NULL,NULL,0),(53,1,'FAC','Factor',2,0,NULL,NULL,0),(100,1,'KLA','Klarna',1,0,NULL,NULL,0),(101,1,'SOF','Sofort',1,0,NULL,NULL,0),(102,1,'BANCON','Bancontact',1,0,NULL,NULL,0),(103,1,'IDE','iDeal',1,0,NULL,NULL,0),(104,1,'GIR','Giropay',1,0,NULL,NULL,0);

--
-- Table structure for table `llxqf_c_paper_format`
--

CREATE TABLE `llxqf_c_paper_format` (
  `rowid` int NOT NULL AUTO_INCREMENT,
  `code` varchar(16) NOT NULL,
  `label` varchar(128) DEFAULT NULL,
  `width` float(6,2) DEFAULT '0.00',
  `height` float(6,2) DEFAULT '0.00',
  `unit` varchar(5) NOT NULL,
  `active` tinyint NOT NULL DEFAULT '1',
  `module` varchar(32) DEFAULT NULL,
  PRIMARY KEY (`rowid`)
) ENGINE=InnoDB AUTO_INCREMENT=226 DEFAULT CHARSET=utf8mb3;

--
-- Dumping data for table `llxqf_c_paper_format`
--

INSERT INTO `llxqf_c_paper_format` VALUES (1,'EU4A0','Format 4A0',1682.00,2378.00,'mm',1,NULL),(2,'EU2A0','Format 2A0',1189.00,1682.00,'mm',1,NULL),(3,'EUA0','Format A0',840.00,1189.00,'mm',1,NULL),(4,'EUA1','Format A1',594.00,840.00,'mm',1,NULL),(5,'EUA2','Format A2',420.00,594.00,'mm',1,NULL),(6,'EUA3','Format A3',297.00,420.00,'mm',1,NULL),(7,'EUA4','Format A4',210.00,297.00,'mm',1,NULL),(8,'EUA5','Format A5',148.00,210.00,'mm',1,NULL),(9,'EUA6','Format A6',105.00,148.00,'mm',1,NULL),(100,'USLetter','Format Letter (A)',216.00,279.00,'mm',1,NULL),(105,'USLegal','Format Legal',216.00,356.00,'mm',1,NULL),(110,'USExecutive','Format Executive',190.00,254.00,'mm',1,NULL),(115,'USLedger','Format Ledger/Tabloid (B)',279.00,432.00,'mm',1,NULL),(200,'CAP1','Format Canadian P1',560.00,860.00,'mm',1,NULL),(205,'CAP2','Format Canadian P2',430.00,560.00,'mm',1,NULL),(210,'CAP3','Format Canadian P3',280.00,430.00,'mm',1,NULL),(215,'CAP4','Format Canadian P4',215.00,280.00,'mm',1,NULL),(220,'CAP5','Format Canadian P5',140.00,215.00,'mm',1,NULL),(225,'CAP6','Format Canadian P6',107.00,140.00,'mm',1,NULL);

--
-- Table structure for table `llxqf_c_partnership_type`
--

CREATE TABLE `llxqf_c_partnership_type` (
  `rowid` int NOT NULL AUTO_INCREMENT,
  `entity` int NOT NULL DEFAULT '1',
  `code` varchar(32) NOT NULL,
  `label` varchar(128) DEFAULT NULL,
  `active` tinyint NOT NULL DEFAULT '1',
  `keyword` varchar(128) DEFAULT NULL,
  PRIMARY KEY (`rowid`),
  UNIQUE KEY `uk_c_partnership_type` (`entity`,`code`)
) ENGINE=InnoDB DEFAULT CHARSET=utf8mb3;

--
-- Dumping data for table `llxqf_c_partnership_type`
--


--
-- Table structure for table `llxqf_c_payment_term`
--

CREATE TABLE `llxqf_c_payment_term` (
  `rowid` int NOT NULL AUTO_INCREMENT,
  `entity` int NOT NULL DEFAULT '1',
  `code` varchar(16) DEFAULT NULL,
  `sortorder` smallint DEFAULT NULL,
  `active` tinyint DEFAULT '1',
  `libelle` varchar(255) DEFAULT NULL,
  `libelle_facture` text,
  `type_cdr` tinyint DEFAULT NULL,
  `nbjour` smallint DEFAULT NULL,
  `decalage` smallint DEFAULT NULL,
  `deposit_percent` varchar(63) DEFAULT NULL,
  `module` varchar(32) DEFAULT NULL,
  `position` int NOT NULL DEFAULT '0',
  PRIMARY KEY (`rowid`),
  UNIQUE KEY `uk_c_payment_term_code` (`entity`,`code`)
) ENGINE=InnoDB AUTO_INCREMENT=17 DEFAULT CHARSET=utf8mb3;

--
-- Dumping data for table `llxqf_c_payment_term`
--

INSERT INTO `llxqf_c_payment_term` VALUES (1,1,'RECEP',1,1,'Due upon receipt','Due upon receipt',0,1,NULL,NULL,NULL,0),(13,1,'90D',2,1,'90 jours','90 jours Date BL',0,90,NULL,NULL,NULL,0),(14,1,'120D',3,1,'120 jours','120 jours Date BL',0,120,NULL,NULL,NULL,0),(15,1,'150D',4,1,'150 jours','150 jours Date BL',0,150,NULL,NULL,NULL,0),(16,1,'DEP30PCTDEL',13,0,'__DEPOSIT_PERCENT__% deposit','__DEPOSIT_PERCENT__% deposit, remainder on delivery',0,1,NULL,'30',NULL,0);

--
-- Table structure for table `llxqf_c_price_expression`
--

CREATE TABLE `llxqf_c_price_expression` (
  `rowid` int NOT NULL AUTO_INCREMENT,
  `title` varchar(20) NOT NULL,
  `expression` varchar(255) NOT NULL,
  PRIMARY KEY (`rowid`)
) ENGINE=InnoDB DEFAULT CHARSET=utf8mb3;

--
-- Dumping data for table `llxqf_c_price_expression`
--


--
-- Table structure for table `llxqf_c_price_global_variable`
--

CREATE TABLE `llxqf_c_price_global_variable` (
  `rowid` int NOT NULL AUTO_INCREMENT,
  `code` varchar(20) NOT NULL,
  `description` text,
  `value` double(24,8) DEFAULT '0.00000000',
  PRIMARY KEY (`rowid`)
) ENGINE=InnoDB DEFAULT CHARSET=utf8mb3;

--
-- Dumping data for table `llxqf_c_price_global_variable`
--


--
-- Table structure for table `llxqf_c_price_global_variable_updater`
--

CREATE TABLE `llxqf_c_price_global_variable_updater` (
  `rowid` int NOT NULL AUTO_INCREMENT,
  `type` int NOT NULL,
  `description` text,
  `parameters` text,
  `fk_variable` int NOT NULL,
  `update_interval` int DEFAULT '0',
  `next_update` int DEFAULT '0',
  `last_status` text,
  PRIMARY KEY (`rowid`)
) ENGINE=InnoDB DEFAULT CHARSET=utf8mb3;

--
-- Dumping data for table `llxqf_c_price_global_variable_updater`
--


--
-- Table structure for table `llxqf_c_product_nature`
--

CREATE TABLE `llxqf_c_product_nature` (
  `rowid` int NOT NULL AUTO_INCREMENT,
  `code` tinyint NOT NULL,
  `label` varchar(128) DEFAULT NULL,
  `active` tinyint NOT NULL DEFAULT '1',
  PRIMARY KEY (`rowid`),
  UNIQUE KEY `uk_c_product_nature` (`code`)
) ENGINE=InnoDB AUTO_INCREMENT=3 DEFAULT CHARSET=utf8mb3;

--
-- Dumping data for table `llxqf_c_product_nature`
--

INSERT INTO `llxqf_c_product_nature` VALUES (1,0,'RowMaterial',1),(2,1,'Finished',1);

--
-- Table structure for table `llxqf_c_product_thirdparty_relation_type`
--

CREATE TABLE `llxqf_c_product_thirdparty_relation_type` (
  `rowid` int NOT NULL AUTO_INCREMENT,
  `code` varchar(24) NOT NULL,
  `label` varchar(128) DEFAULT NULL,
  `active` tinyint NOT NULL DEFAULT '1',
  PRIMARY KEY (`rowid`)
) ENGINE=InnoDB DEFAULT CHARSET=utf8mb4 COLLATE=utf8mb4_0900_ai_ci;

--
-- Dumping data for table `llxqf_c_product_thirdparty_relation_type`
--


--
-- Table structure for table `llxqf_c_productbatch_qcstatus`
--

CREATE TABLE `llxqf_c_productbatch_qcstatus` (
  `rowid` int NOT NULL AUTO_INCREMENT,
  `entity` int NOT NULL DEFAULT '1',
  `code` varchar(16) NOT NULL,
  `label` varchar(128) DEFAULT NULL,
  `active` int NOT NULL DEFAULT '1',
  PRIMARY KEY (`rowid`),
  UNIQUE KEY `uk_c_productbatch_qcstatus` (`code`,`entity`)
) ENGINE=InnoDB AUTO_INCREMENT=3 DEFAULT CHARSET=utf8mb3;

--
-- Dumping data for table `llxqf_c_productbatch_qcstatus`
--

INSERT INTO `llxqf_c_productbatch_qcstatus` VALUES (1,1,'OK','InWorkingOrder',1),(2,1,'KO','OutOfOrder',1);

--
-- Table structure for table `llxqf_c_propalst`
--

CREATE TABLE `llxqf_c_propalst` (
  `id` smallint NOT NULL,
  `code` varchar(12) NOT NULL,
  `label` varchar(128) DEFAULT NULL,
  `active` tinyint NOT NULL DEFAULT '1',
  `sortorder` smallint DEFAULT '0',
  PRIMARY KEY (`id`),
  UNIQUE KEY `uk_c_propalst` (`code`)
) ENGINE=InnoDB DEFAULT CHARSET=utf8mb3;

--
-- Dumping data for table `llxqf_c_propalst`
--

INSERT INTO `llxqf_c_propalst` VALUES (0,'PR_DRAFT','Brouillon',1,0),(1,'PR_OPEN','Ouverte',1,0),(2,'PR_SIGNED','Signée',1,0),(3,'PR_NOTSIGNED','Non Signée',1,0),(4,'PR_FAC','Facturée',1,0);

--
-- Table structure for table `llxqf_c_prospectcontactlevel`
--

CREATE TABLE `llxqf_c_prospectcontactlevel` (
  `code` varchar(12) NOT NULL,
  `label` varchar(128) DEFAULT NULL,
  `sortorder` smallint DEFAULT NULL,
  `active` smallint NOT NULL DEFAULT '1',
  `module` varchar(32) DEFAULT NULL,
  PRIMARY KEY (`code`)
) ENGINE=InnoDB DEFAULT CHARSET=utf8mb3;

--
-- Dumping data for table `llxqf_c_prospectcontactlevel`
--

INSERT INTO `llxqf_c_prospectcontactlevel` VALUES ('PL_HIGH','High',4,1,NULL),('PL_LOW','Low',2,1,NULL),('PL_MEDIUM','Medium',3,1,NULL),('PL_NONE','None',1,1,NULL);

--
-- Table structure for table `llxqf_c_prospectlevel`
--

CREATE TABLE `llxqf_c_prospectlevel` (
  `code` varchar(12) NOT NULL,
  `label` varchar(128) DEFAULT NULL,
  `sortorder` smallint DEFAULT NULL,
  `active` smallint NOT NULL DEFAULT '1',
  `module` varchar(32) DEFAULT NULL,
  PRIMARY KEY (`code`)
) ENGINE=InnoDB DEFAULT CHARSET=utf8mb3;

--
-- Dumping data for table `llxqf_c_prospectlevel`
--

INSERT INTO `llxqf_c_prospectlevel` VALUES ('PL_HIGH','High',4,1,NULL),('PL_LOW','Low',2,1,NULL),('PL_MEDIUM','Medium',3,1,NULL),('PL_NONE','None',1,1,NULL);

--
-- Table structure for table `llxqf_c_recruitment_origin`
--

CREATE TABLE `llxqf_c_recruitment_origin` (
  `rowid` int NOT NULL AUTO_INCREMENT,
  `code` varchar(32) NOT NULL,
  `label` varchar(128) DEFAULT NULL,
  `active` tinyint NOT NULL DEFAULT '1',
  PRIMARY KEY (`rowid`)
) ENGINE=InnoDB DEFAULT CHARSET=utf8mb3;

--
-- Dumping data for table `llxqf_c_recruitment_origin`
--


--
-- Table structure for table `llxqf_c_regions`
--

CREATE TABLE `llxqf_c_regions` (
  `rowid` int NOT NULL AUTO_INCREMENT,
  `code_region` int NOT NULL,
  `fk_pays` int NOT NULL,
  `cheflieu` varchar(50) DEFAULT NULL,
  `tncc` int DEFAULT NULL,
  `nom` varchar(100) DEFAULT NULL,
  `active` tinyint NOT NULL DEFAULT '1',
  PRIMARY KEY (`rowid`),
  UNIQUE KEY `uk_code_region` (`code_region`),
  KEY `idx_c_regions_fk_pays` (`fk_pays`),
  CONSTRAINT `fk_c_regions_fk_pays` FOREIGN KEY (`fk_pays`) REFERENCES `llxqf_c_country` (`rowid`)
) ENGINE=InnoDB AUTO_INCREMENT=273 DEFAULT CHARSET=utf8mb3;

--
-- Dumping data for table `llxqf_c_regions`
--

INSERT INTO `llxqf_c_regions` VALUES (1,0,0,'0',0,'-',1),(2,1301,13,'',0,'Algerie',1),(3,34000,34,'AD',NULL,'Andorra',1),(4,35001,35,'AO',NULL,'Angola',1),(5,2301,23,'',0,'Norte',1),(6,2302,23,'',0,'Litoral',1),(7,2303,23,'',0,'Cuyana',1),(8,2304,23,'',0,'Central',1),(9,2305,23,'',0,'Patagonia',1),(10,2801,28,'',0,'Australia',1),(11,4101,41,'',0,'Österreich',1),(12,4601,46,'',0,'Barbados',1),(13,201,2,'',1,'Flandre',1),(14,202,2,'',2,'Wallonie',1),(15,203,2,'',3,'Bruxelles-Capitale',1),(16,5201,52,'',0,'Chuquisaca',1),(17,5202,52,'',0,'La Paz',1),(18,5203,52,'',0,'Cochabamba',1),(19,5204,52,'',0,'Oruro',1),(20,5205,52,'',0,'Potosí',1),(21,5206,52,'',0,'Tarija',1),(22,5207,52,'',0,'Santa Cruz',1),(23,5208,52,'',0,'El Beni',1),(24,5209,52,'',0,'Pando',1),(25,5601,56,'',0,'Brasil',1),(26,1401,14,'',0,'Canada',1),(27,6701,67,NULL,NULL,'Tarapacá',1),(28,6702,67,NULL,NULL,'Antofagasta',1),(29,6703,67,NULL,NULL,'Atacama',1),(30,6704,67,NULL,NULL,'Coquimbo',1),(31,6705,67,NULL,NULL,'Valparaíso',1),(32,6706,67,NULL,NULL,'General Bernardo O Higgins',1),(33,6707,67,NULL,NULL,'Maule',1),(34,6708,67,NULL,NULL,'Biobío',1),(35,6709,67,NULL,NULL,'Raucanía',1),(36,6710,67,NULL,NULL,'Los Lagos',1),(37,6711,67,NULL,NULL,'Aysén General Carlos Ibáñez del Campo',1),(38,6712,67,NULL,NULL,'Magallanes y Antártica Chilena',1),(39,6713,67,NULL,NULL,'Metropolitana de Santiago',1),(40,6714,67,NULL,NULL,'Los Ríos',1),(41,6715,67,NULL,NULL,'Arica y Parinacota',1),(42,901,9,'京',0,'北京市',1),(43,902,9,'津',0,'天津市',1),(44,903,9,'沪',0,'上海市',1),(45,904,9,'渝',0,'重庆市',1),(46,905,9,'冀',0,'河北省',1),(47,906,9,'晋',0,'山西省',1),(48,907,9,'辽',0,'辽宁省',1),(49,908,9,'吉',0,'吉林省',1),(50,909,9,'黑',0,'黑龙江省',1),(51,910,9,'苏',0,'江苏省',1),(52,911,9,'浙',0,'浙江省',1),(53,912,9,'皖',0,'安徽省',1),(54,913,9,'闽',0,'福建省',1),(55,914,9,'赣',0,'江西省',1),(56,915,9,'鲁',0,'山东省',1),(57,916,9,'豫',0,'河南省',1),(58,917,9,'鄂',0,'湖北省',1),(59,918,9,'湘',0,'湖南省',1),(60,919,9,'粤',0,'广东省',1),(61,920,9,'琼',0,'海南省',1),(62,921,9,'川',0,'四川省',1),(63,922,9,'贵',0,'贵州省',1),(64,923,9,'云',0,'云南省',1),(65,924,9,'陕',0,'陕西省',1),(66,925,9,'甘',0,'甘肃省',1),(67,926,9,'青',0,'青海省',1),(68,927,9,'台',0,'台湾省',1),(69,928,9,'蒙',0,'内蒙古自治区',1),(70,929,9,'桂',0,'广西壮族自治区',1),(71,930,9,'藏',0,'西藏自治区',1),(72,931,9,'宁',0,'宁夏回族自治区',1),(73,932,9,'新',0,'新疆维吾尔自治区',1),(74,933,9,'港',0,'香港特别行政区',1),(75,934,9,'澳',0,'澳门特别行政区',1),(76,7001,70,'',0,'Colombie',1),(77,8001,80,'',0,'Nordjylland',1),(78,8002,80,'',0,'Midtjylland',1),(79,8003,80,'',0,'Syddanmark',1),(80,8004,80,'',0,'Hovedstaden',1),(81,8005,80,'',0,'Sjælland',1),(82,1,1,'97105',3,'Guadeloupe',1),(83,2,1,'97209',3,'Martinique',1),(84,3,1,'97302',3,'Guyane',1),(85,4,1,'97411',3,'Réunion',1),(86,6,1,'97601',3,'Mayotte',1),(87,11,1,'75056',1,'Île-de-France',1),(88,24,1,'45234',2,'Centre-Val de Loire',1),(89,27,1,'21231',0,'Bourgogne-Franche-Comté',1),(90,28,1,'76540',0,'Normandie',1),(91,32,1,'59350',4,'Hauts-de-France',1),(92,44,1,'67482',2,'Grand Est',1),(93,52,1,'44109',4,'Pays de la Loire',1),(94,53,1,'35238',0,'Bretagne',1),(95,75,1,'33063',0,'Nouvelle-Aquitaine',1),(96,76,1,'31355',1,'Occitanie',1),(97,84,1,'69123',1,'Auvergne-Rhône-Alpes',1),(98,93,1,'13055',0,'Provence-Alpes-Côte d\'Azur',1),(99,94,1,'2A004',0,'Corse',1),(100,501,5,'',0,'Deutschland',1),(101,10201,102,NULL,NULL,'Αττική',1),(102,10202,102,NULL,NULL,'Στερεά Ελλάδα',1),(103,10203,102,NULL,NULL,'Κεντρική Μακεδονία',1),(104,10204,102,NULL,NULL,'Κρήτη',1),(105,10205,102,NULL,NULL,'Ανατολική Μακεδονία και Θράκη',1),(106,10206,102,NULL,NULL,'Ήπειρος',1),(107,10207,102,NULL,NULL,'Ιόνια νησιά',1),(108,10208,102,NULL,NULL,'Βόρειο Αιγαίο',1),(109,10209,102,NULL,NULL,'Πελοπόννησος',1),(110,10210,102,NULL,NULL,'Νότιο Αιγαίο',1),(111,10211,102,NULL,NULL,'Δυτική Ελλάδα',1),(112,10212,102,NULL,NULL,'Θεσσαλία',1),(113,10213,102,NULL,NULL,'Δυτική Μακεδονία',1),(114,11401,114,'',0,'Honduras',1),(115,180100,18,'HU1',NULL,'Közép-Magyarország',1),(116,182100,18,'HU21',NULL,'Közép-Dunántúl',1),(117,182200,18,'HU22',NULL,'Nyugat-Dunántúl',1),(118,182300,18,'HU23',NULL,'Dél-Dunántúl',1),(119,183100,18,'HU31',NULL,'Észak-Magyarország',1),(120,183200,18,'HU32',NULL,'Észak-Alföld',1),(121,183300,18,'HU33',NULL,'Dél-Alföld',1),(122,11701,117,'',0,'India',1),(123,11801,118,'',0,'Indonesia',1),(124,301,3,NULL,1,'Abruzzo',1),(125,302,3,NULL,1,'Basilicata',1),(126,303,3,NULL,1,'Calabria',1),(127,304,3,NULL,1,'Campania',1),(128,305,3,NULL,1,'Emilia-Romagna',1),(129,306,3,NULL,1,'Friuli-Venezia Giulia',1),(130,307,3,NULL,1,'Lazio',1),(131,308,3,NULL,1,'Liguria',1),(132,309,3,NULL,1,'Lombardia',1),(133,310,3,NULL,1,'Marche',1),(134,311,3,NULL,1,'Molise',1),(135,312,3,NULL,1,'Piemonte',1),(136,313,3,NULL,1,'Puglia',1),(137,314,3,NULL,1,'Sardegna',1),(138,315,3,NULL,1,'Sicilia',1),(139,316,3,NULL,1,'Toscana',1),(140,317,3,NULL,1,'Trentino-Alto Adige',1),(141,318,3,NULL,1,'Umbria',1),(142,319,3,NULL,1,'Valle d Aosta',1),(143,320,3,NULL,1,'Veneto',1),(144,14001,140,'',0,'Diekirch',1),(145,14002,140,'',0,'Grevenmacher',1),(146,14003,140,'',0,'Luxembourg',1),(147,15201,152,'',0,'Rivière Noire',1),(148,15202,152,'',0,'Flacq',1),(149,15203,152,'',0,'Grand Port',1),(150,15204,152,'',0,'Moka',1),(151,15205,152,'',0,'Pamplemousses',1),(152,15206,152,'',0,'Plaines Wilhems',1),(153,15207,152,'',0,'Port-Louis',1),(154,15208,152,'',0,'Rivière du Rempart',1),(155,15209,152,'',0,'Savanne',1),(156,15210,152,'',0,'Rodrigues',1),(157,15211,152,'',0,'Les îles Agaléga',1),(158,15212,152,'',0,'Les écueils des Cargados Carajos',1),(159,15401,154,'',0,'Mexique',1),(160,1201,12,'',0,'Tanger-Tétouan',1),(161,1202,12,'',0,'Gharb-Chrarda-Beni Hssen',1),(162,1203,12,'',0,'Taza-Al Hoceima-Taounate',1),(163,1204,12,'',0,'L\'Oriental',1),(164,1205,12,'',0,'Fès-Boulemane',1),(165,1206,12,'',0,'Meknès-Tafialet',1),(166,1207,12,'',0,'Rabat-Salé-Zemour-Zaër',1),(167,1208,12,'',0,'Grand Cassablanca',1),(168,1209,12,'',0,'Chaouia-Ouardigha',1),(169,1210,12,'',0,'Doukahla-Adba',1),(170,1211,12,'',0,'Marrakech-Tensift-Al Haouz',1),(171,1212,12,'',0,'Tadla-Azilal',1),(172,1213,12,'',0,'Sous-Massa-Drâa',1),(173,1214,12,'',0,'Guelmim-Es Smara',1),(174,1215,12,'',0,'Laâyoune-Boujdour-Sakia el Hamra',1),(175,1216,12,'',0,'Oued Ed-Dahab Lagouira',1),(176,1701,17,'',0,'Provincies van Nederland ',1),(177,17801,178,'',0,'Panama',1),(178,18101,181,'',0,'Amazonas',1),(179,18102,181,'',0,'Ancash',1),(180,18103,181,'',0,'Apurimac',1),(181,18104,181,'',0,'Arequipa',1),(182,18105,181,'',0,'Ayacucho',1),(183,18106,181,'',0,'Cajamarca',1),(184,18107,181,'',0,'Callao',1),(185,18108,181,'',0,'Cuzco',1),(186,18109,181,'',0,'Huancavelica',1),(187,18110,181,'',0,'Huanuco',1),(188,18111,181,'',0,'Ica',1),(189,18112,181,'',0,'Junin',1),(190,18113,181,'',0,'La Libertad',1),(191,18114,181,'',0,'Lambayeque',1),(192,18115,181,'',0,'Lima Metropolitana',1),(193,18116,181,'',0,'Lima',1),(194,18117,181,'',0,'Loreto',1),(195,18118,181,'',0,'Madre de Dios',1),(196,18119,181,'',0,'Moquegua',1),(197,18120,181,'',0,'Pasco',1),(198,18121,181,'',0,'Piura',1),(199,18122,181,'',0,'Puno',1),(200,18123,181,'',0,'San Martín',1),(201,18124,181,'',0,'Tacna',1),(202,18125,181,'',0,'Tumbes',1),(203,18126,181,'',0,'Ucayali',1),(204,15001,25,'PT',NULL,'Portugal',1),(205,15002,25,'PT9',NULL,'Azores-Madeira',1),(206,18801,188,'',0,'Romania',1),(207,8601,86,NULL,NULL,'Central',1),(208,8602,86,NULL,NULL,'Oriental',1),(209,8603,86,NULL,NULL,'Occidental',1),(210,20203,202,'SI03',NULL,'East Slovenia',1),(211,20204,202,'SI04',NULL,'West Slovenia',1),(212,401,4,'',0,'Andalucia',1),(213,402,4,'',0,'Aragón',1),(214,403,4,'',0,'Castilla y León',1),(215,404,4,'',0,'Castilla la Mancha',1),(216,405,4,'',0,'Canarias',1),(217,406,4,'',0,'Cataluña',1),(218,407,4,'',0,'Comunidad de Ceuta',1),(219,408,4,'',0,'Comunidad Foral de Navarra',1),(220,409,4,'',0,'Comunidad de Melilla',1),(221,410,4,'',0,'Cantabria',1),(222,411,4,'',0,'Comunidad Valenciana',1),(223,412,4,'',0,'Extemadura',1),(224,413,4,'',0,'Galicia',1),(225,414,4,'',0,'Islas Baleares',1),(226,415,4,'',0,'La Rioja',1),(227,416,4,'',0,'Comunidad de Madrid',1),(228,417,4,'',0,'Región de Murcia',1),(229,418,4,'',0,'Principado de Asturias',1),(230,419,4,'',0,'Pais Vasco',1),(231,420,4,'',0,'Otros',1),(232,601,6,'',1,'Cantons',1),(233,21301,213,'TW',NULL,'Taiwan',1),(234,1001,10,'',0,'Ariana',1),(235,1002,10,'',0,'Béja',1),(236,1003,10,'',0,'Ben Arous',1),(237,1004,10,'',0,'Bizerte',1),(238,1005,10,'',0,'Gabès',1),(239,1006,10,'',0,'Gafsa',1),(240,1007,10,'',0,'Jendouba',1),(241,1008,10,'',0,'Kairouan',1),(242,1009,10,'',0,'Kasserine',1),(243,1010,10,'',0,'Kébili',1),(244,1011,10,'',0,'La Manouba',1),(245,1012,10,'',0,'Le Kef',1),(246,1013,10,'',0,'Mahdia',1),(247,1014,10,'',0,'Médenine',1),(248,1015,10,'',0,'Monastir',1),(249,1016,10,'',0,'Nabeul',1),(250,1017,10,'',0,'Sfax',1),(251,1018,10,'',0,'Sidi Bouzid',1),(252,1019,10,'',0,'Siliana',1),(253,1020,10,'',0,'Sousse',1),(254,1021,10,'',0,'Tataouine',1),(255,1022,10,'',0,'Tozeur',1),(256,1023,10,'',0,'Tunis',1),(257,1024,10,'',0,'Zaghouan',1),(258,22701,227,'',0,'United Arab Emirates',1),(259,701,7,'',0,'England',1),(260,702,7,'',0,'Wales',1),(261,703,7,'',0,'Scotland',1),(262,704,7,'',0,'Northern Ireland',1),(263,1101,11,'',0,'United-States',1),(264,23201,232,'',0,'Los Andes',1),(265,23202,232,'',0,'Capital',1),(266,23203,232,'',0,'Central',1),(267,23204,232,'',0,'Cento Occidental',1),(268,23205,232,'',0,'Guayana',1),(269,23206,232,'',0,'Insular',1),(270,23207,232,'',0,'Los Llanos',1),(271,23208,232,'',0,'Nor-Oriental',1),(272,23209,232,'',0,'Zuliana',1);

--
-- Table structure for table `llxqf_c_revenuestamp`
--

CREATE TABLE `llxqf_c_revenuestamp` (
  `rowid` int NOT NULL AUTO_INCREMENT,
  `fk_pays` int NOT NULL,
  `taux` double NOT NULL,
  `revenuestamp_type` varchar(16) NOT NULL DEFAULT 'fixed',
  `note` varchar(128) DEFAULT NULL,
  `active` tinyint NOT NULL DEFAULT '1',
  `accountancy_code_sell` varchar(32) DEFAULT NULL,
  `accountancy_code_buy` varchar(32) DEFAULT NULL,
  PRIMARY KEY (`rowid`)
) ENGINE=InnoDB AUTO_INCREMENT=1543 DEFAULT CHARSET=utf8mb3;

--
-- Dumping data for table `llxqf_c_revenuestamp`
--

INSERT INTO `llxqf_c_revenuestamp` VALUES (101,10,0.4,'fixed','Revenue stamp tunisia',1,NULL,NULL),(1021,102,1.2,'percent','Συντελεστής 1,2 %',1,NULL,NULL),(1022,102,2.4,'percent','Συντελεστής 2,4 %',1,NULL,NULL),(1023,102,3.6,'percent','Συντελεστής 3,6 %',1,NULL,NULL),(1024,102,1,'fixed','Λοιπές περιπτώσεις Χαρτοσήμου',1,NULL,NULL),(1541,154,1.5,'percent','Revenue stamp mexico',1,NULL,NULL),(1542,154,3,'percent','Revenue stamp mexico',1,NULL,NULL);

--
-- Table structure for table `llxqf_c_shipment_mode`
--

CREATE TABLE `llxqf_c_shipment_mode` (
  `rowid` int NOT NULL AUTO_INCREMENT,
  `entity` int NOT NULL DEFAULT '1',
  `tms` timestamp NULL DEFAULT CURRENT_TIMESTAMP ON UPDATE CURRENT_TIMESTAMP,
  `code` varchar(30) NOT NULL,
  `libelle` varchar(128) DEFAULT NULL,
  `description` text,
  `tracking` varchar(255) DEFAULT NULL,
  `active` tinyint DEFAULT '0',
  `module` varchar(32) DEFAULT NULL,
  PRIMARY KEY (`rowid`),
  UNIQUE KEY `uk_c_shipment_mode` (`code`,`entity`)
) ENGINE=InnoDB AUTO_INCREMENT=15 DEFAULT CHARSET=utf8mb3;

--
-- Dumping data for table `llxqf_c_shipment_mode`
--

INSERT INTO `llxqf_c_shipment_mode` VALUES (1,1,'2022-02-07 12:43:53','CATCH','In-Store Collection','In-store collection by the customer','',1,NULL),(2,1,'2022-02-07 12:43:53','TRANS','Generic transport service','Generic transport service','',1,NULL),(3,1,'2022-02-07 12:43:53','COLSUI','Colissimo Suivi','Colissimo Suivi','https://www.laposte.fr/outils/suivre-vos-envois?code={TRACKID}',0,NULL),(4,1,'2022-02-07 12:43:53','LETTREMAX','Lettre Max','Courrier Suivi et Lettre Max','https://www.laposte.fr/outils/suivre-vos-envois?code={TRACKID}',0,NULL),(5,1,'2022-02-07 12:43:53','UPS','UPS','United Parcel Service','http://wwwapps.ups.com/etracking/tracking.cgi?InquiryNumber2=&InquiryNumber3=&tracknums_displayed=3&loc=fr_FR&TypeOfInquiryNumber=T&HTMLVersion=4.0&InquiryNumber22=&InquiryNumber32=&track=Track&Suivi.x=64&Suivi.y=7&Suivi=Valider&InquiryNumber1={TRACKID}',1,NULL),(6,1,'2022-02-07 12:43:53','KIALA','KIALA','Relais Kiala','http://www.kiala.fr/tnt/delivery/{TRACKID}',0,NULL),(7,1,'2022-02-07 12:43:53','GLS','GLS','General Logistics Systems','https://gls-group.eu/FR/fr/suivi-colis?match={TRACKID}',0,NULL),(8,1,'2022-02-07 12:43:53','CHRONO','Chronopost','Chronopost','http://www.chronopost.fr/expedier/inputLTNumbersNoJahia.do?listeNumeros={TRACKID}',0,NULL),(9,1,'2022-02-07 12:43:53','INPERSON','In person at your site',NULL,NULL,0,NULL),(10,1,'2022-02-07 12:43:53','FEDEX','Fedex',NULL,'https://www.fedex.com/apps/fedextrack/index.html?tracknumbers={TRACKID}',0,NULL),(11,1,'2022-02-07 12:43:53','TNT','TNT',NULL,'https://www.tnt.com/express/fr_fr/site/outils-expedition/suivi.html?searchType=con&cons=={TRACKID}',0,NULL),(12,1,'2022-02-07 12:43:53','DHL','DHL',NULL,'https://www.dhl.com/fr-fr/home/tracking/tracking-global-forwarding.html?submit=1&tracking-id={TRACKID}',0,NULL),(13,1,'2022-02-07 12:43:53','DPD','DPD',NULL,'https://www.dpd.fr/trace/{TRACKID}',0,NULL),(14,1,'2022-02-07 12:43:53','MAINFREIGHT','Mainfreight',NULL,'https://www.mainfreight.com/track?{TRACKID}',0,NULL);

--
-- Table structure for table `llxqf_c_shipment_package_type`
--

CREATE TABLE `llxqf_c_shipment_package_type` (
  `rowid` int NOT NULL AUTO_INCREMENT,
  `label` varchar(128) DEFAULT NULL,
  `description` varchar(255) DEFAULT NULL,
  `active` int NOT NULL DEFAULT '1',
  `entity` int NOT NULL DEFAULT '1',
  PRIMARY KEY (`rowid`)
) ENGINE=InnoDB DEFAULT CHARSET=utf8mb3;

--
-- Dumping data for table `llxqf_c_shipment_package_type`
--


--
-- Table structure for table `llxqf_c_socialnetworks`
--

CREATE TABLE `llxqf_c_socialnetworks` (
  `rowid` int NOT NULL AUTO_INCREMENT,
  `entity` int NOT NULL DEFAULT '1',
  `code` varchar(100) DEFAULT NULL,
  `label` varchar(150) DEFAULT NULL,
  `url` text,
  `icon` varchar(20) DEFAULT NULL,
  `active` tinyint NOT NULL DEFAULT '1',
  PRIMARY KEY (`rowid`),
  UNIQUE KEY `idx_c_socialnetworks_code_entity` (`code`,`entity`)
) ENGINE=InnoDB AUTO_INCREMENT=33 DEFAULT CHARSET=utf8mb3;

--
-- Dumping data for table `llxqf_c_socialnetworks`
--

INSERT INTO `llxqf_c_socialnetworks` VALUES (1,1,'500px','500px','{socialid}','fa-500px',0),(2,1,'dailymotion','Dailymotion','{socialid}','',0),(3,1,'diaspora','Diaspora','{socialid}','',0),(4,1,'discord','Discord','{socialid}','fa-discord',0),(5,1,'facebook','Facebook','https://www.facebook.com/{socialid}','fa-facebook',1),(6,1,'flickr','Flickr','{socialid}','fa-flickr',0),(7,1,'gifycat','Gificat','{socialid}','',0),(8,1,'giphy','Giphy','{socialid}','',0),(9,1,'googleplus','GooglePlus','https://www.googleplus.com/{socialid}','fa-google-plus-g',0),(10,1,'instagram','Instagram','https://www.instagram.com/{socialid}','fa-instagram',1),(11,1,'linkedin','LinkedIn','https://www.linkedin.com/{socialid}','fa-linkedin',1),(12,1,'mastodon','Mastodon','{socialid}','',0),(13,1,'meetup','Meetup','{socialid}','fa-meetup',0),(14,1,'periscope','Periscope','{socialid}','',0),(15,1,'pinterest','Pinterest','{socialid}','fa-pinterest',0),(16,1,'quora','Quora','{socialid}','',0),(17,1,'reddit','Reddit','{socialid}','fa-reddit',0),(18,1,'slack','Slack','{socialid}','fa-slack',0),(19,1,'snapchat','Snapchat','{socialid}','fa-snapchat',1),(20,1,'skype','Skype','https://www.skype.com/{socialid}','fa-skype',1),(21,1,'tripadvisor','Tripadvisor','{socialid}','',0),(22,1,'tumblr','Tumblr','https://www.tumblr.com/{socialid}','fa-tumblr',0),(23,1,'twitch','Twitch','{socialid}','',0),(24,1,'twitter','Twitter','https://www.twitter.com/{socialid}','fa-twitter',1),(25,1,'vero','Vero','https://vero.co/{socialid}','',0),(26,1,'viadeo','Viadeo','https://fr.viadeo.com/fr/{socialid}','fa-viadeo',0),(27,1,'viber','Viber','{socialid}','',0),(28,1,'vimeo','Vimeo','{socialid}','',0),(29,1,'whatsapp','Whatsapp','{socialid}','fa-whatsapp',1),(30,1,'wikipedia','Wikipedia','{socialid}','',0),(31,1,'xing','Xing','{socialid}','fa-xing',0),(32,1,'youtube','Youtube','https://www.youtube.com/{socialid}','fa-youtube',1);

--
-- Table structure for table `llxqf_c_stcomm`
--

CREATE TABLE `llxqf_c_stcomm` (
  `id` int NOT NULL,
  `code` varchar(24) NOT NULL,
  `libelle` varchar(128) DEFAULT NULL,
  `picto` varchar(128) DEFAULT NULL,
  `active` tinyint NOT NULL DEFAULT '1',
  `sortorder` smallint DEFAULT '0',
  PRIMARY KEY (`id`),
  UNIQUE KEY `uk_c_stcomm` (`code`)
) ENGINE=InnoDB DEFAULT CHARSET=utf8mb3;

--
-- Dumping data for table `llxqf_c_stcomm`
--

INSERT INTO `llxqf_c_stcomm` VALUES (-1,'ST_NO','Do not contact',NULL,1,0),(0,'ST_NEVER','Never contacted',NULL,1,0),(1,'ST_TODO','To contact',NULL,1,0),(2,'ST_PEND','Contact in progress',NULL,1,0),(3,'ST_DONE','Contacted',NULL,1,0);

--
-- Table structure for table `llxqf_c_stcommcontact`
--

CREATE TABLE `llxqf_c_stcommcontact` (
  `id` int NOT NULL,
  `code` varchar(12) NOT NULL,
  `libelle` varchar(128) DEFAULT NULL,
  `picto` varchar(128) DEFAULT NULL,
  `active` tinyint NOT NULL DEFAULT '1',
  PRIMARY KEY (`id`),
  UNIQUE KEY `uk_c_stcommcontact` (`code`)
) ENGINE=InnoDB DEFAULT CHARSET=utf8mb3;

--
-- Dumping data for table `llxqf_c_stcommcontact`
--

INSERT INTO `llxqf_c_stcommcontact` VALUES (-1,'ST_NO','Do not contact',NULL,1),(0,'ST_NEVER','Never contacted',NULL,1),(1,'ST_TODO','To contact',NULL,1),(2,'ST_PEND','Contact in progress',NULL,1),(3,'ST_DONE','Contacted',NULL,1);

--
-- Table structure for table `llxqf_c_ticket_category`
--

CREATE TABLE `llxqf_c_ticket_category` (
  `rowid` int NOT NULL AUTO_INCREMENT,
  `entity` int DEFAULT '1',
  `code` varchar(32) NOT NULL,
  `label` varchar(128) NOT NULL,
  `public` int DEFAULT '0',
  `use_default` int DEFAULT '1',
  `fk_parent` int NOT NULL DEFAULT '0',
  `force_severity` varchar(32) DEFAULT NULL,
  `description` varchar(255) DEFAULT NULL,
  `pos` int NOT NULL DEFAULT '0',
  `active` int DEFAULT '1',
  PRIMARY KEY (`rowid`),
  UNIQUE KEY `uk_code` (`code`,`entity`)
) ENGINE=InnoDB AUTO_INCREMENT=2 DEFAULT CHARSET=utf8mb3;

--
-- Dumping data for table `llxqf_c_ticket_category`
--

INSERT INTO `llxqf_c_ticket_category` VALUES (1,1,'OTHER','Other',0,1,0,NULL,NULL,10,1);

--
-- Table structure for table `llxqf_c_ticket_resolution`
--

CREATE TABLE `llxqf_c_ticket_resolution` (
  `rowid` int NOT NULL AUTO_INCREMENT,
  `entity` int DEFAULT '1',
  `code` varchar(32) NOT NULL,
  `pos` varchar(32) NOT NULL,
  `label` varchar(128) NOT NULL,
  `active` int DEFAULT '1',
  `use_default` int DEFAULT '1',
  `description` varchar(255) DEFAULT NULL,
  PRIMARY KEY (`rowid`),
  UNIQUE KEY `uk_code` (`code`,`entity`)
) ENGINE=InnoDB AUTO_INCREMENT=4 DEFAULT CHARSET=utf8mb3;

--
-- Dumping data for table `llxqf_c_ticket_resolution`
--

INSERT INTO `llxqf_c_ticket_resolution` VALUES (1,1,'SOLVED','10','Solved',1,0,NULL),(2,1,'CANCELED','50','Canceled',1,0,NULL),(3,1,'OTHER','90','Other',1,0,NULL);

--
-- Table structure for table `llxqf_c_ticket_severity`
--

CREATE TABLE `llxqf_c_ticket_severity` (
  `rowid` int NOT NULL AUTO_INCREMENT,
  `entity` int DEFAULT '1',
  `code` varchar(32) NOT NULL,
  `pos` varchar(32) NOT NULL,
  `label` varchar(128) NOT NULL,
  `color` varchar(10) DEFAULT NULL,
  `active` int DEFAULT '1',
  `use_default` int DEFAULT '1',
  `description` varchar(255) DEFAULT NULL,
  PRIMARY KEY (`rowid`),
  UNIQUE KEY `uk_code` (`code`,`entity`)
) ENGINE=InnoDB AUTO_INCREMENT=5 DEFAULT CHARSET=utf8mb3;

--
-- Dumping data for table `llxqf_c_ticket_severity`
--

INSERT INTO `llxqf_c_ticket_severity` VALUES (1,1,'LOW','10','Low','',1,0,NULL),(2,1,'NORMAL','20','Normal','',1,1,NULL),(3,1,'HIGH','30','High','',1,0,NULL),(4,1,'BLOCKING','40','Critical / blocking','',1,0,NULL);

--
-- Table structure for table `llxqf_c_ticket_type`
--

CREATE TABLE `llxqf_c_ticket_type` (
  `rowid` int NOT NULL AUTO_INCREMENT,
  `entity` int DEFAULT '1',
  `code` varchar(32) NOT NULL,
  `pos` varchar(32) NOT NULL,
  `label` varchar(128) NOT NULL,
  `active` int DEFAULT '1',
  `use_default` int DEFAULT '1',
  `description` varchar(255) DEFAULT NULL,
  PRIMARY KEY (`rowid`),
  UNIQUE KEY `uk_code` (`code`,`entity`)
) ENGINE=InnoDB AUTO_INCREMENT=8 DEFAULT CHARSET=utf8mb3;

--
-- Dumping data for table `llxqf_c_ticket_type`
--

INSERT INTO `llxqf_c_ticket_type` VALUES (1,1,'COM','10','Commercial question',1,0,NULL),(2,1,'HELP','15','Request for functionnal help',1,0,NULL),(3,1,'ISSUE','20','Issue or bug',1,0,NULL),(4,1,'PROBLEM','22','Problem',0,0,NULL),(5,1,'REQUEST','25','Change or enhancement request',1,0,NULL),(6,1,'PROJECT','30','Project',0,0,NULL),(7,1,'OTHER','40','Other',1,1,NULL);

--
-- Table structure for table `llxqf_c_transport_mode`
--

CREATE TABLE `llxqf_c_transport_mode` (
  `rowid` int NOT NULL AUTO_INCREMENT,
  `entity` int NOT NULL DEFAULT '1',
  `code` varchar(3) NOT NULL,
  `label` varchar(255) NOT NULL,
  `active` tinyint NOT NULL DEFAULT '1',
  PRIMARY KEY (`rowid`),
  UNIQUE KEY `uk_c_transport_mode` (`code`,`entity`)
) ENGINE=InnoDB AUTO_INCREMENT=9 DEFAULT CHARSET=utf8mb3;

--
-- Dumping data for table `llxqf_c_transport_mode`
--

INSERT INTO `llxqf_c_transport_mode` VALUES (1,1,'MAR','Transport maritime (y compris camions ou wagons sur bateau)',1),(2,1,'TRA','Transport par chemin de fer (y compris camions sur wagon)',1),(3,1,'ROU','Transport par route',1),(4,1,'AIR','Transport par air',1),(5,1,'POS','Envois postaux',1),(6,1,'OLE','Installations de transport fixe (oléoduc)',1),(7,1,'NAV','Transport par navigation intérieure',1),(8,1,'PRO','Propulsion propre',1);

--
-- Table structure for table `llxqf_c_tva`
--

CREATE TABLE `llxqf_c_tva` (
  `rowid` int NOT NULL AUTO_INCREMENT,
  `entity` int NOT NULL DEFAULT '1',
  `fk_pays` int NOT NULL,
  `fk_department_buyer` int DEFAULT NULL,
  `type_vat` smallint NOT NULL DEFAULT '0',
  `code` varchar(10) DEFAULT '',
  `taux` double NOT NULL,
  `localtax1` varchar(20) NOT NULL DEFAULT '0',
  `localtax1_type` varchar(10) NOT NULL DEFAULT '0',
  `localtax2` varchar(20) NOT NULL DEFAULT '0',
  `localtax2_type` varchar(10) NOT NULL DEFAULT '0',
  `recuperableonly` int NOT NULL DEFAULT '0',
  `note` varchar(128) DEFAULT NULL,
  `active` tinyint NOT NULL DEFAULT '1',
  `accountancy_code_sell` varchar(32) DEFAULT NULL,
  `accountancy_code_buy` varchar(32) DEFAULT NULL,
  `use_default` tinyint DEFAULT '0',
  PRIMARY KEY (`rowid`),
  UNIQUE KEY `uk_c_tva_id` (`entity`,`fk_pays`,`code`,`taux`,`recuperableonly`),
  KEY `idx_tva_fk_department_buyer` (`fk_department_buyer`),
  CONSTRAINT `fk_tva_fk_department_buyer` FOREIGN KEY (`fk_department_buyer`) REFERENCES `llxqf_c_departements` (`rowid`)
) ENGINE=InnoDB AUTO_INCREMENT=2462 DEFAULT CHARSET=utf8mb3;

--
-- Dumping data for table `llxqf_c_tva`
--

INSERT INTO `llxqf_c_tva` VALUES (11,1,1,NULL,0,'',0,'0','0','0','0',0,'VAT rate 0 ou non applicable',1,NULL,NULL,0),(12,1,1,NULL,0,'',20,'0','0','0','0',0,'VAT rate - standard (France hors DOM-TOM)',1,NULL,NULL,0),(13,1,1,NULL,0,'',10,'0','0','0','0',0,'VAT rate - reduced',1,NULL,NULL,0),(14,1,1,NULL,0,'',5.5,'0','0','0','0',0,'VAT rate - reduced (France hors DOM-TOM)',1,NULL,NULL,0),(15,1,1,NULL,0,'',2.1,'0','0','0','0',0,'VAT rate - super-reduced',1,NULL,NULL,0),(16,1,1,NULL,0,'85',8.5,'0','0','0','0',0,'VAT rate - standard (DOM sauf Guyane et Saint-Martin)',0,NULL,NULL,0),(17,1,1,NULL,0,'85NPR',8.5,'0','0','0','0',1,'VAT rate - standard (DOM sauf Guyane et Saint-Martin), non perçu par le vendeur mais récupérable par acheteur',0,NULL,NULL,0),(18,1,1,NULL,0,'85NPROM',8.5,'2','3','0','0',1,'VAT rate - standard (DOM sauf Guyane et Saint-Martin), NPR, Octroi de Mer',0,NULL,NULL,0),(19,1,1,NULL,0,'85NPROMOMR',8.5,'2','3','2.5','3',1,'VAT rate - standard (DOM sauf Guyane et Saint-Martin), NPR, Octroi de Mer et Octroi de Mer Regional',0,NULL,NULL,0),(21,1,2,NULL,0,'',0,'0','0','0','0',0,'VAT rate 0 ou non applicable',1,NULL,NULL,0),(22,1,2,NULL,0,'',6,'0','0','0','0',0,'VAT rate - reduced',1,NULL,NULL,0),(23,1,2,NULL,0,'',21,'0','0','0','0',0,'VAT rate - standard',1,NULL,NULL,0),(24,1,2,NULL,0,'',12,'0','0','0','0',0,'VAT rate - reduced',1,NULL,NULL,0),(31,1,3,NULL,0,'',0,'0','0','0','0',0,'VAT rate 0',1,NULL,NULL,0),(32,1,3,NULL,0,'',10,'0','0','0','0',0,'VAT rate - reduced',1,NULL,NULL,0),(33,1,3,NULL,0,'',4,'0','0','0','0',0,'VAT rate - super-reduced',1,NULL,NULL,0),(34,1,3,NULL,0,'',22,'0','0','0','0',0,'VAT rate - standard',1,NULL,NULL,0),(41,1,4,NULL,0,'',0,'0','3','-19:-15:-9','5',0,'VAT rate 0',1,NULL,NULL,0),(42,1,4,NULL,0,'',10,'1.4','3','-19:-15:-9','5',0,'VAT rate - reduced',1,NULL,NULL,0),(43,1,4,NULL,0,'',4,'0.5','3','-19:-15:-9','5',0,'VAT rate - super-reduced',1,NULL,NULL,0),(44,1,4,NULL,0,'',21,'5.2','3','-19:-15:-9','5',0,'VAT rate - standard',1,NULL,NULL,0),(51,1,5,NULL,0,'',0,'0','0','0','0',0,'No VAT',1,NULL,NULL,0),(52,1,5,NULL,0,'',7,'0','0','0','0',0,'ermäßigte USt.',1,NULL,NULL,0),(54,1,5,NULL,0,'',5.5,'0','0','0','0',0,'USt. Forst',0,NULL,NULL,0),(55,1,5,NULL,0,'',10.7,'0','0','0','0',0,'USt. Landwirtschaft',0,NULL,NULL,0),(56,1,5,NULL,0,'',19,'0','0','0','0',0,'allgemeine Ust.',1,NULL,NULL,0),(61,1,6,NULL,0,'',0,'0','0','0','0',0,'VAT rate 0',1,NULL,NULL,0),(62,1,6,NULL,0,'',3.7,'0','0','0','0',0,'VAT rate - reduced',1,NULL,NULL,0),(63,1,6,NULL,0,'',2.5,'0','0','0','0',0,'VAT rate - super-reduced',1,NULL,NULL,0),(64,1,6,NULL,0,'',7.7,'0','0','0','0',0,'VAT rate - standard',1,NULL,NULL,0),(71,1,7,NULL,0,'',0,'0','0','0','0',0,'VAT rate 0',1,NULL,NULL,0),(72,1,7,NULL,0,'',17.5,'0','0','0','0',0,'VAT rate - standard before 2011',1,NULL,NULL,0),(73,1,7,NULL,0,'',5,'0','0','0','0',0,'VAT rate - reduced',1,NULL,NULL,0),(74,1,7,NULL,0,'',20,'0','0','0','0',0,'VAT rate - standard',1,NULL,NULL,0),(81,1,8,NULL,0,'',0,'0','0','0','0',0,'VAT rate 0',1,NULL,NULL,0),(82,1,8,NULL,0,'',23,'0','0','0','0',0,'VAT rate - standard',1,NULL,NULL,0),(83,1,8,NULL,0,'',13.5,'0','0','0','0',0,'VAT rate - reduced',1,NULL,NULL,0),(84,1,8,NULL,0,'',9,'0','0','0','0',0,'VAT rate - reduced',1,NULL,NULL,0),(85,1,8,NULL,0,'',4.8,'0','0','0','0',0,'VAT rate - reduced',1,NULL,NULL,0),(91,1,9,NULL,0,'',0,'0','0','0','0',0,'VAT rate 0',1,NULL,NULL,0),(92,1,9,NULL,0,'',13,'0','0','0','0',0,'VAT rate - reduced 0',1,NULL,NULL,0),(93,1,9,NULL,0,'',3,'0','0','0','0',0,'VAT rate -  super-reduced 0',1,NULL,NULL,0),(94,1,9,NULL,0,'',17,'0','0','0','0',0,'VAT rate - standard',1,NULL,NULL,0),(101,1,10,NULL,0,'',0,'0','0','0','0',0,'VAT rate 0',1,NULL,NULL,0),(102,1,10,NULL,0,'',12,'0','0','0','0',0,'VAT 12%',1,NULL,NULL,0),(103,1,10,NULL,0,'',18,'0','0','0','0',0,'VAT 18%',1,NULL,NULL,0),(104,1,10,NULL,0,'',7.5,'0','0','0','0',0,'VAT 6% Majoré à 25% (7.5%)',1,NULL,NULL,0),(105,1,10,NULL,0,'',15,'0','0','0','0',0,'VAT 12% Majoré à 25% (15%)',1,NULL,NULL,0),(106,1,10,NULL,0,'',22.5,'0','0','0','0',0,'VAT 18% Majoré à 25% (22.5%)',1,NULL,NULL,0),(107,1,10,NULL,0,'',6,'0','0','0','0',0,'VAT 6%',1,NULL,NULL,0),(111,1,11,NULL,0,'',0,'0','0','0','0',0,'No Sales Tax',1,NULL,NULL,0),(112,1,11,NULL,0,'',4,'0','0','0','0',0,'Sales Tax 4%',1,NULL,NULL,0),(113,1,11,NULL,0,'',6,'0','0','0','0',0,'Sales Tax 6%',1,NULL,NULL,0),(121,1,12,NULL,0,'',0,'0','0','0','0',0,'VAT rate 0',1,NULL,NULL,0),(122,1,12,NULL,0,'',14,'0','0','0','0',0,'VAT rate - reduced',1,NULL,NULL,0),(123,1,12,NULL,0,'',10,'0','0','0','0',0,'VAT rate - reduced',1,NULL,NULL,0),(124,1,12,NULL,0,'',7,'0','0','0','0',0,'VAT rate - super-reduced',1,NULL,NULL,0),(125,1,12,NULL,0,'',20,'0','0','0','0',0,'VAT rate - standard',1,NULL,NULL,0),(131,1,13,NULL,0,'',0,'0','0','0','0',0,'TVA 0%',1,NULL,NULL,0),(132,1,13,NULL,0,'',9,'0','0','0','0',0,'TVA 9%',1,NULL,NULL,0),(133,1,13,NULL,0,'',19,'0','0','0','0',0,'TVA 19%',1,NULL,NULL,0),(141,1,14,NULL,0,'',0,'0','0','0','0',0,'VAT rate 0',1,NULL,NULL,0),(142,1,14,NULL,0,'',7,'0','0','0','0',0,'VAT rate - standard',1,NULL,NULL,0),(143,1,14,NULL,0,'',5,'9.975','1','0','0',0,'GST/TPS and PST/TVQ rate for Province',1,NULL,NULL,0),(171,1,17,NULL,0,'',0,'0','0','0','0',0,'0 BTW tarief',1,NULL,NULL,0),(172,1,17,NULL,0,'',6,'0','0','0','0',0,'Verlaagd BTW tarief',1,NULL,NULL,0),(173,1,17,NULL,0,'',19,'0','0','0','0',0,'Algemeen BTW tarief',1,NULL,NULL,0),(174,1,17,NULL,0,'',21,'0','0','0','0',0,'Algemeen BTW tarief (vanaf 1 oktober 2012)',0,NULL,NULL,0),(201,1,20,NULL,0,'',0,'0','0','0','0',0,'VAT rate 0',1,NULL,NULL,0),(202,1,20,NULL,0,'',12,'0','0','0','0',0,'VAT rate - reduced',1,NULL,NULL,0),(203,1,20,NULL,0,'',6,'0','0','0','0',0,'VAT rate - super-reduced',1,NULL,NULL,0),(204,1,20,NULL,0,'',25,'0','0','0','0',0,'VAT rate - standard',1,NULL,NULL,0),(211,1,21,NULL,0,'',0,'0','0','0','0',0,'IVA Rate 0',1,NULL,NULL,0),(212,1,21,NULL,0,'',18,'7.5','2','0','0',0,'IVA standard rate',1,NULL,NULL,0),(221,1,22,NULL,0,'',0,'0','0','0','0',0,'VAT rate 0',1,NULL,NULL,0),(222,1,22,NULL,0,'',10,'0','0','0','0',0,'VAT rate - reduced',1,NULL,NULL,0),(223,1,22,NULL,0,'',18,'0','0','0','0',0,'VAT rate - standard',1,NULL,NULL,0),(231,1,23,NULL,0,'',0,'0','0','0','0',0,'IVA Rate 0',1,NULL,NULL,0),(232,1,23,NULL,0,'',10.5,'0','0','0','0',0,'IVA reduced rate',1,NULL,NULL,0),(233,1,23,NULL,0,'',21,'0','0','0','0',0,'IVA standard rate',1,NULL,NULL,0),(241,1,24,NULL,0,'',0,'0','0','0','0',0,'VAT rate 0',1,NULL,NULL,0),(242,1,24,NULL,0,'',19.25,'0','0','0','0',0,'VAT rate - standard',1,NULL,NULL,0),(251,1,25,NULL,0,'',0,'0','0','0','0',0,'VAT rate 0',1,NULL,NULL,0),(252,1,25,NULL,0,'',13,'0','0','0','0',0,'VAT rate - reduced',1,NULL,NULL,0),(253,1,25,NULL,0,'',23,'0','0','0','0',0,'VAT rate - standard',1,NULL,NULL,0),(254,1,25,NULL,0,'',6,'0','0','0','0',0,'VAT rate - reduced',1,NULL,NULL,0),(261,1,26,NULL,0,'',0,'0','0','0','0',0,'VAT rate 0',1,NULL,NULL,0),(262,1,26,NULL,0,'',5,'0','0','0','0',0,'VAT rate 5',1,NULL,NULL,0),(271,1,27,NULL,0,'',0,'0','0','0','0',0,'VAT rate 0 ou non applicable',1,NULL,NULL,0),(272,1,27,NULL,0,'',8.5,'0','0','0','0',0,'VAT rate - standard (DOM sauf Guyane et Saint-Martin)',0,NULL,NULL,0),(273,1,27,NULL,0,'',8.5,'0','0','0','0',1,'VAT rate - standard (DOM sauf Guyane et Saint-Martin), non perçu par le vendeur mais récupérable par acheteur',0,NULL,NULL,0),(274,1,27,NULL,0,'',5.5,'0','0','0','0',0,'VAT rate - reduced (France hors DOM-TOM)',0,NULL,NULL,0),(275,1,27,NULL,0,'',19.6,'0','0','0','0',0,'VAT rate - standard (France hors DOM-TOM)',1,NULL,NULL,0),(276,1,27,NULL,0,'',2.1,'0','0','0','0',0,'VAT rate - super-reduced',1,NULL,NULL,0),(277,1,27,NULL,0,'',7,'0','0','0','0',0,'VAT rate - reduced',1,NULL,NULL,0),(281,1,28,NULL,0,'',0,'0','0','0','0',0,'VAT rate 0',1,NULL,NULL,0),(282,1,28,NULL,0,'',10,'0','0','0','0',0,'VAT rate - standard',1,NULL,NULL,0),(351,1,35,NULL,0,'',0,'0','0','0','0',0,'VAT rate 0',1,NULL,NULL,0),(352,1,35,NULL,0,'',7,'0','0','0','0',0,'VAT rate - reduced',1,NULL,NULL,0),(353,1,35,NULL,0,'',14,'0','0','0','0',0,'VAT rate - standard',1,NULL,NULL,0),(411,1,41,NULL,0,'',0,'0','0','0','0',0,'VAT rate 0',1,NULL,NULL,0),(412,1,41,NULL,0,'',10,'0','0','0','0',0,'VAT rate - reduced',1,NULL,NULL,0),(413,1,41,NULL,0,'',20,'0','0','0','0',0,'VAT rate - standard',1,NULL,NULL,0),(461,1,46,NULL,0,'',0,'0','0','0','0',0,'No VAT',1,NULL,NULL,0),(462,1,46,NULL,0,'',15,'0','0','0','0',0,'VAT 15%',1,NULL,NULL,0),(463,1,46,NULL,0,'',7.5,'0','0','0','0',0,'VAT 7.5%',1,NULL,NULL,0),(561,1,56,NULL,0,'',0,'0','0','0','0',0,'VAT rate - reduced',1,NULL,NULL,0),(591,1,59,NULL,0,'',0,'0','0','0','0',0,'VAT rate 0',1,NULL,NULL,0),(592,1,59,NULL,0,'',7,'0','0','0','0',0,'VAT rate - reduced',1,NULL,NULL,0),(593,1,59,NULL,0,'',20,'0','0','0','0',0,'VAT rate - standard',1,NULL,NULL,0),(671,1,67,NULL,0,'',0,'0','0','0','0',0,'VAT rate 0',1,NULL,NULL,0),(672,1,67,NULL,0,'',19,'0','0','0','0',0,'VAT rate - standard',1,NULL,NULL,0),(721,1,72,NULL,0,'',0,'0','0','0','0',0,'VAT rate 0',1,NULL,NULL,0),(722,1,72,NULL,0,'',18,'0.9','1','0','0',0,'VAT rate 18+0.9',1,NULL,NULL,0),(781,1,78,NULL,0,'',0,'0','0','0','0',0,'VAT rate 0',1,NULL,NULL,0),(782,1,78,NULL,0,'',9,'0','0','0','0',0,'VAT rate 9',1,NULL,NULL,0),(783,1,78,NULL,0,'',5,'0','0','0','0',0,'VAT rate 5',1,NULL,NULL,0),(784,1,78,NULL,0,'',19,'0','0','0','0',0,'VAT rate - standard',1,NULL,NULL,0),(801,1,80,NULL,0,'',0,'0','0','0','0',0,'VAT rate 0',1,NULL,NULL,0),(802,1,80,NULL,0,'',25,'0','0','0','0',0,'VAT rate - standard',1,NULL,NULL,0),(861,1,86,NULL,0,'',0,'0','0','0','0',0,'SIN IVA',1,NULL,NULL,0),(862,1,86,NULL,0,'',13,'0','0','0','0',0,'IVA 13',1,NULL,NULL,0),(1021,1,102,NULL,0,'',0,'0','0','0','0',0,'Μηδενικό Φ.Π.Α.',1,NULL,NULL,0),(1022,1,102,NULL,0,'',24,'0','0','0','0',0,'Κανονικός Φ.Π.Α.',1,NULL,NULL,0),(1023,1,102,NULL,0,'',13,'0','0','0','0',0,'Μειωμένος Φ.Π.Α.',1,NULL,NULL,0),(1024,1,102,NULL,0,'',6,'0','0','0','0',0,'Υπερμειωμένος Φ.Π.Α.',1,NULL,NULL,0),(1025,1,102,NULL,0,'',3,'0','0','0','0',0,'Νήσων κανονικός Φ.Π.Α.',1,NULL,NULL,0),(1026,1,102,NULL,0,'',9,'0','0','0','0',0,'Νήσων μειωμένος Φ.Π.Α.',1,NULL,NULL,0),(1027,1,102,NULL,0,'',4,'0','0','0','0',0,'Νήσων υπερμειωμένος Φ.Π.Α.',1,NULL,NULL,0),(1028,1,102,NULL,0,'',17,'0','0','0','0',0,'Νήσων υπερμειωμένος Φ.Π.Α.',1,NULL,NULL,0),(1141,1,114,NULL,0,'',0,'0','0','0','0',0,'No ISV',1,NULL,NULL,0),(1142,1,114,NULL,0,'',12,'0','0','0','0',0,'ISV 12%',1,NULL,NULL,0),(1161,1,116,NULL,0,'',0,'0','0','0','0',0,'VAT rate 0',1,NULL,NULL,0),(1162,1,116,NULL,0,'',7,'0','0','0','0',0,'VAT rate - reduced',1,NULL,NULL,0),(1163,1,116,NULL,0,'',25.5,'0','0','0','0',0,'VAT rate - standard',1,NULL,NULL,0),(1171,1,117,NULL,0,'',0,'0','0','0','0',0,'VAT rate 0',0,NULL,NULL,0),(1172,1,117,NULL,0,'C+S-5',0,'2.5','1','2.5','1',0,'CGST+SGST - Same state sales',1,NULL,NULL,0),(1173,1,117,NULL,0,'I-5',5,'0','0','0','0',0,'IGST',1,NULL,NULL,0),(1174,1,117,NULL,0,'C+S-12',0,'6','1','6','1',0,'CGST+SGST - Same state sales',1,NULL,NULL,0),(1175,1,117,NULL,0,'I-12',12,'0','0','0','0',0,'IGST',1,NULL,NULL,0),(1176,1,117,NULL,0,'C+S-18',0,'9','1','9','1',0,'CGST+SGST - Same state sales',1,NULL,NULL,0),(1177,1,117,NULL,0,'I-18',18,'0','0','0','0',0,'IGST',1,NULL,NULL,0),(1178,1,117,NULL,0,'C+S-28',0,'14','1','14','1',0,'CGST+SGST - Same state sales',1,NULL,NULL,0),(1179,1,117,NULL,0,'I-28',28,'0','0','0','0',0,'IGST',1,NULL,NULL,0),(1231,1,123,NULL,0,'',0,'0','0','0','0',0,'VAT rate 0',1,NULL,NULL,0),(1232,1,123,NULL,0,'',5,'0','0','0','0',0,'VAT rate 5',1,NULL,NULL,0),(1401,1,140,NULL,0,'',0,'0','0','0','0',0,'VAT rate 0',1,NULL,NULL,0),(1402,1,140,NULL,0,'',14,'0','0','0','0',0,'VAT rate - intermediary',1,NULL,NULL,0),(1403,1,140,NULL,0,'',8,'0','0','0','0',0,'VAT rate - reduced',1,NULL,NULL,0),(1404,1,140,NULL,0,'',3,'0','0','0','0',0,'VAT rate - super-reduced',1,NULL,NULL,0),(1405,1,140,NULL,0,'',17,'0','0','0','0',0,'VAT rate - standard',1,NULL,NULL,0),(1471,1,147,NULL,0,'',0,'0','0','0','0',0,'VAT rate 0',1,NULL,NULL,0),(1481,1,148,NULL,0,'',0,'0','0','0','0',0,'VAT rate 0',1,NULL,NULL,0),(1482,1,148,NULL,0,'',7,'0','0','0','0',0,'VAT rate - reduced',1,NULL,NULL,0),(1483,1,148,NULL,0,'',5,'0','0','0','0',0,'VAT rate - super-reduced',1,NULL,NULL,0),(1484,1,148,NULL,0,'',18,'0','0','0','0',0,'VAT rate - standard',1,NULL,NULL,0),(1511,1,151,NULL,0,'',0,'0','0','0','0',0,'VAT rate 0',1,NULL,NULL,0),(1512,1,151,NULL,0,'',14,'0','0','0','0',0,'VAT rate 14',1,NULL,NULL,0),(1521,1,152,NULL,0,'',0,'0','0','0','0',0,'VAT rate 0',1,NULL,NULL,0),(1522,1,152,NULL,0,'',15,'0','0','0','0',0,'VAT rate 15',1,NULL,NULL,0),(1541,1,154,NULL,0,'',0,'0','0','0','0',0,'No VAT',1,NULL,NULL,0),(1542,1,154,NULL,0,'',16,'0','0','0','0',0,'VAT 16%',1,NULL,NULL,0),(1543,1,154,NULL,0,'',10,'0','0','0','0',0,'VAT Frontero',1,NULL,NULL,0),(1651,1,165,NULL,0,'',0,'0','0','0','0',0,'VAT rate 0',1,NULL,NULL,0),(1652,1,165,NULL,0,'',3,'0','0','0','0',0,'VAT standard 3',1,NULL,NULL,0),(1653,1,165,NULL,0,'',6,'0','0','0','0',0,'VAT standard 6',1,NULL,NULL,0),(1654,1,165,NULL,0,'',11,'0','0','0','0',0,'VAT rate - standard',1,NULL,NULL,0),(1655,1,165,NULL,0,'',22,'0','0','0','0',0,'VAT standard high',1,NULL,NULL,0),(1661,1,166,NULL,0,'',0,'0','0','0','0',0,'VAT rate 0',1,NULL,NULL,0),(1662,1,166,NULL,0,'',15,'0','0','0','0',0,'VAT rate - standard',1,NULL,NULL,0),(1691,1,169,NULL,0,'',0,'0','0','0','0',0,'VAT rate 0',1,NULL,NULL,0),(1692,1,169,NULL,0,'',5,'0','0','0','0',0,'VAT rate - standard',1,NULL,NULL,0),(1731,1,173,NULL,0,'',0,'0','0','0','0',0,'VAT rate 0',1,NULL,NULL,0),(1732,1,173,NULL,0,'',14,'0','0','0','0',0,'VAT rate - reduced',1,NULL,NULL,0),(1733,1,173,NULL,0,'',8,'0','0','0','0',0,'VAT rate - reduced',1,NULL,NULL,0),(1734,1,173,NULL,0,'',25,'0','0','0','0',0,'VAT rate - standard',1,NULL,NULL,0),(1781,1,178,NULL,0,'',0,'0','0','0','0',0,'ITBMS Rate 0',1,NULL,NULL,0),(1782,1,178,NULL,0,'',7,'0','0','0','0',0,'ITBMS standard rate',1,NULL,NULL,0),(1811,1,181,NULL,0,'',0,'0','0','0','0',0,'VAT rate 0',1,NULL,NULL,0),(1818,1,181,NULL,0,'',18,'0','0','0','0',0,'VAT rate - standard',1,NULL,NULL,0),(1841,1,184,NULL,0,'',0,'0','0','0','0',0,'VAT rate 0',1,NULL,NULL,0),(1842,1,184,NULL,0,'',8,'0','0','0','0',0,'VAT rate - reduced',1,NULL,NULL,0),(1843,1,184,NULL,0,'',3,'0','0','0','0',0,'VAT rate - reduced',1,NULL,NULL,0),(1844,1,184,NULL,0,'',23,'0','0','0','0',0,'VAT rate - standard',1,NULL,NULL,0),(1881,1,188,NULL,0,'',0,'0','0','0','0',0,'VAT rate 0',1,NULL,NULL,0),(1882,1,188,NULL,0,'',9,'0','0','0','0',0,'VAT rate - reduced',1,NULL,NULL,0),(1883,1,188,NULL,0,'',19,'0','0','0','0',0,'VAT rate - standard',1,NULL,NULL,0),(1884,1,188,NULL,0,'',5,'0','0','0','0',0,'VAT rate - reduced',1,NULL,NULL,0),(1931,1,193,NULL,0,'',0,'0','0','0','0',0,'No VAT in SPM',1,NULL,NULL,0),(2011,1,201,NULL,0,'',0,'0','0','0','0',0,'VAT rate 0',1,NULL,NULL,0),(2012,1,201,NULL,0,'',10,'0','0','0','0',0,'VAT rate - reduced',1,NULL,NULL,0),(2013,1,201,NULL,0,'',19,'0','0','0','0',0,'VAT rate - standard',1,NULL,NULL,0),(2021,1,202,NULL,0,'',0,'0','0','0','0',0,'VAT rate 0',1,NULL,NULL,0),(2022,1,202,NULL,0,'',9.5,'0','0','0','0',0,'VAT rate - reduced',1,NULL,NULL,0),(2023,1,202,NULL,0,'',22,'0','0','0','0',0,'VAT rate - standard',1,NULL,NULL,0),(2051,1,205,NULL,0,'',0,'0','0','0','0',0,'VAT rate 0',1,NULL,NULL,0),(2052,1,205,NULL,0,'',15,'0','0','0','0',0,'VAT rate - standard',1,NULL,NULL,0),(2071,1,207,NULL,0,'',0,'0','0','0','0',0,'VAT 0',1,NULL,NULL,0),(2072,1,207,NULL,0,'',15,'0','0','0','0',0,'VAT 15%',1,NULL,NULL,0),(2131,1,213,NULL,0,'',0,'0','0','0','0',0,'VAT 0',1,NULL,NULL,0),(2132,1,213,NULL,0,'',5,'0','0','0','0',0,'VAT 5%',1,NULL,NULL,0),(2261,1,226,NULL,0,'',0,'0','0','0','0',0,'VAT rate 0',1,NULL,NULL,0),(2262,1,226,NULL,0,'',20,'0','0','0','0',0,'VAT standart rate',1,NULL,NULL,0),(2321,1,232,NULL,0,'',0,'0','0','0','0',0,'No VAT',1,NULL,NULL,0),(2322,1,232,NULL,0,'',12,'0','0','0','0',0,'VAT 12%',1,NULL,NULL,0),(2323,1,232,NULL,0,'',8,'0','0','0','0',0,'VAT 8%',1,NULL,NULL,0),(2461,1,246,NULL,0,'',0,'0','0','0','0',0,'VAT rate 0',1,NULL,NULL,0);

--
-- Table structure for table `llxqf_c_type_contact`
--

CREATE TABLE `llxqf_c_type_contact` (
  `rowid` int NOT NULL AUTO_INCREMENT,
  `element` varchar(64) NOT NULL,
  `source` varchar(8) NOT NULL DEFAULT 'external',
  `code` varchar(32) NOT NULL,
  `libelle` varchar(128) DEFAULT NULL,
  `active` tinyint NOT NULL DEFAULT '1',
  `module` varchar(32) DEFAULT NULL,
  `position` int NOT NULL DEFAULT '0',
  PRIMARY KEY (`rowid`),
  UNIQUE KEY `uk_c_type_contact_id` (`element`,`source`,`code`),
  KEY `idx_c_type_contact_code` (`code`)
) ENGINE=InnoDB AUTO_INCREMENT=220 DEFAULT CHARSET=utf8mb3;

--
-- Dumping data for table `llxqf_c_type_contact`
--

INSERT INTO `llxqf_c_type_contact` VALUES (10,'contrat','internal','SALESREPSIGN','Commercial signataire du contrat',1,NULL,0),(11,'contrat','internal','SALESREPFOLL','Commercial suivi du contrat',1,NULL,0),(20,'contrat','external','BILLING','Contact client facturation contrat',1,NULL,0),(21,'contrat','external','CUSTOMER','Contact client suivi contrat',1,NULL,0),(22,'contrat','external','SALESREPSIGN','Contact client signataire contrat',1,NULL,0),(31,'propal','internal','SALESREPFOLL','Commercial à l\'origine de la propale',1,NULL,0),(40,'propal','external','BILLING','Contact client facturation propale',1,NULL,0),(41,'propal','external','CUSTOMER','Contact client suivi propale',1,NULL,0),(42,'propal','external','SHIPPING','Contact client livraison propale',1,NULL,0),(50,'facture','internal','SALESREPFOLL','Responsable suivi du paiement',1,NULL,0),(60,'facture','external','BILLING','Contact client facturation',1,NULL,0),(61,'facture','external','SHIPPING','Contact client livraison',1,NULL,0),(62,'facture','external','SERVICE','Contact client prestation',1,NULL,0),(70,'invoice_supplier','internal','SALESREPFOLL','Responsable suivi du paiement',1,NULL,0),(71,'invoice_supplier','external','BILLING','Contact fournisseur facturation',1,NULL,0),(72,'invoice_supplier','external','SHIPPING','Contact fournisseur livraison',1,NULL,0),(73,'invoice_supplier','external','SERVICE','Contact fournisseur prestation',1,NULL,0),(80,'agenda','internal','ACTOR','Responsable',1,NULL,0),(81,'agenda','internal','GUEST','Guest',1,NULL,0),(85,'agenda','external','ACTOR','Responsable',1,NULL,0),(86,'agenda','external','GUEST','Guest',1,NULL,0),(91,'commande','internal','SALESREPFOLL','Responsable suivi de la commande',1,NULL,0),(100,'commande','external','BILLING','Contact client facturation commande',1,NULL,0),(101,'commande','external','CUSTOMER','Contact client suivi commande',1,NULL,0),(102,'commande','external','SHIPPING','Contact client livraison commande',1,NULL,0),(110,'supplier_proposal','internal','SALESREPFOLL','Responsable suivi de la demande',1,NULL,0),(111,'supplier_proposal','external','BILLING','Contact fournisseur facturation',1,NULL,0),(112,'supplier_proposal','external','SHIPPING','Contact fournisseur livraison',1,NULL,0),(113,'supplier_proposal','external','SERVICE','Contact fournisseur prestation',1,NULL,0),(120,'fichinter','internal','INTERREPFOLL','Responsable suivi de l\'intervention',1,NULL,0),(121,'fichinter','internal','INTERVENING','Intervenant',1,NULL,0),(130,'fichinter','external','BILLING','Contact client facturation intervention',1,NULL,0),(131,'fichinter','external','CUSTOMER','Contact client suivi de l\'intervention',1,NULL,0),(140,'order_supplier','internal','SALESREPFOLL','Responsable suivi de la commande',1,NULL,0),(141,'order_supplier','internal','SHIPPING','Responsable réception de la commande',1,NULL,0),(142,'order_supplier','external','BILLING','Contact fournisseur facturation commande',1,NULL,0),(143,'order_supplier','external','CUSTOMER','Contact fournisseur suivi commande',1,NULL,0),(145,'order_supplier','external','SHIPPING','Contact fournisseur livraison commande',1,NULL,0),(150,'dolresource','internal','USERINCHARGE','In charge of resource',1,NULL,0),(151,'dolresource','external','THIRDINCHARGE','In charge of resource',1,NULL,0),(155,'ticket','internal','SUPPORTTEC','Utilisateur contact support',1,NULL,0),(156,'ticket','internal','CONTRIBUTOR','Intervenant',1,NULL,0),(157,'ticket','external','SUPPORTCLI','Contact client suivi incident',1,NULL,0),(158,'ticket','external','CONTRIBUTOR','Intervenant',1,NULL,0),(160,'project','internal','PROJECTLEADER','Chef de Projet',1,NULL,0),(161,'project','internal','PROJECTCONTRIBUTOR','Intervenant',1,NULL,0),(170,'project','external','PROJECTLEADER','Chef de Projet',1,NULL,0),(171,'project','external','PROJECTCONTRIBUTOR','Intervenant',1,NULL,0),(180,'project_task','internal','TASKEXECUTIVE','Responsable',1,NULL,0),(181,'project_task','internal','TASKCONTRIBUTOR','Intervenant',1,NULL,0),(190,'project_task','external','TASKEXECUTIVE','Responsable',1,NULL,0),(191,'project_task','external','TASKCONTRIBUTOR','Intervenant',1,NULL,0),(210,'conferenceorbooth','internal','MANAGER','Conference or Booth manager',1,NULL,0),(211,'conferenceorbooth','external','SPEAKER','Conference Speaker',1,NULL,0),(212,'conferenceorbooth','external','RESPONSIBLE','Booth responsible',1,NULL,0),(216,'thirdparty','internal','SALESREPTHIRD','Sales Representative',1,NULL,0),(217,'expedition','external','SHIPPING','Loading facility',1,NULL,0);

--
-- Table structure for table `llxqf_c_type_container`
--

CREATE TABLE `llxqf_c_type_container` (
  `rowid` int NOT NULL AUTO_INCREMENT,
  `code` varchar(32) NOT NULL,
  `entity` int NOT NULL DEFAULT '1',
  `label` varchar(128) DEFAULT NULL,
  `module` varchar(32) DEFAULT NULL,
  `active` tinyint NOT NULL DEFAULT '1',
  `position` int DEFAULT '0',
  `typecontainer` varchar(10) DEFAULT 'page',
  PRIMARY KEY (`rowid`),
  UNIQUE KEY `uk_c_type_container_id` (`code`,`entity`)
) ENGINE=InnoDB AUTO_INCREMENT=8 DEFAULT CHARSET=utf8mb3;

--
-- Dumping data for table `llxqf_c_type_container`
--

INSERT INTO `llxqf_c_type_container` VALUES (1,'page',1,'Page','system',1,10,'page'),(2,'banner',1,'Banner','system',1,100,'container'),(3,'blogpost',1,'BlogPost','system',1,20,'page'),(4,'menu',1,'Menu','system',1,100,'container'),(5,'other',1,'Other','system',1,100,'container'),(6,'service',1,'Service (ajax or api)','system',1,300,'library'),(7,'library',1,'Library (functions)','system',1,400,'library');

--
-- Table structure for table `llxqf_c_type_fees`
--

CREATE TABLE `llxqf_c_type_fees` (
  `id` int NOT NULL AUTO_INCREMENT,
  `code` varchar(12) NOT NULL,
  `label` varchar(128) DEFAULT NULL,
  `type` int DEFAULT '0',
  `accountancy_code` varchar(32) DEFAULT NULL,
  `active` tinyint NOT NULL DEFAULT '1',
  `module` varchar(32) DEFAULT NULL,
  `position` int NOT NULL DEFAULT '0',
  PRIMARY KEY (`id`),
  UNIQUE KEY `uk_c_type_fees` (`code`)
) ENGINE=InnoDB AUTO_INCREMENT=26 DEFAULT CHARSET=utf8mb3;

--
-- Dumping data for table `llxqf_c_type_fees`
--

INSERT INTO `llxqf_c_type_fees` VALUES (1,'TF_OTHER','Other',0,NULL,1,NULL,0),(2,'TF_TRIP','Transportation',0,NULL,1,NULL,0),(3,'TF_LUNCH','Lunch',0,NULL,1,NULL,0),(4,'EX_KME','ExpLabelKm',0,NULL,1,NULL,0),(5,'EX_FUE','ExpLabelFuelCV',0,NULL,1,NULL,0),(6,'EX_HOT','ExpLabelHotel',0,NULL,1,NULL,0),(7,'EX_PAR','ExpLabelParkingCV',0,NULL,0,NULL,0),(8,'EX_TOL','ExpLabelTollCV',0,NULL,1,NULL,0),(9,'EX_TAX','ExpLabelVariousTaxes',0,NULL,0,NULL,0),(10,'EX_IND','ExpLabelIndemnityTransSubscrip',0,NULL,1,NULL,0),(11,'EX_SUM','ExpLabelMaintenanceSupply',0,NULL,0,NULL,0),(12,'EX_SUO','ExpLabelOfficeSupplies',0,NULL,1,NULL,0),(13,'EX_CAR','ExpLabelCarRental',0,NULL,1,NULL,0),(14,'EX_DOC','ExpLabelDocumentation',0,NULL,1,NULL,0),(15,'EX_CUR','ExpLabelCustomersReceiving',0,NULL,0,NULL,0),(16,'EX_OTR','ExpLabelOtherReceiving',0,NULL,0,NULL,0),(17,'EX_POS','ExpLabelPostage',0,NULL,1,NULL,0),(18,'EX_CAM','ExpLabelMaintenanceRepairCV',0,NULL,0,NULL,0),(19,'EX_EMM','ExpLabelEmployeesMeal',0,NULL,0,NULL,0),(20,'EX_GUM','ExpLabelGuestsMeal',0,NULL,0,NULL,0),(21,'EX_BRE','ExpLabelBreakfast',0,NULL,1,NULL,0),(22,'EX_FUE_VP','ExpLabelFuelPV',0,NULL,0,NULL,0),(23,'EX_TOL_VP','ExpLabelTollPV',0,NULL,0,NULL,0),(24,'EX_PAR_VP','ExpLabelParkingPV',0,NULL,0,NULL,0),(25,'EX_CAM_VP','ExpLabelMaintenanceRepairPV',0,NULL,0,NULL,0);

--
-- Table structure for table `llxqf_c_type_resource`
--

CREATE TABLE `llxqf_c_type_resource` (
  `rowid` int NOT NULL AUTO_INCREMENT,
  `code` varchar(32) NOT NULL,
  `label` varchar(128) DEFAULT NULL,
  `active` tinyint NOT NULL DEFAULT '1',
  PRIMARY KEY (`rowid`),
  UNIQUE KEY `uk_c_type_resource_id` (`label`,`code`)
) ENGINE=InnoDB AUTO_INCREMENT=5 DEFAULT CHARSET=utf8mb3;

--
-- Dumping data for table `llxqf_c_type_resource`
--

INSERT INTO `llxqf_c_type_resource` VALUES (1,'RES_ROOMS','Rooms',1),(2,'RES_CARS','Cars',1);

--
-- Table structure for table `llxqf_c_typent`
--

CREATE TABLE `llxqf_c_typent` (
  `id` int NOT NULL,
  `code` varchar(12) NOT NULL,
  `libelle` varchar(128) DEFAULT NULL,
  `fk_country` int DEFAULT NULL,
  `active` tinyint NOT NULL DEFAULT '1',
  `module` varchar(32) DEFAULT NULL,
  `position` int NOT NULL DEFAULT '0',
  PRIMARY KEY (`id`),
  UNIQUE KEY `uk_c_typent` (`code`)
) ENGINE=InnoDB DEFAULT CHARSET=utf8mb3;

--
-- Dumping data for table `llxqf_c_typent`
--

INSERT INTO `llxqf_c_typent` VALUES (1,'TE_STARTUP','Start-up',NULL,0,NULL,0),(2,'TE_GROUP','Grand groupe',NULL,1,NULL,0),(3,'TE_MEDIUM','PME/PMI',NULL,1,NULL,0),(4,'TE_SMALL','TPE',NULL,1,NULL,0),(5,'TE_ADMIN','Administration',NULL,1,NULL,0),(6,'TE_WHOLE','Grossiste',NULL,0,NULL,0),(7,'TE_RETAIL','Revendeur',NULL,0,NULL,0),(8,'TE_PRIVATE','Particulier',NULL,1,NULL,0),(100,'TE_OTHER','Autres',NULL,1,NULL,0),(231,'TE_A_RI','Responsable Inscripto (typo A)',23,0,NULL,0),(232,'TE_B_RNI','Responsable No Inscripto (typo B)',23,0,NULL,0),(233,'TE_C_FE','Consumidor Final/Exento (typo C)',23,0,NULL,0);

--
-- Table structure for table `llxqf_c_units`
--

CREATE TABLE `llxqf_c_units` (
  `rowid` int NOT NULL AUTO_INCREMENT,
  `code` varchar(3) DEFAULT NULL,
  `sortorder` smallint DEFAULT NULL,
  `scale` int DEFAULT NULL,
  `label` varchar(128) DEFAULT NULL,
  `short_label` varchar(5) DEFAULT NULL,
  `unit_type` varchar(10) DEFAULT NULL,
  `active` tinyint NOT NULL DEFAULT '1',
  PRIMARY KEY (`rowid`),
  UNIQUE KEY `uk_c_units_code` (`code`)
) ENGINE=InnoDB AUTO_INCREMENT=37 DEFAULT CHARSET=utf8mb3;

--
-- Dumping data for table `llxqf_c_units`
--

INSERT INTO `llxqf_c_units` VALUES (1,'T',NULL,3,'WeightUnitton','T','weight',1),(2,'KG',NULL,0,'WeightUnitkg','kg','weight',1),(3,'G',NULL,-3,'WeightUnitg','g','weight',1),(4,'MG',NULL,-6,'WeightUnitmg','mg','weight',1),(5,'OZ',NULL,98,'WeightUnitounce','Oz','weight',1),(6,'LB',NULL,99,'WeightUnitpound','lb','weight',1),(7,'M',NULL,0,'SizeUnitm','m','size',1),(8,'DM',NULL,-1,'SizeUnitdm','dm','size',1),(9,'CM',NULL,-2,'SizeUnitcm','cm','size',1),(10,'MM',NULL,-3,'SizeUnitmm','mm','size',1),(11,'FT',NULL,98,'SizeUnitfoot','ft','size',1),(12,'IN',NULL,99,'SizeUnitinch','in','size',1),(13,'M2',NULL,0,'SurfaceUnitm2','m2','surface',1),(14,'DM2',NULL,-2,'SurfaceUnitdm2','dm2','surface',1),(15,'CM2',NULL,-4,'SurfaceUnitcm2','cm2','surface',1),(16,'MM2',NULL,-6,'SurfaceUnitmm2','mm2','surface',1),(17,'FT2',NULL,98,'SurfaceUnitfoot2','ft2','surface',1),(18,'IN2',NULL,99,'SurfaceUnitinch2','in2','surface',1),(19,'M3',NULL,0,'VolumeUnitm3','m3','volume',1),(20,'DM3',NULL,-3,'VolumeUnitdm3','dm3','volume',1),(21,'CM3',NULL,-6,'VolumeUnitcm3','cm3','volume',1),(22,'MM3',NULL,-9,'VolumeUnitmm3','mm3','volume',1),(23,'FT3',NULL,88,'VolumeUnitfoot3','ft3','volume',1),(24,'IN3',NULL,89,'VolumeUnitinch3','in3','volume',1),(25,'OZ3',NULL,97,'VolumeUnitounce','Oz','volume',1),(26,'L',NULL,98,'VolumeUnitlitre','L','volume',1),(27,'GAL',NULL,99,'VolumeUnitgallon','gal','volume',1),(28,'P',NULL,0,'Piece','p','qty',1),(29,'SET',NULL,0,'Set','set','qty',1),(30,'S',NULL,1,'second','s','time',1),(31,'MI',NULL,60,'minute','mn','time',1),(32,'H',NULL,3600,'hour','h','time',1),(33,'D',NULL,86400,'day','d','time',1),(34,'W',NULL,604800,'week','w','time',1),(35,'MO',NULL,2629800,'month','m','time',1),(36,'Y',NULL,31557600,'year','y','time',1);

--
-- Table structure for table `llxqf_c_ziptown`
--

CREATE TABLE `llxqf_c_ziptown` (
  `rowid` int NOT NULL AUTO_INCREMENT,
  `code` varchar(5) DEFAULT NULL,
  `fk_county` int DEFAULT NULL,
  `fk_pays` int NOT NULL DEFAULT '0',
  `zip` varchar(10) NOT NULL,
  `town` varchar(180) NOT NULL,
  `active` tinyint NOT NULL DEFAULT '1',
  `town_up` varchar(180) DEFAULT NULL,
  PRIMARY KEY (`rowid`),
  UNIQUE KEY `uk_ziptown_fk_pays` (`zip`,`town`,`fk_pays`),
  KEY `idx_c_ziptown_fk_county` (`fk_county`),
  KEY `idx_c_ziptown_fk_pays` (`fk_pays`),
  KEY `idx_c_ziptown_zip` (`zip`),
  CONSTRAINT `fk_c_ziptown_fk_county` FOREIGN KEY (`fk_county`) REFERENCES `llxqf_c_departements` (`rowid`),
  CONSTRAINT `fk_c_ziptown_fk_pays` FOREIGN KEY (`fk_pays`) REFERENCES `llxqf_c_country` (`rowid`)
) ENGINE=InnoDB DEFAULT CHARSET=utf8mb3;

--
-- Dumping data for table `llxqf_c_ziptown`
--


--
-- Table structure for table `llxqf_categorie`
--

CREATE TABLE `llxqf_categorie` (
  `rowid` int NOT NULL AUTO_INCREMENT,
  `entity` int NOT NULL DEFAULT '1',
  `fk_parent` int NOT NULL DEFAULT '0',
  `label` varchar(180) NOT NULL,
  `ref_ext` varchar(255) DEFAULT NULL,
  `type` int NOT NULL DEFAULT '1',
  `description` text,
  `color` varchar(8) DEFAULT NULL,
  `position` int DEFAULT '0',
  `fk_soc` int DEFAULT NULL,
  `visible` tinyint NOT NULL DEFAULT '1',
  `date_creation` datetime DEFAULT NULL,
  `tms` timestamp NULL DEFAULT CURRENT_TIMESTAMP ON UPDATE CURRENT_TIMESTAMP,
  `fk_user_creat` int DEFAULT NULL,
  `fk_user_modif` int DEFAULT NULL,
  `import_key` varchar(14) DEFAULT NULL,
  PRIMARY KEY (`rowid`)
) ENGINE=InnoDB AUTO_INCREMENT=23 DEFAULT CHARSET=utf8mb3;

--
-- Dumping data for table `llxqf_categorie`
--

INSERT INTO `llxqf_categorie` VALUES (16,1,0,'BIOSTIMULANTS & ENRACINEURS','',0,'','0de80d',0,NULL,0,'2022-04-24 11:03:28','2022-04-24 11:03:28',NULL,2,'20220221215929'),(17,1,0,'PRODUITS SPECIAUX','',0,'','1818e0',0,NULL,0,'2022-04-24 11:05:56','2022-04-24 11:05:56',NULL,2,'20220221215929'),(18,1,0,'CORRECTEURS DE CARENCES','',0,'','efef28',0,NULL,0,'2022-04-24 11:04:40','2022-04-24 11:04:40',NULL,2,'20220221215929'),(19,1,0,'AMENDEMENTS & CORRECTEUR DE SALINITE','',0,'','540505',0,NULL,0,'2022-04-24 11:04:07','2022-04-24 11:04:07',NULL,2,'20220221215929'),(20,1,0,'ENGRAIS HYDRO SOLUBLE HAUTE TECHNOLOGIE','',0,'','ef1c82',0,NULL,0,'2022-04-24 11:05:30','2022-04-24 11:05:30',NULL,2,'20220221215929'),(21,1,0,'PESTICIDES',NULL,0,'PESTICIDES','e50b0b',0,NULL,0,'2022-04-24 11:46:51','2022-04-24 10:46:51',2,NULL,NULL),(22,1,0,'aphytis',NULL,2,'aphytis','',0,NULL,0,'2025-02-22 15:25:58','2025-02-22 15:25:58',2,NULL,NULL);

--
-- Table structure for table `llxqf_categorie_account`
--

CREATE TABLE `llxqf_categorie_account` (
  `fk_categorie` int NOT NULL,
  `fk_account` int NOT NULL,
  `import_key` varchar(14) DEFAULT NULL,
  PRIMARY KEY (`fk_categorie`,`fk_account`),
  KEY `idx_categorie_account_fk_categorie` (`fk_categorie`),
  KEY `idx_categorie_account_fk_account` (`fk_account`),
  CONSTRAINT `fk_categorie_account_categorie_rowid` FOREIGN KEY (`fk_categorie`) REFERENCES `llxqf_categorie` (`rowid`),
  CONSTRAINT `fk_categorie_account_fk_account` FOREIGN KEY (`fk_account`) REFERENCES `llxqf_bank_account` (`rowid`)
) ENGINE=InnoDB DEFAULT CHARSET=utf8mb3;

--
-- Dumping data for table `llxqf_categorie_account`
--


--
-- Table structure for table `llxqf_categorie_actioncomm`
--

CREATE TABLE `llxqf_categorie_actioncomm` (
  `fk_categorie` int NOT NULL,
  `fk_actioncomm` int NOT NULL,
  `import_key` varchar(14) DEFAULT NULL,
  PRIMARY KEY (`fk_categorie`,`fk_actioncomm`),
  KEY `idx_categorie_actioncomm_fk_categorie` (`fk_categorie`),
  KEY `idx_categorie_actioncomm_fk_actioncomm` (`fk_actioncomm`),
  CONSTRAINT `fk_categorie_actioncomm_categorie_rowid` FOREIGN KEY (`fk_categorie`) REFERENCES `llxqf_categorie` (`rowid`),
  CONSTRAINT `fk_categorie_actioncomm_fk_actioncomm` FOREIGN KEY (`fk_actioncomm`) REFERENCES `llxqf_actioncomm` (`id`)
) ENGINE=InnoDB DEFAULT CHARSET=utf8mb3;

--
-- Dumping data for table `llxqf_categorie_actioncomm`
--


--
-- Table structure for table `llxqf_categorie_contact`
--

CREATE TABLE `llxqf_categorie_contact` (
  `fk_categorie` int NOT NULL,
  `fk_socpeople` int NOT NULL,
  `import_key` varchar(14) DEFAULT NULL,
  PRIMARY KEY (`fk_categorie`,`fk_socpeople`),
  KEY `idx_categorie_contact_fk_categorie` (`fk_categorie`),
  KEY `idx_categorie_contact_fk_socpeople` (`fk_socpeople`),
  CONSTRAINT `fk_categorie_contact_categorie_rowid` FOREIGN KEY (`fk_categorie`) REFERENCES `llxqf_categorie` (`rowid`),
  CONSTRAINT `fk_categorie_contact_fk_socpeople` FOREIGN KEY (`fk_socpeople`) REFERENCES `llxqf_socpeople` (`rowid`)
) ENGINE=InnoDB DEFAULT CHARSET=utf8mb3;

--
-- Dumping data for table `llxqf_categorie_contact`
--


--
-- Table structure for table `llxqf_categorie_fichinter`
--

CREATE TABLE `llxqf_categorie_fichinter` (
  `fk_categorie` int NOT NULL,
  `fk_fichinter` int NOT NULL,
  `import_key` varchar(14) DEFAULT NULL,
  PRIMARY KEY (`fk_categorie`,`fk_fichinter`),
  KEY `idx_categorie_fichinter_fk_categorie` (`fk_categorie`),
  KEY `idx_categorie_fichinter_fk_fichinter` (`fk_fichinter`),
  CONSTRAINT `fk_categorie_fichinter_categorie_rowid` FOREIGN KEY (`fk_categorie`) REFERENCES `llxqf_categorie` (`rowid`),
  CONSTRAINT `fk_categorie_fichinter_fk_fichinter` FOREIGN KEY (`fk_fichinter`) REFERENCES `llxqf_fichinter` (`rowid`)
) ENGINE=InnoDB DEFAULT CHARSET=utf8mb4 COLLATE=utf8mb4_0900_ai_ci;

--
-- Dumping data for table `llxqf_categorie_fichinter`
--


--
-- Table structure for table `llxqf_categorie_fournisseur`
--

CREATE TABLE `llxqf_categorie_fournisseur` (
  `fk_categorie` int NOT NULL,
  `fk_soc` int NOT NULL,
  `import_key` varchar(14) DEFAULT NULL,
  PRIMARY KEY (`fk_categorie`,`fk_soc`),
  KEY `idx_categorie_fournisseur_fk_categorie` (`fk_categorie`),
  KEY `idx_categorie_fournisseur_fk_societe` (`fk_soc`),
  CONSTRAINT `fk_categorie_fournisseur_categorie_rowid` FOREIGN KEY (`fk_categorie`) REFERENCES `llxqf_categorie` (`rowid`),
  CONSTRAINT `fk_categorie_fournisseur_fk_soc` FOREIGN KEY (`fk_soc`) REFERENCES `llxqf_societe` (`rowid`)
) ENGINE=InnoDB DEFAULT CHARSET=utf8mb3;

--
-- Dumping data for table `llxqf_categorie_fournisseur`
--


--
-- Table structure for table `llxqf_categorie_knowledgemanagement`
--

CREATE TABLE `llxqf_categorie_knowledgemanagement` (
  `fk_categorie` int NOT NULL,
  `fk_knowledgemanagement` int NOT NULL,
  `import_key` varchar(14) DEFAULT NULL,
  PRIMARY KEY (`fk_categorie`,`fk_knowledgemanagement`),
  KEY `idx_categorie_knowledgemanagement_fk_categorie` (`fk_categorie`),
  KEY `idx_categorie_knowledgemanagement_fk_knowledgemanagement` (`fk_knowledgemanagement`),
  CONSTRAINT `fk_categorie_knowledgemanagement_categorie_rowid` FOREIGN KEY (`fk_categorie`) REFERENCES `llxqf_categorie` (`rowid`),
  CONSTRAINT `fk_categorie_knowledgemanagement_knowledgemanagement_rowid` FOREIGN KEY (`fk_knowledgemanagement`) REFERENCES `llxqf_knowledgemanagement_knowledgerecord` (`rowid`)
) ENGINE=InnoDB DEFAULT CHARSET=latin1;

--
-- Dumping data for table `llxqf_categorie_knowledgemanagement`
--


--
-- Table structure for table `llxqf_categorie_lang`
--

CREATE TABLE `llxqf_categorie_lang` (
  `rowid` int NOT NULL AUTO_INCREMENT,
  `fk_category` int NOT NULL DEFAULT '0',
  `lang` varchar(5) NOT NULL DEFAULT '0',
  `label` varchar(255) NOT NULL,
  `description` text,
  PRIMARY KEY (`rowid`),
  UNIQUE KEY `uk_category_lang` (`fk_category`,`lang`),
  CONSTRAINT `fk_category_lang_fk_category` FOREIGN KEY (`fk_category`) REFERENCES `llxqf_categorie` (`rowid`)
) ENGINE=InnoDB DEFAULT CHARSET=utf8mb3;

--
-- Dumping data for table `llxqf_categorie_lang`
--


--
-- Table structure for table `llxqf_categorie_member`
--

CREATE TABLE `llxqf_categorie_member` (
  `fk_categorie` int NOT NULL,
  `fk_member` int NOT NULL,
  PRIMARY KEY (`fk_categorie`,`fk_member`),
  KEY `idx_categorie_member_fk_categorie` (`fk_categorie`),
  KEY `idx_categorie_member_fk_member` (`fk_member`),
  CONSTRAINT `fk_categorie_member_categorie_rowid` FOREIGN KEY (`fk_categorie`) REFERENCES `llxqf_categorie` (`rowid`),
  CONSTRAINT `fk_categorie_member_member_rowid` FOREIGN KEY (`fk_member`) REFERENCES `llxqf_adherent` (`rowid`)
) ENGINE=InnoDB DEFAULT CHARSET=utf8mb3;

--
-- Dumping data for table `llxqf_categorie_member`
--


--
-- Table structure for table `llxqf_categorie_product`
--

CREATE TABLE `llxqf_categorie_product` (
  `fk_categorie` int NOT NULL,
  `fk_product` int NOT NULL,
  `import_key` varchar(14) DEFAULT NULL,
  PRIMARY KEY (`fk_categorie`,`fk_product`),
  KEY `idx_categorie_product_fk_categorie` (`fk_categorie`),
  KEY `idx_categorie_product_fk_product` (`fk_product`),
  CONSTRAINT `fk_categorie_product_categorie_rowid` FOREIGN KEY (`fk_categorie`) REFERENCES `llxqf_categorie` (`rowid`),
  CONSTRAINT `fk_categorie_product_product_rowid` FOREIGN KEY (`fk_product`) REFERENCES `llxqf_product` (`rowid`)
) ENGINE=InnoDB DEFAULT CHARSET=utf8mb3;

--
-- Dumping data for table `llxqf_categorie_product`
--

INSERT INTO `llxqf_categorie_product` VALUES (16,237,'20220221220859'),(16,238,'20220221220859'),(16,239,'20220221220859'),(16,240,'20220221220859'),(16,241,'20220221220859'),(16,242,'20220221220859'),(16,243,'20220221220859'),(16,244,'20220221220859'),(16,245,'20220221220859'),(16,246,'20220221220859'),(16,247,'20220221220859'),(16,248,'20220221220859'),(17,249,'20220221220859'),(17,250,'20220221220859'),(17,251,'20220221220859'),(17,252,'20220221220859'),(17,253,'20220221220859'),(17,254,'20220221220859'),(17,255,'20220221220859'),(17,256,'20220221220859'),(17,257,'20220221220859'),(17,258,'20220221220859'),(17,259,'20220221220859'),(17,260,'20220221220859'),(17,261,'20220221220859'),(18,262,'20220221220859'),(18,263,'20220221220859'),(18,264,'20220221220859'),(18,265,'20220221220859'),(18,266,'20220221220859'),(18,267,'20220221220859'),(18,268,'20220221220859'),(18,269,'20220221220859'),(18,270,'20220221220859'),(18,271,'20220221220859'),(18,272,'20220221220859'),(18,273,'20220221220859'),(18,274,'20220221220859'),(18,275,'20220221220859'),(18,276,'20220221220859'),(18,277,'20220221220859'),(18,278,'20220221220859'),(18,279,'20220221220859'),(18,280,'20220221220859'),(18,281,'20220221220859'),(18,282,'20220221220859'),(18,283,'20220221220859'),(18,284,'20220221220859'),(18,285,'20220221220859'),(19,286,'20220221220859'),(19,287,'20220221220859'),(19,288,'20220221220859'),(19,289,'20220221220859'),(19,290,'20220221220859'),(20,291,'20220221220859'),(20,292,'20220221220859'),(20,293,'20220221220859'),(20,294,'20220221220859'),(20,295,'20220221220859'),(20,296,'20220221220859'),(20,297,'20220221220859'),(20,298,'20220221220859'),(21,300,NULL),(21,301,NULL),(21,302,NULL),(21,303,NULL),(21,308,NULL),(21,309,NULL),(21,310,NULL),(21,311,NULL),(21,312,NULL),(21,313,NULL),(21,314,NULL),(21,315,NULL),(21,316,NULL),(21,317,NULL),(21,318,NULL),(21,319,NULL),(21,320,NULL),(21,328,NULL),(21,329,NULL),(21,330,NULL),(21,331,NULL);

--
-- Table structure for table `llxqf_categorie_project`
--

CREATE TABLE `llxqf_categorie_project` (
  `fk_categorie` int NOT NULL,
  `fk_project` int NOT NULL,
  `import_key` varchar(14) DEFAULT NULL,
  PRIMARY KEY (`fk_categorie`,`fk_project`),
  KEY `idx_categorie_project_fk_categorie` (`fk_categorie`),
  KEY `idx_categorie_project_fk_project` (`fk_project`),
  CONSTRAINT `fk_categorie_project_categorie_rowid` FOREIGN KEY (`fk_categorie`) REFERENCES `llxqf_categorie` (`rowid`),
  CONSTRAINT `fk_categorie_project_fk_project_rowid` FOREIGN KEY (`fk_project`) REFERENCES `llxqf_projet` (`rowid`)
) ENGINE=InnoDB DEFAULT CHARSET=utf8mb3;

--
-- Dumping data for table `llxqf_categorie_project`
--


--
-- Table structure for table `llxqf_categorie_societe`
--

CREATE TABLE `llxqf_categorie_societe` (
  `fk_categorie` int NOT NULL,
  `fk_soc` int NOT NULL,
  `import_key` varchar(14) DEFAULT NULL,
  PRIMARY KEY (`fk_categorie`,`fk_soc`),
  KEY `idx_categorie_societe_fk_categorie` (`fk_categorie`),
  KEY `idx_categorie_societe_fk_societe` (`fk_soc`),
  CONSTRAINT `fk_categorie_societe_categorie_rowid` FOREIGN KEY (`fk_categorie`) REFERENCES `llxqf_categorie` (`rowid`),
  CONSTRAINT `fk_categorie_societe_fk_soc` FOREIGN KEY (`fk_soc`) REFERENCES `llxqf_societe` (`rowid`)
) ENGINE=InnoDB DEFAULT CHARSET=utf8mb3;

--
-- Dumping data for table `llxqf_categorie_societe`
--

INSERT INTO `llxqf_categorie_societe` VALUES (22,20,NULL);

--
-- Table structure for table `llxqf_categorie_ticket`
--

CREATE TABLE `llxqf_categorie_ticket` (
  `fk_categorie` int NOT NULL,
  `fk_ticket` int NOT NULL,
  `import_key` varchar(14) DEFAULT NULL,
  PRIMARY KEY (`fk_categorie`,`fk_ticket`),
  KEY `idx_categorie_ticket_fk_categorie` (`fk_categorie`),
  KEY `idx_categorie_ticket_fk_ticket` (`fk_ticket`),
  CONSTRAINT `fk_categorie_ticket_categorie_rowid` FOREIGN KEY (`fk_categorie`) REFERENCES `llxqf_categorie` (`rowid`),
  CONSTRAINT `fk_categorie_ticket_ticket_rowid` FOREIGN KEY (`fk_ticket`) REFERENCES `llxqf_ticket` (`rowid`)
) ENGINE=InnoDB DEFAULT CHARSET=latin1;

--
-- Dumping data for table `llxqf_categorie_ticket`
--


--
-- Table structure for table `llxqf_categorie_user`
--

CREATE TABLE `llxqf_categorie_user` (
  `fk_categorie` int NOT NULL,
  `fk_user` int NOT NULL,
  `import_key` varchar(14) DEFAULT NULL,
  PRIMARY KEY (`fk_categorie`,`fk_user`),
  KEY `idx_categorie_user_fk_categorie` (`fk_categorie`),
  KEY `idx_categorie_user_fk_user` (`fk_user`),
  CONSTRAINT `fk_categorie_user_categorie_rowid` FOREIGN KEY (`fk_categorie`) REFERENCES `llxqf_categorie` (`rowid`),
  CONSTRAINT `fk_categorie_user_fk_user` FOREIGN KEY (`fk_user`) REFERENCES `llxqf_user` (`rowid`)
) ENGINE=InnoDB DEFAULT CHARSET=utf8mb3;

--
-- Dumping data for table `llxqf_categorie_user`
--


--
-- Table structure for table `llxqf_categorie_warehouse`
--

CREATE TABLE `llxqf_categorie_warehouse` (
  `fk_categorie` int NOT NULL,
  `fk_warehouse` int NOT NULL,
  `import_key` varchar(14) DEFAULT NULL,
  PRIMARY KEY (`fk_categorie`,`fk_warehouse`),
  KEY `idx_categorie_warehouse_fk_categorie` (`fk_categorie`),
  KEY `idx_categorie_warehouse_fk_warehouse` (`fk_warehouse`),
  CONSTRAINT `fk_categorie_warehouse_categorie_rowid` FOREIGN KEY (`fk_categorie`) REFERENCES `llxqf_categorie` (`rowid`),
  CONSTRAINT `fk_categorie_warehouse_fk_warehouse_rowid` FOREIGN KEY (`fk_warehouse`) REFERENCES `llxqf_entrepot` (`rowid`)
) ENGINE=InnoDB DEFAULT CHARSET=utf8mb3;

--
-- Dumping data for table `llxqf_categorie_warehouse`
--


--
-- Table structure for table `llxqf_categorie_website_page`
--

CREATE TABLE `llxqf_categorie_website_page` (
  `fk_categorie` int NOT NULL,
  `fk_website_page` int NOT NULL,
  `import_key` varchar(14) DEFAULT NULL,
  PRIMARY KEY (`fk_categorie`,`fk_website_page`),
  KEY `idx_categorie_website_page_fk_categorie` (`fk_categorie`),
  KEY `idx_categorie_website_page_fk_website_page` (`fk_website_page`),
  CONSTRAINT `fk_categorie_websitepage_categorie_rowid` FOREIGN KEY (`fk_categorie`) REFERENCES `llxqf_categorie` (`rowid`),
  CONSTRAINT `fk_categorie_websitepage_website_page_rowid` FOREIGN KEY (`fk_website_page`) REFERENCES `llxqf_website_page` (`rowid`)
) ENGINE=InnoDB DEFAULT CHARSET=utf8mb3;

--
-- Dumping data for table `llxqf_categorie_website_page`
--


--
-- Table structure for table `llxqf_categories_extrafields`
--

CREATE TABLE `llxqf_categories_extrafields` (
  `rowid` int NOT NULL AUTO_INCREMENT,
  `tms` timestamp NULL DEFAULT CURRENT_TIMESTAMP ON UPDATE CURRENT_TIMESTAMP,
  `fk_object` int NOT NULL,
  `import_key` varchar(14) DEFAULT NULL,
  PRIMARY KEY (`rowid`),
  UNIQUE KEY `uk_categories_extrafields` (`fk_object`)
) ENGINE=InnoDB DEFAULT CHARSET=utf8mb3;

--
-- Dumping data for table `llxqf_categories_extrafields`
--


--
-- Table structure for table `llxqf_category_bank`
--

CREATE TABLE `llxqf_category_bank` (
  `rowid` int NOT NULL AUTO_INCREMENT,
  `label` varchar(255) DEFAULT NULL,
  `entity` int NOT NULL DEFAULT '1',
  PRIMARY KEY (`rowid`)
) ENGINE=InnoDB DEFAULT CHARSET=utf8mb3;

--
-- Dumping data for table `llxqf_category_bank`
--


--
-- Table structure for table `llxqf_category_bankline`
--

CREATE TABLE `llxqf_category_bankline` (
  `lineid` int NOT NULL,
  `fk_categ` int NOT NULL,
  UNIQUE KEY `uk_bank_class_lineid` (`lineid`,`fk_categ`)
) ENGINE=InnoDB DEFAULT CHARSET=utf8mb3;

--
-- Dumping data for table `llxqf_category_bankline`
--


--
-- Table structure for table `llxqf_chargesociales`
--

CREATE TABLE `llxqf_chargesociales` (
  `rowid` int NOT NULL AUTO_INCREMENT,
  `ref` varchar(16) DEFAULT NULL,
  `date_ech` datetime NOT NULL,
  `libelle` varchar(80) NOT NULL,
  `entity` int NOT NULL DEFAULT '1',
  `tms` timestamp NULL DEFAULT CURRENT_TIMESTAMP ON UPDATE CURRENT_TIMESTAMP,
  `date_creation` datetime DEFAULT NULL,
  `date_valid` datetime DEFAULT NULL,
  `fk_user` int DEFAULT NULL,
  `fk_user_author` int DEFAULT NULL,
  `fk_user_modif` int DEFAULT NULL,
  `fk_user_valid` int DEFAULT NULL,
  `fk_type` int NOT NULL,
  `fk_account` int DEFAULT NULL,
  `fk_mode_reglement` int DEFAULT NULL,
  `amount` double(24,8) NOT NULL DEFAULT '0.00000000',
  `paye` smallint NOT NULL DEFAULT '0',
  `periode` date DEFAULT NULL,
  `fk_projet` int DEFAULT NULL,
  `import_key` varchar(14) DEFAULT NULL,
  `note_private` text,
  `note_public` text,
  PRIMARY KEY (`rowid`),
  KEY `idx_chargesociales_fk_type` (`fk_type`),
  KEY `idx_chargesociales_fk_account` (`fk_account`),
  KEY `idx_chargesociales_fk_mode_reglement` (`fk_mode_reglement`),
  KEY `idx_chargesociales_fk_user_author` (`fk_user_author`),
  KEY `idx_chargesociales_fk_user_modif` (`fk_user_modif`),
  KEY `idx_chargesociales_fk_user_valid` (`fk_user_valid`),
  KEY `idx_chargesociales_fk_projet` (`fk_projet`),
  KEY `idx_chargesociales_fk_user` (`fk_user`)
) ENGINE=InnoDB DEFAULT CHARSET=utf8mb3;

--
-- Dumping data for table `llxqf_chargesociales`
--


--
-- Table structure for table `llxqf_commande`
--

CREATE TABLE `llxqf_commande` (
  `rowid` int NOT NULL AUTO_INCREMENT,
  `ref` varchar(30) NOT NULL,
  `entity` int NOT NULL DEFAULT '1',
  `ref_ext` varchar(255) DEFAULT NULL,
  `ref_int` varchar(255) DEFAULT NULL,
  `ref_client` varchar(255) DEFAULT NULL,
  `fk_soc` int NOT NULL,
  `fk_projet` int DEFAULT NULL,
  `tms` timestamp NULL DEFAULT CURRENT_TIMESTAMP ON UPDATE CURRENT_TIMESTAMP,
  `date_creation` datetime DEFAULT NULL,
  `date_valid` datetime DEFAULT NULL,
  `date_cloture` datetime DEFAULT NULL,
  `date_commande` date DEFAULT NULL,
  `fk_user_author` int DEFAULT NULL,
  `fk_user_modif` int DEFAULT NULL,
  `fk_user_valid` int DEFAULT NULL,
  `fk_user_cloture` int DEFAULT NULL,
  `source` smallint DEFAULT NULL,
  `fk_statut` smallint DEFAULT '0',
  `amount_ht` double(24,8) DEFAULT '0.00000000',
  `remise_percent` double DEFAULT '0',
  `remise_absolue` double DEFAULT '0',
  `remise` double DEFAULT '0',
  `total_tva` double(24,8) DEFAULT '0.00000000',
  `localtax1` double(24,8) DEFAULT '0.00000000',
  `localtax2` double(24,8) DEFAULT '0.00000000',
  `revenuestamp` double(24,8) DEFAULT '0.00000000',
  `total_ht` double(24,8) DEFAULT '0.00000000',
  `total_ttc` double(24,8) DEFAULT '0.00000000',
  `signed_status` smallint DEFAULT NULL,
  `note_private` text,
  `note_public` text,
  `model_pdf` varchar(255) DEFAULT NULL,
  `last_main_doc` varchar(255) DEFAULT NULL,
  `module_source` varchar(32) DEFAULT NULL,
  `pos_source` varchar(32) DEFAULT NULL,
  `facture` tinyint DEFAULT '0',
  `fk_account` int DEFAULT NULL,
  `fk_currency` varchar(3) DEFAULT NULL,
  `fk_cond_reglement` int DEFAULT NULL,
  `deposit_percent` varchar(63) DEFAULT NULL,
  `fk_mode_reglement` int DEFAULT NULL,
  `date_livraison` datetime DEFAULT NULL,
  `fk_shipping_method` int DEFAULT NULL,
  `fk_warehouse` int DEFAULT NULL,
  `fk_availability` int DEFAULT NULL,
  `fk_input_reason` int DEFAULT NULL,
  `fk_delivery_address` int DEFAULT NULL,
  `fk_incoterms` int DEFAULT NULL,
  `location_incoterms` varchar(255) DEFAULT NULL,
  `import_key` varchar(14) DEFAULT NULL,
  `extraparams` varchar(255) DEFAULT NULL,
  `fk_multicurrency` int DEFAULT NULL,
  `multicurrency_code` varchar(3) DEFAULT NULL,
  `multicurrency_tx` double(24,8) DEFAULT '1.00000000',
  `multicurrency_total_ht` double(24,8) DEFAULT '0.00000000',
  `multicurrency_total_tva` double(24,8) DEFAULT '0.00000000',
  `multicurrency_total_ttc` double(24,8) DEFAULT '0.00000000',
  PRIMARY KEY (`rowid`),
  UNIQUE KEY `uk_commande_ref` (`ref`,`entity`),
  KEY `idx_commande_fk_soc` (`fk_soc`),
  KEY `idx_commande_fk_user_author` (`fk_user_author`),
  KEY `idx_commande_fk_user_valid` (`fk_user_valid`),
  KEY `idx_commande_fk_user_cloture` (`fk_user_cloture`),
  KEY `idx_commande_fk_projet` (`fk_projet`),
  KEY `idx_commande_fk_account` (`fk_account`),
  KEY `idx_commande_fk_currency` (`fk_currency`),
  CONSTRAINT `fk_commande_fk_projet` FOREIGN KEY (`fk_projet`) REFERENCES `llxqf_projet` (`rowid`),
  CONSTRAINT `fk_commande_fk_soc` FOREIGN KEY (`fk_soc`) REFERENCES `llxqf_societe` (`rowid`),
  CONSTRAINT `fk_commande_fk_user_author` FOREIGN KEY (`fk_user_author`) REFERENCES `llxqf_user` (`rowid`),
  CONSTRAINT `fk_commande_fk_user_cloture` FOREIGN KEY (`fk_user_cloture`) REFERENCES `llxqf_user` (`rowid`),
  CONSTRAINT `fk_commande_fk_user_valid` FOREIGN KEY (`fk_user_valid`) REFERENCES `llxqf_user` (`rowid`)
) ENGINE=InnoDB AUTO_INCREMENT=4 DEFAULT CHARSET=utf8mb3;

--
-- Dumping data for table `llxqf_commande`
--

INSERT INTO `llxqf_commande` VALUES (3,'CO2201-0001',1,NULL,NULL,NULL,8,NULL,'2022-03-22 15:07:58','2022-03-22 15:03:46','2022-03-22 15:07:58',NULL,'2022-01-03',2,NULL,2,NULL,NULL,1,0.00000000,0,NULL,0,1362.00000000,0.00000000,0.00000000,0.00000000,6810.00000000,8172.00000000,NULL,'','','einstein','commande/CO2201-0001/CO2201-0001.pdf',NULL,NULL,0,NULL,NULL,NULL,NULL,NULL,'2022-01-03 00:00:00',NULL,NULL,NULL,NULL,NULL,0,'',NULL,NULL,0,'MAD',1.00000000,6810.00000000,1362.00000000,8172.00000000);

--
-- Table structure for table `llxqf_commande_extrafields`
--

CREATE TABLE `llxqf_commande_extrafields` (
  `rowid` int NOT NULL AUTO_INCREMENT,
  `tms` timestamp NULL DEFAULT CURRENT_TIMESTAMP ON UPDATE CURRENT_TIMESTAMP,
  `fk_object` int NOT NULL,
  `import_key` varchar(14) DEFAULT NULL,
  PRIMARY KEY (`rowid`),
  UNIQUE KEY `uk_commande_extrafields` (`fk_object`)
) ENGINE=InnoDB DEFAULT CHARSET=utf8mb3;

--
-- Dumping data for table `llxqf_commande_extrafields`
--


--
-- Table structure for table `llxqf_commande_fournisseur`
--

CREATE TABLE `llxqf_commande_fournisseur` (
  `rowid` int NOT NULL AUTO_INCREMENT,
  `ref` varchar(180) NOT NULL,
  `entity` int NOT NULL DEFAULT '1',
  `ref_ext` varchar(255) DEFAULT NULL,
  `ref_supplier` varchar(255) DEFAULT NULL,
  `fk_soc` int NOT NULL,
  `fk_projet` int DEFAULT '0',
  `tms` timestamp NULL DEFAULT CURRENT_TIMESTAMP ON UPDATE CURRENT_TIMESTAMP,
  `date_creation` datetime DEFAULT NULL,
  `date_valid` datetime DEFAULT NULL,
  `date_approve` datetime DEFAULT NULL,
  `date_approve2` datetime DEFAULT NULL,
  `date_commande` date DEFAULT NULL,
  `fk_user_author` int DEFAULT NULL,
  `fk_user_modif` int DEFAULT NULL,
  `fk_user_valid` int DEFAULT NULL,
  `fk_user_approve` int DEFAULT NULL,
  `fk_user_approve2` int DEFAULT NULL,
  `source` smallint NOT NULL,
  `fk_statut` smallint DEFAULT '0',
  `billed` smallint DEFAULT '0',
  `amount_ht` double(24,8) DEFAULT '0.00000000',
  `remise_percent` double DEFAULT '0',
  `remise` double DEFAULT '0',
  `total_tva` double(24,8) DEFAULT '0.00000000',
  `localtax1` double(24,8) DEFAULT '0.00000000',
  `localtax2` double(24,8) DEFAULT '0.00000000',
  `total_ht` double(24,8) DEFAULT '0.00000000',
  `total_ttc` double(24,8) DEFAULT '0.00000000',
  `note_private` text,
  `note_public` text,
  `model_pdf` varchar(255) DEFAULT NULL,
  `last_main_doc` varchar(255) DEFAULT NULL,
  `date_livraison` datetime DEFAULT NULL,
  `fk_account` int DEFAULT NULL,
  `fk_cond_reglement` int DEFAULT NULL,
  `fk_mode_reglement` int DEFAULT NULL,
  `fk_input_method` int DEFAULT '0',
  `fk_incoterms` int DEFAULT NULL,
  `location_incoterms` varchar(255) DEFAULT NULL,
  `import_key` varchar(14) DEFAULT NULL,
  `extraparams` varchar(255) DEFAULT NULL,
  `fk_multicurrency` int DEFAULT NULL,
  `multicurrency_code` varchar(3) DEFAULT NULL,
  `multicurrency_tx` double(24,8) DEFAULT '1.00000000',
  `multicurrency_total_ht` double(24,8) DEFAULT '0.00000000',
  `multicurrency_total_tva` double(24,8) DEFAULT '0.00000000',
  `multicurrency_total_ttc` double(24,8) DEFAULT '0.00000000',
  PRIMARY KEY (`rowid`),
  UNIQUE KEY `uk_commande_fournisseur_ref` (`ref`,`entity`),
  KEY `idx_commande_fournisseur_fk_soc` (`fk_soc`),
  KEY `billed` (`billed`),
  CONSTRAINT `fk_commande_fournisseur_fk_soc` FOREIGN KEY (`fk_soc`) REFERENCES `llxqf_societe` (`rowid`)
) ENGINE=InnoDB AUTO_INCREMENT=189 DEFAULT CHARSET=utf8mb3;

--
-- Dumping data for table `llxqf_commande_fournisseur`
--

INSERT INTO `llxqf_commande_fournisseur` VALUES (3,'PO2203-0002',1,NULL,'BL-202202-01397',49,NULL,'2022-03-30 13:59:32','2022-03-22 18:43:05','2022-03-22 18:44:22','2022-03-22 18:44:22',NULL,'2022-02-08',2,2,2,2,NULL,0,5,0,0.00000000,0,0,0.00000000,0.00000000,0.00000000,5700.00000000,5700.00000000,'','','muscadet','fournisseur/commande/PO2203-0002/PO2203-0002.pdf','2022-02-08 00:00:00',NULL,1,NULL,4,0,'',NULL,NULL,0,'MAD',1.00000000,5700.00000000,0.00000000,5700.00000000),(4,'PO2203-0003',1,NULL,'bl002',49,NULL,'2022-03-22 21:54:32','2022-03-22 21:47:20','2022-03-22 21:50:15','2022-03-22 21:50:15',NULL,'2022-01-01',2,NULL,2,2,NULL,0,5,0,0.00000000,0,0,0.00000000,0.00000000,0.00000000,4950.00000000,4950.00000000,'','','muscadet','fournisseur/commande/PO2203-0003/PO2203-0003.pdf','2022-01-01 00:00:00',NULL,1,NULL,4,0,'',NULL,NULL,0,'MAD',1.00000000,4950.00000000,0.00000000,4950.00000000),(6,'PO2203-0004',1,NULL,'',15,NULL,'2022-03-23 00:27:47','2022-03-23 00:17:48','2022-03-23 00:23:56','2022-03-23 00:23:56',NULL,'2022-01-24',2,NULL,2,2,NULL,0,5,0,0.00000000,0,0,0.00000000,0.00000000,0.00000000,0.00000000,0.00000000,'','','muscadet','fournisseur/commande/PO2203-0004/PO2203-0004.pdf','2022-02-10 00:00:00',NULL,1,2,3,0,'',NULL,NULL,0,'MAD',1.00000000,0.00000000,0.00000000,0.00000000),(7,'PO2203-0005',1,NULL,'BL-202202-02177',49,NULL,'2022-03-27 23:36:29','2022-03-28 00:33:10','2022-03-28 00:34:40','2022-03-28 00:34:40',NULL,'2022-03-28',2,NULL,2,2,NULL,0,5,0,0.00000000,0,0,0.00000000,0.00000000,0.00000000,5400.00000000,5400.00000000,'','','muscadet','fournisseur/commande/PO2203-0005/PO2203-0005.pdf','2022-02-25 00:00:00',NULL,1,NULL,4,0,'',NULL,NULL,0,'MAD',1.00000000,5400.00000000,0.00000000,5400.00000000),(8,'PO2203-0006',1,NULL,'BL-202202-01116',49,NULL,'2022-03-30 14:24:32','2022-03-30 15:04:21','2022-03-30 15:06:34','2022-03-30 15:06:34',NULL,'2022-02-02',2,NULL,2,2,NULL,0,5,0,0.00000000,0,0,76.00000000,0.00000000,0.00000000,560.00000000,636.00000000,'','','muscadet','fournisseur/commande/PO2203-0006/PO2203-0006.pdf','2022-02-02 00:00:00',NULL,1,NULL,4,0,'',NULL,NULL,0,'MAD',1.00000000,560.00000000,76.00000000,636.00000000),(9,'PO2203-0007',1,NULL,'BL-202203-03080',49,NULL,'2022-03-30 14:19:56','2022-03-30 15:15:42','2022-03-30 15:18:07','2022-03-30 15:18:07',NULL,'2022-03-17',2,NULL,2,2,NULL,0,5,0,0.00000000,0,0,0.00000000,0.00000000,0.00000000,8193.00000000,8193.00000000,'','','muscadet','fournisseur/commande/PO2203-0007/PO2203-0007.pdf','2022-03-17 00:00:00',NULL,1,NULL,4,0,'',NULL,NULL,0,'MAD',1.00000000,8193.00000000,0.00000000,8193.00000000),(12,'PO2203-0008',1,NULL,'BL/14717',60,NULL,'2022-03-30 22:28:59','2022-03-30 23:23:37','2022-03-30 23:27:00','2022-03-30 23:27:00',NULL,'2022-02-23',2,NULL,2,2,NULL,0,5,0,0.00000000,0,0,0.00000000,0.00000000,0.00000000,6800.00000000,6800.00000000,'','','muscadet','fournisseur/commande/PO2203-0008/PO2203-0008.pdf',NULL,NULL,5,7,4,0,'',NULL,NULL,0,'MAD',1.00000000,6800.00000000,0.00000000,6800.00000000),(13,'PO2203-0009',1,NULL,'BL14740',60,NULL,'2022-03-30 22:36:36','2022-03-30 23:30:49','2022-03-30 23:34:42','2022-03-30 23:34:42',NULL,'2022-03-26',2,NULL,2,2,NULL,0,5,0,0.00000000,0,0,0.00000000,0.00000000,0.00000000,22580.00000000,22580.00000000,'','','muscadet','fournisseur/commande/PO2203-0009/PO2203-0009.pdf','2022-03-26 00:00:00',NULL,1,7,4,0,'',NULL,NULL,0,'MAD',1.00000000,22580.00000000,0.00000000,22580.00000000),(14,'PO2203-0010',1,NULL,'BL/14741',60,NULL,'2022-03-30 22:40:44','2022-03-30 23:37:27','2022-03-30 23:39:37','2022-03-30 23:39:37',NULL,'2022-03-30',2,NULL,2,2,NULL,0,5,0,0.00000000,0,0,0.00000000,0.00000000,0.00000000,6800.00000000,6800.00000000,'','','muscadet','fournisseur/commande/PO2203-0010/PO2203-0010.pdf','2022-03-30 00:00:00',NULL,1,7,4,0,'',NULL,NULL,0,'MAD',1.00000000,6800.00000000,0.00000000,6800.00000000),(15,'PO2203-0011',1,NULL,'14742',60,NULL,'2022-03-30 22:47:06','2022-03-30 23:41:25','2022-03-30 23:42:06','2022-03-30 23:42:07',NULL,'2022-03-30',2,2,2,2,NULL,0,5,0,0.00000000,0,0,0.00000000,0.00000000,0.00000000,3400.00000000,3400.00000000,'','','muscadet','fournisseur/commande/PO2203-0011/PO2203-0011.pdf','2022-03-30 00:00:00',NULL,1,7,4,0,'',NULL,NULL,0,'MAD',1.00000000,3400.00000000,0.00000000,3400.00000000),(16,'(PROV16)',1,NULL,'BL-202203-03155',49,NULL,'2022-04-08 23:17:27','2022-04-09 00:17:27',NULL,NULL,NULL,NULL,2,NULL,NULL,NULL,NULL,0,0,0,0.00000000,0,0,0.00000000,0.00000000,0.00000000,0.00000000,0.00000000,'','','muscadet',NULL,'2022-03-19 00:00:00',NULL,1,NULL,0,0,'',NULL,NULL,0,'MAD',1.00000000,0.00000000,0.00000000,0.00000000),(17,'PO2204-0012',1,NULL,'BL-202203-03155',49,NULL,'2022-04-08 23:45:22','2022-04-09 00:41:03','2022-04-09 00:43:06','2022-04-09 00:43:06',NULL,'2022-03-19',2,NULL,2,2,NULL,0,5,0,0.00000000,0,0,0.00000000,0.00000000,0.00000000,10440.00000000,10440.00000000,'','','muscadet','fournisseur/commande/PO2204-0012/PO2204-0012.pdf','2022-03-19 00:00:00',NULL,1,NULL,4,0,'',NULL,NULL,0,'MAD',1.00000000,10440.00000000,0.00000000,10440.00000000),(18,'PO2204-0013',1,NULL,'BL-202203-03381',49,NULL,'2022-04-08 23:53:08','2022-04-09 00:49:12','2022-04-09 00:51:02','2022-04-09 00:51:02',NULL,'2022-03-23',2,NULL,2,2,NULL,0,5,0,0.00000000,0,0,0.00000000,0.00000000,0.00000000,147555.20000000,147555.20000000,'','','muscadet','fournisseur/commande/PO2204-0013/PO2204-0013.pdf','2022-03-23 00:00:00',NULL,1,NULL,4,0,'',NULL,NULL,0,'MAD',1.00000000,147555.20000000,0.00000000,147555.20000000),(19,'PO2204-0014',1,NULL,'BL-202203-03458',49,NULL,'2022-04-08 23:58:54','2022-04-09 00:56:13','2022-04-09 00:57:17','2022-04-09 00:57:17',NULL,'2022-03-25',2,NULL,2,2,NULL,0,5,0,0.00000000,0,0,0.00000000,0.00000000,0.00000000,11245.00000000,11245.00000000,'','','muscadet','fournisseur/commande/PO2204-0014/PO2204-0014.pdf','2022-03-25 00:00:00',NULL,1,NULL,4,0,'',NULL,NULL,0,'MAD',1.00000000,11245.00000000,0.00000000,11245.00000000),(20,'PO2204-0015',1,NULL,'BL-202203-03466',49,NULL,'2022-04-09 00:04:32','2022-04-09 01:01:16','2022-04-09 01:03:25','2022-04-09 01:03:25',NULL,'2022-03-25',2,NULL,2,2,NULL,0,5,0,0.00000000,0,0,0.00000000,0.00000000,0.00000000,13296.00000000,13296.00000000,'','','muscadet','fournisseur/commande/PO2204-0015/PO2204-0015.pdf','2022-03-25 00:00:00',NULL,1,NULL,4,0,'',NULL,NULL,0,'MAD',1.00000000,13296.00000000,0.00000000,13296.00000000),(21,'PO2204-0016',1,NULL,'BL-202204-04155',49,NULL,'2022-04-09 00:13:11','2022-04-09 01:11:17','2022-04-09 01:12:09','2022-04-09 01:12:09',NULL,'2022-04-08',2,NULL,2,2,NULL,0,5,0,0.00000000,0,0,0.00000000,0.00000000,0.00000000,2950.00000000,2950.00000000,'','','muscadet','fournisseur/commande/PO2204-0016/PO2204-0016.pdf','2022-04-08 00:00:00',NULL,1,NULL,4,0,'',NULL,NULL,0,'MAD',1.00000000,2950.00000000,0.00000000,2950.00000000),(22,'PO2204-0017',1,NULL,'BL/011561',60,NULL,'2022-04-09 00:28:32','2022-04-09 01:24:34','2022-04-09 01:26:39','2022-04-09 01:26:39',NULL,'2022-04-08',2,NULL,2,2,NULL,0,5,0,0.00000000,0,0,0.00000000,0.00000000,0.00000000,11210.00000000,11210.00000000,'','','muscadet','fournisseur/commande/PO2204-0017/PO2204-0017.pdf','2022-04-08 00:00:00',NULL,1,7,4,0,'',NULL,NULL,0,'MAD',1.00000000,11210.00000000,0.00000000,11210.00000000),(23,'PO2204-0018',1,NULL,'96051265',16,NULL,'2022-04-13 17:14:13','2022-04-13 17:59:30','2022-04-13 18:11:23','2022-04-13 18:11:23',NULL,'2022-01-04',2,NULL,2,2,NULL,0,5,0,0.00000000,0,0,55200.00000000,0.00000000,0.00000000,344800.00000000,400000.00000000,'','','muscadet','fournisseur/commande/PO2204-0018/PO2204-0018.pdf','2022-04-12 00:00:00',NULL,1,2,3,5,'',NULL,NULL,0,'MAD',1.00000000,344800.00000000,55200.00000000,400000.00000000),(24,'(PROV24)',1,NULL,'FXE 220 012',15,NULL,'2022-04-23 09:22:19','2022-04-23 10:18:08',NULL,NULL,NULL,NULL,2,NULL,NULL,NULL,NULL,0,0,0,0.00000000,0,0,0.00000000,0.00000000,0.00000000,0.00000000,0.00000000,'','','muscadet','fournisseur/commande/(PROV24)/(PROV24).pdf','2022-04-23 00:00:00',NULL,1,NULL,0,0,'',NULL,NULL,0,'MAD',1.00000000,0.00000000,0.00000000,0.00000000),(25,'PO2204-0019',1,NULL,'FXE 220 012',15,NULL,'2022-06-28 09:20:15','2022-04-23 14:21:46','2022-04-23 14:30:33','2022-04-23 14:30:33',NULL,'2022-03-03',2,NULL,2,2,NULL,0,4,0,0.00000000,0,0,0.00000000,0.00000000,0.00000000,43930.00000000,43930.00000000,'','','muscadet','fournisseur/commande/PO2204-0019/PO2204-0019.pdf','2022-04-23 00:00:00',NULL,15,2,3,5,'CASABLANCA',NULL,NULL,0,'MAD',1.00000000,43930.00000000,0.00000000,43930.00000000),(26,'PO2204-0020',1,NULL,'96051441',16,NULL,'2022-04-27 00:00:22','2022-04-27 00:56:12','2022-04-27 00:58:14','2022-04-27 00:58:14',NULL,'2022-03-07',2,NULL,2,2,NULL,0,5,0,0.00000000,0,0,0.00000000,0.00000000,0.00000000,42480.00000000,42480.00000000,'','','muscadet','fournisseur/commande/PO2204-0020/PO2204-0020.pdf','2022-04-22 00:00:00',NULL,14,2,3,5,'CASABLANCA',NULL,NULL,0,'MAD',1.00000000,42480.00000000,0.00000000,42480.00000000),(27,'PO2204-0021',1,NULL,'00003',60,NULL,'2022-04-27 22:27:27','2022-04-27 23:24:40','2022-04-27 23:25:36','2022-04-27 23:25:36',NULL,'2022-04-22',2,NULL,2,2,NULL,0,5,0,0.00000000,0,0,0.00000000,0.00000000,0.00000000,7800.00000000,7800.00000000,'','','muscadet','fournisseur/commande/PO2204-0021/PO2204-0021.pdf','2022-04-22 00:00:00',NULL,15,7,4,0,'',NULL,NULL,0,'MAD',1.00000000,7800.00000000,0.00000000,7800.00000000),(28,'PO2204-0022',1,NULL,'00003',60,NULL,'2022-04-28 12:14:31','2022-04-28 13:11:15','2022-04-28 13:13:10','2022-04-28 13:13:10',NULL,'2022-04-27',2,NULL,2,2,NULL,0,5,0,0.00000000,0,0,0.00000000,0.00000000,0.00000000,5400.00000000,5400.00000000,'','','muscadet','fournisseur/commande/PO2204-0022/PO2204-0022.pdf','2022-04-28 00:00:00',NULL,15,7,4,0,'',NULL,NULL,0,'MAD',1.00000000,5400.00000000,0.00000000,5400.00000000),(29,'PO2205-0023',1,NULL,'73987',68,NULL,'2022-05-08 21:58:56','2022-05-08 22:56:20','2022-05-08 22:57:22','2022-05-08 22:57:22',NULL,'2022-04-26',2,NULL,2,2,NULL,0,5,0,0.00000000,0,0,0.00000000,0.00000000,0.00000000,12950.00000000,12950.00000000,'','','muscadet','fournisseur/commande/PO2205-0023/PO2205-0023.pdf','2022-04-26 00:00:00',NULL,15,7,4,0,'',NULL,NULL,0,'MAD',1.00000000,12950.00000000,0.00000000,12950.00000000),(30,'PO2205-0024',1,NULL,'000036',49,NULL,'2022-05-10 22:48:22','2022-05-10 23:46:21','2022-05-10 23:47:06','2022-05-10 23:47:06',NULL,'2022-05-10',2,NULL,2,2,NULL,0,5,0,0.00000000,0,0,0.00000000,0.00000000,0.00000000,47410.00000000,47410.00000000,'','','muscadet','fournisseur/commande/PO2205-0024/PO2205-0024.pdf',NULL,NULL,1,NULL,4,0,'',NULL,NULL,0,'MAD',1.00000000,47410.00000000,0.00000000,47410.00000000),(31,'PO2205-0025',1,NULL,'Bl 11585',60,NULL,'2022-05-11 18:06:57','2022-05-11 19:04:33','2022-05-11 19:05:19','2022-05-11 19:05:19',NULL,'2022-05-11',2,NULL,2,2,NULL,0,5,0,0.00000000,0,0,0.00000000,0.00000000,0.00000000,2550.00000000,2550.00000000,'','','muscadet','fournisseur/commande/PO2205-0025/PO2205-0025.pdf',NULL,NULL,15,7,3,0,'',NULL,NULL,0,'MAD',1.00000000,2550.00000000,0.00000000,2550.00000000),(32,'PO2205-0026',1,NULL,'LIVAGROSAFOUAN',68,NULL,'2022-05-27 05:37:29','2022-05-27 06:34:00','2022-05-27 06:35:01','2022-05-27 06:35:02',NULL,'2022-05-23',2,NULL,2,2,NULL,0,5,0,0.00000000,0,0,0.00000000,0.00000000,0.00000000,21000.00000000,21000.00000000,'','','muscadet','fournisseur/commande/PO2205-0026/PO2205-0026.pdf',NULL,NULL,15,7,4,0,'',NULL,NULL,0,'MAD',1.00000000,21000.00000000,0.00000000,21000.00000000),(33,'PO2205-0027',1,NULL,'DELTA',69,NULL,'2022-05-27 05:57:13','2022-05-27 06:55:26','2022-05-27 06:56:12','2022-05-27 06:56:12',NULL,'2022-05-26',2,NULL,2,2,NULL,0,5,0,0.00000000,0,0,0.00000000,0.00000000,0.00000000,2800.00000000,2800.00000000,'','','muscadet','fournisseur/commande/PO2205-0027/PO2205-0027.pdf','2022-05-26 00:00:00',NULL,15,4,4,0,'',NULL,NULL,0,'MAD',1.00000000,2800.00000000,0.00000000,2800.00000000),(34,'PO2205-0028',1,NULL,'LSIDISLIMAN',68,NULL,'2022-05-27 06:04:22','2022-05-27 07:01:48','2022-05-27 07:02:58','2022-05-27 07:02:58',NULL,'2022-05-23',2,NULL,2,2,NULL,0,5,0,0.00000000,0,0,0.00000000,0.00000000,0.00000000,27000.00000000,27000.00000000,'','','muscadet','fournisseur/commande/PO2205-0028/PO2205-0028.pdf','2022-05-24 00:00:00',NULL,15,7,4,0,'',NULL,NULL,0,'MAD',1.00000000,27000.00000000,0.00000000,27000.00000000),(35,'(PROV35)',1,NULL,'BL-202205-06891',49,NULL,'2022-05-27 06:16:34','2022-05-27 07:16:34',NULL,NULL,NULL,NULL,2,NULL,NULL,NULL,NULL,0,0,0,0.00000000,0,0,0.00000000,0.00000000,0.00000000,0.00000000,0.00000000,'','','muscadet',NULL,'2022-05-24 00:00:00',NULL,1,4,0,0,'',NULL,NULL,0,'MAD',1.00000000,0.00000000,0.00000000,0.00000000),(36,'PO2205-0029',1,NULL,'BL-202205-06891',49,NULL,'2022-05-27 06:21:15','2022-05-27 07:19:32','2022-05-27 07:20:09','2022-05-27 07:20:09',NULL,'2022-05-24',2,NULL,2,2,NULL,0,5,0,0.00000000,0,0,0.00000000,0.00000000,0.00000000,6500.00000000,6500.00000000,'','','muscadet','fournisseur/commande/PO2205-0029/PO2205-0029.pdf','2022-05-24 00:00:00',NULL,1,4,4,0,'',NULL,NULL,0,'MAD',1.00000000,6500.00000000,0.00000000,6500.00000000),(37,'PO2206-0030',1,NULL,'',71,NULL,'2022-06-02 22:53:22','2022-06-02 23:49:23','2022-06-02 23:51:05','2022-06-02 23:51:05',NULL,'2022-06-02',2,NULL,2,2,NULL,0,5,0,0.00000000,0,0,0.00000000,0.00000000,0.00000000,9584.57000000,9584.57000000,'','','muscadet','fournisseur/commande/PO2206-0030/PO2206-0030.pdf','2022-06-02 00:00:00',NULL,1,7,4,0,'',NULL,NULL,1,'MAD',1.00000000,9584.57000000,0.00000000,9584.57000000),(38,'(PROV38)',1,NULL,'96052103',16,NULL,'2022-06-11 13:27:12','2022-06-11 14:27:12',NULL,NULL,NULL,NULL,2,NULL,NULL,NULL,NULL,0,0,0,0.00000000,0,0,0.00000000,0.00000000,0.00000000,0.00000000,0.00000000,'','','muscadet',NULL,'2022-06-08 00:00:00',NULL,14,2,0,0,'',NULL,NULL,1,'MAD',1.00000000,0.00000000,0.00000000,0.00000000),(39,'(PROV39)',1,NULL,'96052103',16,NULL,'2022-06-11 13:29:54','2022-06-11 14:29:54',NULL,NULL,NULL,NULL,2,NULL,NULL,NULL,NULL,0,0,0,0.00000000,0,0,0.00000000,0.00000000,0.00000000,0.00000000,0.00000000,'','','muscadet',NULL,'2022-06-08 00:00:00',NULL,14,2,0,0,'',NULL,NULL,1,'MAD',1.00000000,0.00000000,0.00000000,0.00000000),(40,'(PROV40)',1,NULL,'96052103',16,NULL,'2022-06-13 07:00:53','2022-06-13 08:00:53',NULL,NULL,NULL,NULL,2,NULL,NULL,NULL,NULL,0,0,0,0.00000000,0,0,0.00000000,0.00000000,0.00000000,0.00000000,0.00000000,'','','muscadet',NULL,NULL,NULL,1,2,0,0,'',NULL,NULL,1,'MAD',1.00000000,0.00000000,0.00000000,0.00000000),(41,'(PROV41)',1,NULL,'96052103',16,NULL,'2022-06-13 07:02:31','2022-06-13 08:02:31',NULL,NULL,NULL,NULL,2,NULL,NULL,NULL,NULL,0,0,0,0.00000000,0,0,0.00000000,0.00000000,0.00000000,0.00000000,0.00000000,'','','muscadet',NULL,NULL,NULL,1,2,0,0,'',NULL,NULL,1,'MAD',1.00000000,0.00000000,0.00000000,0.00000000),(42,'(PROV42)',1,NULL,'96052103',16,NULL,'2022-06-13 07:53:20','2022-06-13 08:51:53',NULL,NULL,NULL,NULL,2,NULL,NULL,NULL,NULL,0,0,0,0.00000000,0,0,0.00000000,0.00000000,0.00000000,0.00000000,0.00000000,'','','muscadet','fournisseur/commande/(PROV42)/(PROV42).pdf','2022-06-08 00:00:00',NULL,14,2,0,0,'',NULL,NULL,1,'MAD',1.00000000,0.00000000,0.00000000,0.00000000),(43,'(PROV43)',1,NULL,'',16,NULL,'2022-06-13 08:07:07','2022-06-13 09:07:07',NULL,NULL,NULL,NULL,2,NULL,NULL,NULL,NULL,0,0,0,0.00000000,0,0,0.00000000,0.00000000,0.00000000,0.00000000,0.00000000,'','','muscadet',NULL,NULL,NULL,14,2,0,0,'',NULL,NULL,1,'MAD',1.00000000,0.00000000,0.00000000,0.00000000),(44,'(PROV44)',1,NULL,'',16,NULL,'2022-06-13 09:21:42','2022-06-13 10:21:42',NULL,NULL,NULL,NULL,2,NULL,NULL,NULL,NULL,0,0,0,0.00000000,0,0,0.00000000,0.00000000,0.00000000,0.00000000,0.00000000,'','','muscadet',NULL,'2022-06-08 00:00:00',NULL,1,2,0,0,'',NULL,NULL,1,'MAD',1.00000000,0.00000000,0.00000000,0.00000000),(45,'PO2206-0031',1,NULL,'96052103',16,NULL,'2022-06-13 18:33:00','2022-06-13 19:23:55','2022-06-13 19:28:29','2022-06-13 19:28:29',NULL,'2022-04-07',2,NULL,2,2,NULL,0,5,0,0.00000000,0,0,0.00000000,0.00000000,0.00000000,220500.00000000,220500.00000000,'','','muscadet','fournisseur/commande/PO2206-0031/PO2206-0031.pdf','2022-06-07 00:00:00',NULL,1,2,3,5,'casablanca',NULL,NULL,1,'MAD',1.00000000,220500.00000000,0.00000000,220500.00000000),(46,'(PROV46)',1,NULL,'BL/988229',71,NULL,'2022-06-14 17:14:11','2022-06-14 18:14:11',NULL,NULL,NULL,NULL,2,NULL,NULL,NULL,NULL,0,0,0,0.00000000,0,0,0.00000000,0.00000000,0.00000000,0.00000000,0.00000000,'','','muscadet',NULL,'2022-06-13 00:00:00',NULL,14,7,0,0,'',NULL,NULL,1,'MAD',1.00000000,0.00000000,0.00000000,0.00000000),(47,'PO2206-0032',1,NULL,'BL0988229',71,NULL,'2022-06-20 08:15:56','2022-06-20 09:11:15','2022-06-20 09:14:22','2022-06-20 09:14:22',NULL,'2022-06-13',2,NULL,2,2,NULL,0,5,0,0.00000000,0,0,0.00000000,0.00000000,0.00000000,8219.64000000,8219.64000000,'','','muscadet','fournisseur/commande/PO2206-0032/PO2206-0032.pdf','2022-06-13 00:00:00',NULL,14,7,4,0,'',NULL,NULL,1,'MAD',1.00000000,8219.64000000,0.00000000,8219.64000000),(48,'PO2206-0033',1,NULL,'BL/11768',60,NULL,'2022-06-23 07:53:15','2022-06-23 08:51:10','2022-06-23 08:51:58','2022-06-23 08:51:58',NULL,'2022-06-22',2,NULL,2,2,NULL,0,5,0,0.00000000,0,0,0.00000000,0.00000000,0.00000000,6600.00000000,6600.00000000,'','','muscadet','fournisseur/commande/PO2206-0033/PO2206-0033.pdf','2022-06-22 00:00:00',NULL,15,7,4,0,'',NULL,NULL,1,'MAD',1.00000000,6600.00000000,0.00000000,6600.00000000),(49,'(PROV49)',1,NULL,'BL/140308',71,NULL,'2022-06-23 07:58:08','2022-06-23 08:57:03',NULL,NULL,NULL,NULL,2,NULL,NULL,NULL,NULL,0,0,0,0.00000000,0,0,0.00000000,0.00000000,0.00000000,19765.20000000,19765.20000000,'','','muscadet','fournisseur/commande/(PROV49)/(PROV49).pdf','2022-06-22 00:00:00',NULL,15,7,0,0,'',NULL,NULL,1,'MAD',1.00000000,19765.20000000,0.00000000,19765.20000000),(50,'PO2206-0034',1,NULL,'BL/140308',71,NULL,'2022-06-23 08:09:23','2022-06-23 09:02:06','2022-06-23 09:07:31','2022-06-23 09:07:31',NULL,'2022-06-22',2,NULL,2,2,NULL,0,5,0,0.00000000,0,0,0.00000000,0.00000000,0.00000000,21735.48000000,21735.48000000,'','','muscadet','fournisseur/commande/PO2206-0034/PO2206-0034.pdf','2022-06-22 00:00:00',NULL,15,7,4,0,'',NULL,NULL,1,'MAD',1.00000000,21735.48000000,0.00000000,21735.48000000),(51,'PO2206-0035',1,NULL,'BL/0069899',75,NULL,'2023-02-02 09:26:14','2022-06-28 00:22:01','2022-06-28 00:25:05','2022-06-28 00:25:05',NULL,'2022-06-27',2,NULL,2,2,NULL,0,4,0,0.00000000,0,0,0.00000000,0.00000000,0.00000000,24936.00000000,24936.00000000,'','','muscadet','fournisseur/commande/PO2206-0035/PO2206-0035.pdf','2022-06-27 00:00:00',NULL,15,4,4,0,'',NULL,NULL,1,'MAD',1.00000000,24936.00000000,0.00000000,24936.00000000),(52,'(PROV52)',1,NULL,'BL/0073030',75,NULL,'2022-07-06 17:40:02','2022-07-06 18:39:04',NULL,NULL,NULL,NULL,2,NULL,NULL,NULL,NULL,0,0,0,0.00000000,0,0,0.00000000,0.00000000,0.00000000,6500.00000000,6500.00000000,'','','muscadet','fournisseur/commande/(PROV52)/(PROV52).pdf','2022-07-05 00:00:00',NULL,15,7,0,0,'',NULL,NULL,1,'MAD',1.00000000,6500.00000000,0.00000000,6500.00000000),(53,'PO2207-0036',1,NULL,'BL/0073030',75,NULL,'2022-07-06 17:47:12','2022-07-06 18:43:21','2022-07-06 18:45:50','2022-07-06 18:45:50',NULL,'2022-07-05',2,NULL,2,2,NULL,0,5,0,0.00000000,0,0,0.00000000,0.00000000,0.00000000,16700.00000000,16700.00000000,'','','muscadet','fournisseur/commande/PO2207-0036/PO2207-0036.pdf','2022-07-05 00:00:00',NULL,15,7,4,0,'',NULL,NULL,1,'MAD',1.00000000,16700.00000000,0.00000000,16700.00000000),(54,'PO2207-0037',1,NULL,'13254',71,NULL,'2022-07-06 18:08:34','2022-07-06 18:51:34','2022-07-06 18:54:24','2022-07-06 18:54:25',NULL,'2022-07-02',2,NULL,2,2,NULL,0,3,0,0.00000000,0,0,0.00000000,0.00000000,0.00000000,16980.00000000,16980.00000000,'','','muscadet','fournisseur/commande/PO2207-0037/PO2207-0037.pdf','2022-07-02 00:00:00',NULL,15,7,4,0,'',NULL,NULL,1,'MAD',1.00000000,16980.00000000,0.00000000,16980.00000000),(55,'PO2207-0038',1,NULL,'54+9752',71,NULL,'2022-07-06 18:03:41','2022-07-06 18:59:56','2022-07-06 19:02:13','2022-07-06 19:02:13',NULL,'2022-07-06',2,NULL,2,2,NULL,0,5,0,0.00000000,0,0,0.00000000,0.00000000,0.00000000,17000.00000000,17000.00000000,'','','muscadet','fournisseur/commande/PO2207-0038/PO2207-0038.pdf','2022-07-06 00:00:00',NULL,15,7,4,0,'',NULL,NULL,1,'MAD',1.00000000,17000.00000000,0.00000000,17000.00000000),(56,'PO2208-0039',1,NULL,'96052988',16,NULL,'2022-08-09 10:00:03','2022-08-09 10:53:40','2022-08-09 10:57:46','2022-08-09 10:57:46',NULL,'2022-07-01',2,NULL,2,2,NULL,0,5,0,0.00000000,0,0,0.00000000,0.00000000,0.00000000,402810.81000000,402810.81000000,'','','muscadet','fournisseur/commande/PO2208-0039/PO2208-0039.pdf','2022-08-06 00:00:00',NULL,14,2,4,5,'',NULL,NULL,2,'EUR',0.09250000,37260.00000000,0.00000000,37260.00000000),(57,'PO2208-0040',1,NULL,'????',71,NULL,'2022-08-09 22:06:01','2022-08-09 23:03:36','2022-08-09 23:04:42','2022-08-09 23:04:42',NULL,'2022-07-29',2,NULL,2,2,NULL,0,5,0,0.00000000,0,0,0.00000000,0.00000000,0.00000000,12692.16000000,12692.16000000,'','','muscadet','fournisseur/commande/PO2208-0040/PO2208-0040.pdf','2022-07-29 00:00:00',NULL,15,7,4,0,'',NULL,NULL,1,'MAD',1.00000000,12692.16000000,0.00000000,12692.16000000),(59,'PO2208-0041',1,NULL,'74099950',16,NULL,'2022-08-09 23:34:16','2022-08-10 00:28:38','2022-08-10 00:32:39','2022-08-10 00:32:39',NULL,'2022-06-27',2,NULL,2,2,NULL,0,5,0,0.00000000,0,0,0.00000000,0.00000000,0.00000000,353686.75000000,353686.75000000,'','','muscadet','fournisseur/commande/PO2208-0041/PO2208-0041.pdf','2022-07-21 00:00:00',NULL,14,2,4,5,'',NULL,NULL,2,'EUR',0.08300000,29356.00000000,0.00000000,29356.00000000),(60,'PO2210-0042',1,NULL,'000170',80,NULL,'2022-10-15 13:54:34','2022-10-15 14:52:00','2022-10-15 14:53:07','2022-10-15 14:53:07',NULL,'2022-10-06',2,NULL,2,2,NULL,0,5,0,0.00000000,0,0,0.00000000,0.00000000,0.00000000,14000.00000000,14000.00000000,'','','muscadet','fournisseur/commande/PO2210-0042/PO2210-0042.pdf','2022-10-06 00:00:00',NULL,1,4,4,0,'',NULL,NULL,1,'MAD',1.00000000,14000.00000000,0.00000000,14000.00000000),(61,'PO2210-0043',1,NULL,'000171',80,NULL,'2022-10-15 13:58:42','2022-10-15 14:56:48','2022-10-15 14:57:43','2022-10-15 14:57:43',NULL,'2022-10-07',2,NULL,2,2,NULL,0,5,0,0.00000000,0,0,0.00000000,0.00000000,0.00000000,5600.00000000,5600.00000000,'','','muscadet','fournisseur/commande/PO2210-0043/PO2210-0043.pdf','2022-10-07 00:00:00',NULL,1,4,4,0,'',NULL,NULL,1,'MAD',1.00000000,5600.00000000,0.00000000,5600.00000000),(62,'(PROV62)',1,NULL,'000172',80,NULL,'2022-10-15 14:01:19','2022-10-15 15:01:19',NULL,NULL,NULL,NULL,2,NULL,NULL,NULL,NULL,0,0,0,0.00000000,0,0,0.00000000,0.00000000,0.00000000,0.00000000,0.00000000,'','','muscadet',NULL,'2022-10-11 00:00:00',NULL,1,4,0,0,'',NULL,NULL,1,'MAD',1.00000000,0.00000000,0.00000000,0.00000000),(63,'PO2210-0044',1,NULL,'000172',80,NULL,'2022-10-15 14:05:35','2022-10-15 15:01:19','2022-10-15 15:02:18','2022-10-15 15:02:18',NULL,'2022-10-11',2,NULL,2,2,NULL,0,5,0,0.00000000,0,0,0.00000000,0.00000000,0.00000000,5600.00000000,5600.00000000,'','','muscadet','fournisseur/commande/PO2210-0044/PO2210-0044.pdf','2022-10-11 00:00:00',NULL,1,4,4,0,'',NULL,NULL,1,'MAD',1.00000000,5600.00000000,0.00000000,5600.00000000),(64,'PO2210-0045',1,NULL,'000173',80,NULL,'2022-10-15 14:39:41','2022-10-15 15:30:02','2022-10-15 15:31:24','2022-10-15 15:31:24',NULL,'2022-10-13',2,NULL,2,2,NULL,0,5,0,0.00000000,0,0,0.00000000,0.00000000,0.00000000,2800.00000000,2800.00000000,'','','muscadet','fournisseur/commande/PO2210-0045/PO2210-0045.pdf','2022-10-13 00:00:00',NULL,1,4,4,0,'',NULL,NULL,1,'MAD',1.00000000,2800.00000000,0.00000000,2800.00000000),(65,'PO2211-0046',1,NULL,'05102022',81,NULL,'2022-11-09 11:51:59','2022-11-09 11:49:38','2022-11-09 11:50:31','2022-11-09 11:50:31',NULL,'2022-10-05',2,NULL,2,2,NULL,0,5,0,0.00000000,0,0,0.00000000,0.00000000,0.00000000,3800.00000000,3800.00000000,'','','muscadet','fournisseur/commande/PO2211-0046/PO2211-0046.pdf','2022-10-05 00:00:00',NULL,15,4,4,0,'',NULL,NULL,1,'MAD',1.00000000,3800.00000000,0.00000000,3800.00000000),(66,'PO2211-0047',1,NULL,'FXE 220030',15,NULL,'2022-11-22 22:02:30','2022-11-22 21:47:59','2022-11-22 22:00:35','2022-11-22 22:00:35',NULL,'2022-10-31',2,NULL,2,2,NULL,0,5,0,0.00000000,0,0,0.00000000,0.00000000,0.00000000,708916.80000000,708916.80000000,'','','muscadet','fournisseur/commande/PO2211-0047/PO2211-0047.pdf','2022-10-31 00:00:00',NULL,14,2,3,0,'',NULL,NULL,1,'MAD',1.00000000,708916.80000000,0.00000000,708916.80000000),(67,'PO2212-0048',1,NULL,'75014830',16,NULL,'2022-12-14 23:19:53','2022-12-14 23:14:30','2022-12-14 23:18:02','2022-12-14 23:18:02',NULL,'2022-12-02',2,NULL,2,2,NULL,0,5,0,0.00000000,0,0,0.00000000,0.00000000,0.00000000,852096.00000000,852096.00000000,'','','muscadet','fournisseur/commande/PO2212-0048/PO2212-0048.pdf','2022-12-02 00:00:00',NULL,1,2,3,0,'',NULL,NULL,1,'MAD',1.00000000,852096.00000000,0.00000000,852096.00000000),(68,'PO2301-0049',1,NULL,'00001233',81,NULL,'2023-01-20 08:37:14','2023-01-20 08:35:05','2023-01-20 08:35:54','2023-01-20 08:35:54',NULL,'2023-01-19',2,NULL,2,2,NULL,0,5,0,0.00000000,0,0,0.00000000,0.00000000,0.00000000,1850.00000000,1850.00000000,'','','muscadet','fournisseur/commande/PO2301-0049/PO2301-0049.pdf','2023-01-19 00:00:00',NULL,15,4,4,0,'',NULL,NULL,1,'MAD',1.00000000,1850.00000000,0.00000000,1850.00000000),(69,'PO2303-0050',1,NULL,'PC 2300068',15,NULL,'2023-03-06 13:05:01','2023-03-06 12:40:21','2023-03-06 13:01:10','2023-03-06 13:01:10',NULL,'2023-02-20',2,NULL,2,2,NULL,0,4,0,0.00000000,0,0,0.00000000,0.00000000,0.00000000,467864.00000000,467864.00000000,'','','muscadet','fournisseur/commande/PO2303-0050/PO2303-0050.pdf','2023-02-20 00:00:00',NULL,14,2,3,5,'CASABLANCA',NULL,NULL,2,'EUR',0.09000000,42107.76000000,0.00000000,42107.76000000),(70,'(PROV70)',1,NULL,'',60,NULL,'2023-04-07 17:54:35','2023-04-07 18:54:35',NULL,NULL,NULL,NULL,2,NULL,NULL,NULL,NULL,0,0,0,0.00000000,0,0,0.00000000,0.00000000,0.00000000,0.00000000,0.00000000,'','','muscadet',NULL,NULL,NULL,1,NULL,0,0,'',NULL,NULL,1,'MAD',1.00000000,0.00000000,0.00000000,0.00000000),(71,'PO2304-0051',1,NULL,'032023',60,NULL,'2023-04-07 18:01:54','2023-04-07 18:57:19','2023-04-07 19:00:20','2023-04-07 19:00:20',NULL,'2023-03-01',2,NULL,2,2,NULL,0,5,0,0.00000000,0,0,0.00000000,0.00000000,0.00000000,1800.00000000,1800.00000000,'','','muscadet','fournisseur/commande/PO2304-0051/PO2304-0051.pdf','2023-03-01 00:00:00',NULL,15,7,4,0,'',NULL,NULL,1,'MAD',1.00000000,1800.00000000,0.00000000,1800.00000000),(72,'(PROV72)',1,NULL,'96054897',16,NULL,'2023-04-10 16:38:05','2023-04-10 17:38:05',NULL,NULL,NULL,NULL,2,NULL,NULL,NULL,NULL,0,0,0,0.00000000,0,0,0.00000000,0.00000000,0.00000000,0.00000000,0.00000000,'','','muscadet',NULL,'2023-03-14 00:00:00',NULL,1,2,0,0,'',NULL,NULL,1,'MAD',1.00000000,0.00000000,0.00000000,0.00000000),(73,'(PROV73)',1,NULL,'96054897',16,NULL,'2023-04-10 16:43:51','2023-04-10 17:43:51',NULL,NULL,NULL,NULL,2,NULL,NULL,NULL,NULL,0,0,0,0.00000000,0,0,0.00000000,0.00000000,0.00000000,0.00000000,0.00000000,'','','muscadet',NULL,NULL,NULL,1,2,0,0,'',NULL,NULL,1,'MAD',1.00000000,0.00000000,0.00000000,0.00000000),(74,'PO2304-0052',1,NULL,'96054897',16,NULL,'2023-04-10 17:01:12','2023-04-10 17:47:59','2023-04-10 17:59:42','2023-04-10 17:59:42',NULL,'2023-03-14',2,NULL,2,2,NULL,0,5,0,0.00000000,0,0,0.00000000,0.00000000,0.00000000,582204.00000000,582204.00000000,'','','muscadet','fournisseur/commande/PO2304-0052/PO2304-0052.pdf','2023-03-14 00:00:00',NULL,1,2,3,0,'',NULL,NULL,2,'MAD',1.00000000,582204.00000000,0.00000000,582204.00000000),(75,'PO2304-0053',1,NULL,'BL04K C0019/2023',71,NULL,'2023-04-11 09:22:00','2023-04-11 10:18:05','2023-04-11 10:21:08','2023-04-11 10:21:09',NULL,'2023-04-07',2,2,2,2,NULL,0,5,0,0.00000000,0,0,0.00000000,0.00000000,0.00000000,21710.52000000,21710.52000000,'','','muscadet','fournisseur/commande/PO2304-0053/PO2304-0053.pdf','2023-04-07 00:00:00',NULL,15,7,4,0,'',NULL,NULL,1,'MAD',1.00000000,21710.52000000,0.00000000,21710.52000000),(76,'PO2304-0054',1,NULL,'BL03K-C0072-2023',71,NULL,'2023-04-11 09:30:21','2023-04-11 10:26:26','2023-04-11 10:29:08','2023-04-11 10:29:08',NULL,'2023-03-30',2,NULL,2,2,NULL,0,5,0,0.00000000,0,0,0.00000000,0.00000000,0.00000000,7880.75000000,7880.75000000,'','','muscadet','fournisseur/commande/PO2304-0054/PO2304-0054.pdf','2023-03-30 00:00:00',NULL,15,7,4,0,'',NULL,NULL,1,'MAD',1.00000000,7880.75000000,0.00000000,7880.75000000),(77,'PO2304-0055',1,NULL,'??????',96,NULL,'2023-04-11 15:48:05','2023-04-11 16:46:34','2023-04-11 16:47:07','2023-04-11 16:47:07',NULL,'2023-04-10',2,NULL,2,2,NULL,0,5,0,0.00000000,0,0,0.00000000,0.00000000,0.00000000,6500.00000000,6500.00000000,'','','muscadet','fournisseur/commande/PO2304-0055/PO2304-0055.pdf','2023-04-10 00:00:00',NULL,1,7,4,0,'',NULL,NULL,1,'MAD',1.00000000,6500.00000000,0.00000000,6500.00000000),(78,'PO2304-0056',1,NULL,'',81,NULL,'2023-04-24 11:43:09','2023-04-24 12:39:45','2023-04-24 12:41:16','2023-04-24 12:41:16',NULL,'2023-01-17',2,NULL,2,2,NULL,0,5,0,0.00000000,0,0,0.00000000,0.00000000,0.00000000,130000.00000000,130000.00000000,'','','muscadet','fournisseur/commande/PO2304-0056/PO2304-0056.pdf','2023-01-17 00:00:00',NULL,1,4,4,0,'',NULL,NULL,1,'MAD',1.00000000,130000.00000000,0.00000000,130000.00000000),(79,'(PROV79)',1,NULL,'96055885',16,NULL,'2023-05-15 19:46:42','2023-05-15 20:44:00',NULL,NULL,NULL,NULL,2,NULL,NULL,NULL,NULL,0,0,0,0.00000000,0,0,0.00000000,0.00000000,0.00000000,116550.00000000,116550.00000000,'','','muscadet','fournisseur/commande/(PROV79)/(PROV79).pdf','2023-05-03 00:00:00',NULL,1,2,0,0,'',NULL,NULL,1,'MAD',1.00000000,116550.00000000,0.00000000,116550.00000000),(80,'PO2305-0057',1,NULL,'96055885',16,NULL,'2023-05-15 19:53:24','2023-05-15 20:50:06','2023-05-15 20:51:51','2023-05-15 20:51:51',NULL,'2023-03-22',2,NULL,2,2,NULL,0,5,0,0.00000000,0,0,0.00000000,0.00000000,0.00000000,199350.00000000,199350.00000000,'','','muscadet','fournisseur/commande/PO2305-0057/PO2305-0057.pdf','2023-05-03 00:00:00',NULL,1,2,3,0,'',NULL,NULL,1,'MAD',1.00000000,199350.00000000,0.00000000,199350.00000000),(81,'PO2305-0058',1,NULL,'0000012',108,NULL,'2023-05-16 10:44:56','2023-05-16 11:42:55','2023-05-16 11:44:02','2023-05-16 11:44:02',NULL,'2023-05-09',2,NULL,2,2,NULL,0,5,0,0.00000000,0,0,0.00000000,0.00000000,0.00000000,2484.00000000,2484.00000000,'','','muscadet','fournisseur/commande/PO2305-0058/PO2305-0058.pdf','2023-05-09 00:00:00',NULL,13,4,4,0,'',NULL,NULL,1,'MAD',1.00000000,2484.00000000,0.00000000,2484.00000000),(82,'PO2305-0059',1,NULL,'0124',81,NULL,'2023-05-16 12:06:50','2023-05-16 13:05:26','2023-05-16 13:06:12','2023-05-16 13:06:12',NULL,'2023-05-11',2,NULL,2,2,NULL,0,5,0,0.00000000,0,0,0.00000000,0.00000000,0.00000000,1800.00000000,1800.00000000,'','','muscadet','fournisseur/commande/PO2305-0059/PO2305-0059.pdf','2023-05-11 00:00:00',NULL,14,4,4,0,'',NULL,NULL,1,'MAD',1.00000000,1800.00000000,0.00000000,1800.00000000),(83,'PO2305-0060',1,NULL,'0070449',75,NULL,'2023-05-16 12:37:12','2023-05-16 13:31:29','2023-05-16 13:32:15','2023-05-16 13:32:15',NULL,'2023-05-10',2,NULL,2,2,NULL,0,5,0,0.00000000,0,0,0.00000000,0.00000000,0.00000000,7600.00000000,7600.00000000,'','','muscadet','fournisseur/commande/PO2305-0060/PO2305-0060.pdf','2023-05-10 00:00:00',NULL,15,4,4,0,'',NULL,NULL,1,'MAD',1.00000000,7600.00000000,0.00000000,7600.00000000),(84,'PO2306-0061',1,NULL,'BL05K-C0148/2023',71,NULL,'2023-06-12 08:33:17','2023-06-12 09:29:17','2023-06-12 09:30:30','2023-06-12 09:30:30',NULL,'2023-05-18',2,NULL,2,2,NULL,0,5,0,0.00000000,0,0,0.00000000,0.00000000,0.00000000,9102.00000000,9102.00000000,'','','muscadet','fournisseur/commande/PO2306-0061/PO2306-0061.pdf','2023-05-18 00:00:00',NULL,15,7,4,0,'',NULL,NULL,1,'MAD',1.00000000,9102.00000000,0.00000000,9102.00000000),(85,'PO2306-0062',1,NULL,'PC2300416',15,NULL,'2023-06-12 09:09:31','2023-06-12 09:53:57','2023-06-12 10:08:12','2023-06-12 10:08:12',NULL,'2023-05-15',2,NULL,2,2,NULL,0,5,0,0.00000000,0,0,0.00000000,0.00000000,0.00000000,564328.00000000,564328.00000000,'','','muscadet','fournisseur/commande/PO2306-0062/PO2306-0062.pdf','2023-05-15 00:00:00',NULL,15,2,3,0,'',NULL,NULL,1,'MAD',1.00000000,564328.00000000,0.00000000,564328.00000000),(86,'PO2306-0063',1,NULL,'0071054',75,NULL,'2023-06-12 10:06:26','2023-06-12 11:02:23','2023-06-12 11:03:45','2023-06-12 11:03:46',NULL,'2023-05-22',2,NULL,2,2,NULL,0,5,0,0.00000000,0,0,0.00000000,0.00000000,0.00000000,10086.80000000,10086.80000000,'','','muscadet','fournisseur/commande/PO2306-0063/PO2306-0063.pdf','2023-05-22 00:00:00',NULL,15,7,4,0,'',NULL,NULL,1,'MAD',1.00000000,10086.80000000,0.00000000,10086.80000000),(87,'PO2306-0064',1,NULL,'96056556',16,NULL,'2023-06-12 15:10:47','2023-06-12 16:07:39','2023-06-12 16:10:04','2023-06-12 16:10:04',NULL,'2023-05-15',2,NULL,2,2,NULL,0,5,0,0.00000000,0,0,0.00000000,0.00000000,0.00000000,696600.00000000,696600.00000000,'','','muscadet','fournisseur/commande/PO2306-0064/PO2306-0064.pdf','2023-05-15 00:00:00',NULL,1,2,3,0,'',NULL,NULL,1,'MAD',1.00000000,696600.00000000,0.00000000,696600.00000000),(88,'(PROV88)',1,NULL,'0000013',81,NULL,'2023-06-12 16:24:14','2023-06-12 17:24:14',NULL,NULL,NULL,NULL,2,NULL,NULL,NULL,NULL,0,0,0,0.00000000,0,0,0.00000000,0.00000000,0.00000000,0.00000000,0.00000000,'','','muscadet',NULL,'2023-06-06 00:00:00',NULL,15,4,0,0,'',NULL,NULL,1,'MAD',1.00000000,0.00000000,0.00000000,0.00000000),(89,'PO2306-0065',1,NULL,'0000013',81,NULL,'2023-06-12 16:29:01','2023-06-12 17:27:03','2023-06-12 17:28:14','2023-06-12 17:28:14',NULL,'2023-06-06',2,NULL,2,2,NULL,0,5,0,0.00000000,0,0,0.00000000,0.00000000,0.00000000,4350.00000000,4350.00000000,'','','muscadet','fournisseur/commande/PO2306-0065/PO2306-0065.pdf','2023-06-06 00:00:00',NULL,15,4,4,0,'',NULL,NULL,1,'MAD',1.00000000,4350.00000000,0.00000000,4350.00000000),(90,'PO2306-0066',1,NULL,'00710077',75,NULL,'2023-06-15 08:59:50','2023-06-15 09:58:41','2023-06-15 09:59:11','2023-06-15 09:59:11',NULL,'2023-06-13',2,NULL,2,2,NULL,0,5,0,0.00000000,0,0,0.00000000,0.00000000,0.00000000,13291.20000000,13291.20000000,'','','muscadet','fournisseur/commande/PO2306-0066/PO2306-0066.pdf','2023-06-13 00:00:00',NULL,15,4,4,0,'',NULL,NULL,1,'MAD',1.00000000,13291.20000000,0.00000000,13291.20000000),(91,'PO2306-0067',1,NULL,'BL06K-C0098/2023',71,NULL,'2023-06-15 09:13:25','2023-06-15 10:12:16','2023-06-15 10:12:46','2023-06-15 10:12:46',NULL,'2023-06-14',2,NULL,2,2,NULL,0,5,0,0.00000000,0,0,0.00000000,0.00000000,0.00000000,23750.00000000,23750.00000000,'','','muscadet','fournisseur/commande/PO2306-0067/PO2306-0067.pdf','2023-06-14 00:00:00',NULL,15,7,4,0,'',NULL,NULL,1,'MAD',1.00000000,23750.00000000,0.00000000,23750.00000000),(92,'PO2306-0068',1,NULL,'23062023',81,NULL,'2023-06-24 15:22:50','2023-06-24 16:19:41','2023-06-24 16:21:35','2023-06-24 16:21:35',NULL,'2023-06-23',2,NULL,2,2,NULL,0,5,0,0.00000000,0,0,0.00000000,0.00000000,0.00000000,14330.00000000,14330.00000000,'','','muscadet','fournisseur/commande/PO2306-0068/PO2306-0068.pdf','2023-06-23 00:00:00',NULL,15,4,4,0,'',NULL,NULL,1,'MAD',1.00000000,14330.00000000,0.00000000,14330.00000000),(93,'PO2306-0069',1,NULL,'20062023',122,NULL,'2023-06-26 16:46:23','2023-06-26 17:45:00','2023-06-26 17:45:43','2023-06-26 17:45:43',NULL,'2023-06-20',2,NULL,2,2,NULL,0,5,0,0.00000000,0,0,0.00000000,0.00000000,0.00000000,9800.00000000,9800.00000000,'','','muscadet','fournisseur/commande/PO2306-0069/PO2306-0069.pdf','2023-06-20 00:00:00',NULL,15,4,4,0,'',NULL,NULL,1,'MAD',1.00000000,9800.00000000,0.00000000,9800.00000000),(94,'(PROV94)',1,NULL,'',124,NULL,'2023-07-12 16:41:17','2023-07-12 17:41:17',NULL,NULL,NULL,NULL,2,NULL,NULL,NULL,NULL,0,0,0,0.00000000,0,0,0.00000000,0.00000000,0.00000000,0.00000000,0.00000000,'','','muscadet',NULL,'2023-05-15 00:00:00',NULL,1,2,0,0,'',NULL,NULL,1,'MAD',1.00000000,0.00000000,0.00000000,0.00000000),(95,'PO2307-0070',1,NULL,'NO.39',124,NULL,'2023-07-12 17:10:39','2023-07-12 17:54:47','2023-07-12 18:09:03','2023-07-12 18:09:03',NULL,'2023-05-15',2,NULL,2,2,NULL,0,5,0,0.00000000,0,0,3500.00000000,0.00000000,0.00000000,570500.00000000,574000.00000000,'','','muscadet','fournisseur/commande/PO2307-0070/PO2307-0070.pdf','2023-05-15 00:00:00',NULL,1,2,4,0,'',NULL,NULL,1,'MAD',1.00000000,570500.00000000,3500.00000000,574000.00000000),(96,'PO2307-0071',1,NULL,'0026062023',69,NULL,'2023-07-24 09:10:03','2023-07-24 10:03:23','2023-07-24 10:08:05','2023-07-24 10:08:05',NULL,'2023-06-26',2,NULL,2,2,NULL,0,5,0,0.00000000,0,0,0.00000000,0.00000000,0.00000000,22400.00000000,22400.00000000,'','','muscadet','fournisseur/commande/PO2307-0071/PO2307-0071.pdf','2023-06-26 00:00:00',NULL,15,4,4,0,'',NULL,NULL,1,'MAD',1.00000000,22400.00000000,0.00000000,22400.00000000),(97,'PO2307-0072',1,NULL,'000601',126,NULL,'2023-07-24 09:22:38','2023-07-24 10:19:31','2023-07-24 10:21:11','2023-07-24 10:21:11',NULL,'2023-06-27',2,NULL,2,2,NULL,0,5,0,0.00000000,0,0,12133.33000000,0.00000000,0.00000000,60666.67000000,72800.00000000,'','','muscadet','fournisseur/commande/PO2307-0072/PO2307-0072.pdf','2023-06-27 00:00:00',NULL,1,4,4,0,'',NULL,NULL,1,'MAD',1.00000000,60666.67000000,12133.33000000,72800.00000000),(98,'PO2307-0073',1,NULL,'PC 2300488',15,NULL,'2023-07-24 12:28:02','2023-07-24 13:13:43','2023-07-24 13:21:02','2023-07-24 13:21:02',NULL,'2023-05-15',2,NULL,2,2,NULL,0,5,0,0.00000000,0,0,0.00000000,0.00000000,0.00000000,257384.00000000,257384.00000000,'','','muscadet','fournisseur/commande/PO2307-0073/PO2307-0073.pdf','2023-05-15 00:00:00',NULL,15,2,3,0,'',NULL,NULL,1,'MAD',1.00000000,257384.00000000,0.00000000,257384.00000000),(99,'PO2307-0074',1,NULL,'PC 2300 694',15,NULL,'2023-07-24 12:49:10','2023-07-24 13:41:14','2023-07-24 13:47:24','2023-07-24 13:47:25',NULL,'2023-06-22',2,NULL,2,2,NULL,0,5,0,0.00000000,0,0,0.00000000,0.00000000,0.00000000,1335520.00000000,1335520.00000000,'','','muscadet','fournisseur/commande/PO2307-0074/PO2307-0074.pdf','2023-06-22 00:00:00',NULL,15,2,3,0,'',NULL,NULL,1,'MAD',1.00000000,1335520.00000000,0.00000000,1335520.00000000),(100,'(PROV100)',1,NULL,'12072023',96,NULL,'2023-07-24 14:32:27','2023-07-24 15:32:27',NULL,NULL,NULL,NULL,2,NULL,NULL,NULL,NULL,0,0,0,0.00000000,0,0,0.00000000,0.00000000,0.00000000,0.00000000,0.00000000,'','','muscadet',NULL,'2023-07-12 00:00:00',NULL,14,7,0,0,'',NULL,NULL,1,'MAD',1.00000000,0.00000000,0.00000000,0.00000000),(101,'PO2307-0075',1,NULL,'12072023',96,NULL,'2023-07-24 14:36:00','2023-07-24 15:34:13','2023-07-24 15:35:11','2023-07-24 15:35:11',NULL,'2023-07-12',2,NULL,2,2,NULL,0,5,0,0.00000000,0,0,700.00000000,0.00000000,0.00000000,3500.00000000,4200.00000000,'','','muscadet','fournisseur/commande/PO2307-0075/PO2307-0075.pdf','2023-07-12 00:00:00',NULL,14,7,4,0,'',NULL,NULL,1,'MAD',1.00000000,3500.00000000,700.00000000,4200.00000000),(102,'PO2307-0076',1,NULL,'1207/2023',71,NULL,'2023-07-24 17:08:56','2023-07-24 18:05:50','2023-07-24 18:06:53','2023-07-24 18:06:54',NULL,'2023-07-12',2,NULL,2,2,NULL,0,5,0,0.00000000,0,0,0.00000000,0.00000000,0.00000000,10444.00000000,10444.00000000,'','','muscadet','fournisseur/commande/PO2307-0076/PO2307-0076.pdf','2023-07-12 00:00:00',NULL,15,7,4,0,'',NULL,NULL,1,'MAD',1.00000000,10444.00000000,0.00000000,10444.00000000),(103,'(PROV103)',1,NULL,'1707/2023',69,NULL,'2023-07-24 17:33:10','2023-07-24 18:33:10',NULL,NULL,NULL,NULL,2,NULL,NULL,NULL,NULL,0,0,0,0.00000000,0,0,0.00000000,0.00000000,0.00000000,0.00000000,0.00000000,'','','muscadet',NULL,'2023-07-17 00:00:00',NULL,15,4,0,0,'',NULL,NULL,1,'MAD',1.00000000,0.00000000,0.00000000,0.00000000),(104,'PO2307-0077',1,NULL,'1707/2023',69,NULL,'2023-07-24 17:36:43','2023-07-24 18:35:11','2023-07-24 18:36:07','2023-07-24 18:36:08',NULL,'2023-07-17',2,NULL,2,2,NULL,0,5,0,0.00000000,0,0,0.00000000,0.00000000,0.00000000,5700.00000000,5700.00000000,'','','muscadet','fournisseur/commande/PO2307-0077/PO2307-0077.pdf','2023-07-17 00:00:00',NULL,15,4,4,0,'',NULL,NULL,1,'MAD',1.00000000,5700.00000000,0.00000000,5700.00000000),(105,'(PROV105)',1,NULL,'FP 78459871',16,NULL,'2023-07-24 17:48:59','2023-07-24 18:47:51',NULL,NULL,NULL,NULL,2,NULL,NULL,NULL,NULL,0,0,0,0.00000000,0,0,0.00000000,0.00000000,0.00000000,63000.00000000,63000.00000000,'','','muscadet','fournisseur/commande/(PROV105)/(PROV105).pdf','2023-07-18 00:00:00',NULL,14,2,0,0,'',NULL,NULL,1,'MAD',1.00000000,63000.00000000,0.00000000,63000.00000000),(107,'(PROV107)',1,NULL,'78459871',16,NULL,'2023-07-31 14:46:41','2023-07-31 15:46:41',NULL,NULL,NULL,NULL,2,NULL,NULL,NULL,NULL,0,0,0,0.00000000,0,0,0.00000000,0.00000000,0.00000000,0.00000000,0.00000000,'','','muscadet',NULL,'2023-07-18 00:00:00',NULL,14,2,0,0,'',NULL,NULL,1,'MAD',1.00000000,0.00000000,0.00000000,0.00000000),(108,'PO2307-0078',1,NULL,'78459871',16,NULL,'2023-07-31 14:54:40','2023-07-31 15:48:37','2023-07-31 15:52:35','2023-07-31 15:52:35',NULL,'2023-07-18',2,NULL,2,2,NULL,0,5,0,0.00000000,0,0,0.00000000,0.00000000,0.00000000,446287.50000000,446287.50000000,'','','muscadet','fournisseur/commande/PO2307-0078/PO2307-0078.pdf','2023-07-18 00:00:00',NULL,14,2,3,0,'',NULL,NULL,1,'MAD',1.00000000,446287.50000000,0.00000000,446287.50000000),(110,'PO2308-0079',1,NULL,'27072023',69,NULL,'2023-08-30 17:54:27','2023-08-30 18:52:44','2023-08-30 18:53:37','2023-08-30 18:53:37',NULL,'2023-07-26',2,NULL,2,2,NULL,0,5,0,0.00000000,0,0,0.00000000,0.00000000,0.00000000,2600.00000000,2600.00000000,'','','muscadet','fournisseur/commande/PO2308-0079/PO2308-0079.pdf','2023-07-26 00:00:00',NULL,1,4,4,0,'',NULL,NULL,1,'MAD',1.00000000,2600.00000000,0.00000000,2600.00000000),(113,'PO2309-0080',1,NULL,'96057781',16,NULL,'2023-09-04 09:22:40','2023-09-04 10:17:12','2023-09-04 10:21:32','2023-09-04 10:21:32',NULL,'2023-08-25',2,NULL,2,2,NULL,0,5,0,0.00000000,0,0,0.00000000,0.00000000,0.00000000,1027230.00000000,1027230.00000000,'','','muscadet','fournisseur/commande/PO2309-0080/PO2309-0080.pdf','2023-08-25 00:00:00',NULL,14,2,3,0,'',NULL,NULL,1,'MAD',1.00000000,1027230.00000000,0.00000000,1027230.00000000),(114,'PO2309-0081',1,NULL,'02092023',96,NULL,'2023-09-21 15:53:56','2023-09-21 16:52:08','2023-09-21 16:53:10','2023-09-21 16:53:10',NULL,'2023-09-02',2,NULL,2,2,NULL,0,5,0,0.00000000,0,0,0.00000000,0.00000000,0.00000000,23400.00000000,23400.00000000,'','','muscadet','fournisseur/commande/PO2309-0081/PO2309-0081.pdf','2023-09-02 00:00:00',NULL,14,7,4,0,'',NULL,NULL,1,'MAD',1.00000000,23400.00000000,0.00000000,23400.00000000),(115,'PO2309-0082',1,NULL,'0023621',135,NULL,'2023-09-21 16:13:08','2023-09-21 17:12:00','2023-09-21 17:12:36','2023-09-21 17:12:36',NULL,'2023-09-08',2,NULL,2,2,NULL,0,5,0,0.00000000,0,0,0.00000000,0.00000000,0.00000000,5100.00000000,5100.00000000,'','','muscadet','fournisseur/commande/PO2309-0082/PO2309-0082.pdf','2023-09-08 00:00:00',NULL,15,4,4,0,'',NULL,NULL,1,'MAD',1.00000000,5100.00000000,0.00000000,5100.00000000),(116,'(PROV116)',1,NULL,'27092023',81,NULL,'2023-12-19 08:36:34','2023-12-19 08:36:34',NULL,NULL,NULL,NULL,2,NULL,NULL,NULL,NULL,0,0,0,0.00000000,0,0,0.00000000,0.00000000,0.00000000,0.00000000,0.00000000,'','','muscadet',NULL,'2023-09-27 00:00:00',NULL,14,4,0,0,'',NULL,NULL,1,'MAD',1.00000000,0.00000000,0.00000000,0.00000000),(117,'PO2312-0083',1,NULL,'27092023',81,NULL,'2023-12-19 08:41:03','2023-12-19 08:39:30','2023-12-19 08:40:17','2023-12-19 08:40:17',NULL,'2023-09-27',2,NULL,2,2,NULL,0,5,0,0.00000000,0,0,0.00000000,0.00000000,0.00000000,3600.00000000,3600.00000000,'','','muscadet','fournisseur/commande/PO2312-0083/PO2312-0083.pdf','2023-09-27 00:00:00',NULL,14,4,4,0,'',NULL,NULL,1,'MAD',1.00000000,3600.00000000,0.00000000,3600.00000000),(118,'(PROV118)',1,NULL,'04112023',135,NULL,'2023-12-19 10:03:47','2023-12-19 10:03:47',NULL,NULL,NULL,NULL,2,NULL,NULL,NULL,NULL,0,0,0,0.00000000,0,0,0.00000000,0.00000000,0.00000000,0.00000000,0.00000000,'','','muscadet',NULL,NULL,NULL,1,NULL,0,0,'',NULL,NULL,1,'MAD',1.00000000,0.00000000,0.00000000,0.00000000),(119,'PO2312-0084',1,NULL,'04112023',135,NULL,'2023-12-19 10:13:35','2023-12-19 10:09:06','2023-12-19 10:11:58','2023-12-19 10:11:58',NULL,'2023-11-04',2,NULL,2,2,NULL,0,5,0,0.00000000,0,0,0.00000000,0.00000000,0.00000000,3500.00000000,3500.00000000,'','','muscadet','fournisseur/commande/PO2312-0084/PO2312-0084.pdf','2023-11-04 00:00:00',NULL,1,NULL,4,0,'',NULL,NULL,1,'MAD',1.00000000,3500.00000000,0.00000000,3500.00000000),(120,'PO2312-0085',1,NULL,'10112023',81,NULL,'2023-12-19 10:15:56','2023-12-19 10:14:23','2023-12-19 10:15:17','2023-12-19 10:15:17',NULL,'2023-11-10',2,NULL,2,2,NULL,0,5,0,0.00000000,0,0,0.00000000,0.00000000,0.00000000,4600.00000000,4600.00000000,'','','muscadet','fournisseur/commande/PO2312-0085/PO2312-0085.pdf','2023-11-10 00:00:00',NULL,1,NULL,4,0,'',NULL,NULL,1,'MAD',1.00000000,4600.00000000,0.00000000,4600.00000000),(121,'PO2312-0086',1,NULL,'15112023',135,NULL,'2023-12-19 10:19:08','2023-12-19 10:17:33','2023-12-19 10:18:21','2023-12-19 10:18:21',NULL,'2023-11-15',2,NULL,2,2,NULL,0,5,0,0.00000000,0,0,0.00000000,0.00000000,0.00000000,2520.00000000,2520.00000000,'','','muscadet','fournisseur/commande/PO2312-0086/PO2312-0086.pdf','2023-11-15 00:00:00',NULL,1,NULL,4,0,'',NULL,NULL,1,'MAD',1.00000000,2520.00000000,0.00000000,2520.00000000),(122,'PO2312-0087',1,NULL,'05102023FA',135,NULL,'2023-12-19 10:22:08','2023-12-19 10:20:13','2023-12-19 10:21:25','2023-12-19 10:21:25',NULL,'2023-12-05',2,NULL,2,2,NULL,0,5,0,0.00000000,0,0,0.00000000,0.00000000,0.00000000,2868.00000000,2868.00000000,'','','muscadet','fournisseur/commande/PO2312-0087/PO2312-0087.pdf','2023-12-05 00:00:00',NULL,1,NULL,4,0,'',NULL,NULL,1,'MAD',1.00000000,2868.00000000,0.00000000,2868.00000000),(123,'PO2312-0088',1,NULL,'A05970',81,NULL,'2023-12-29 11:10:38','2023-12-29 11:05:58','2023-12-29 11:08:21','2023-12-29 11:08:22',NULL,'2023-10-25',2,NULL,2,2,NULL,0,5,0,0.00000000,0,0,0.00000000,0.00000000,0.00000000,1050.00000000,1050.00000000,'','','muscadet','fournisseur/commande/PO2312-0088/PO2312-0088.pdf','2023-10-25 00:00:00',NULL,14,4,4,0,'',NULL,NULL,1,'MAD',1.00000000,1050.00000000,0.00000000,1050.00000000),(125,'PO2401-0089',1,NULL,'79988501',16,NULL,'2024-01-04 16:33:56','2024-01-04 16:30:21','2024-01-04 16:32:47','2024-01-04 16:32:47',NULL,'2023-10-27',2,NULL,2,2,NULL,0,5,0,0.00000000,0,0,0.00000000,0.00000000,0.00000000,689490.00000000,689490.00000000,'','','muscadet','fournisseur/commande/PO2401-0089/PO2401-0089.pdf','2023-10-27 00:00:00',NULL,1,2,3,0,'',NULL,NULL,1,'MAD',1.00000000,689490.00000000,0.00000000,689490.00000000),(126,'PO2401-0090',1,NULL,'000604',126,NULL,'2024-01-05 14:11:21','2024-01-05 14:09:09','2024-01-05 14:10:10','2024-01-05 14:10:10',NULL,'2023-12-09',2,NULL,2,2,NULL,0,5,0,0.00000000,0,0,7280.00000000,0.00000000,0.00000000,36400.00000000,43680.00000000,'','','muscadet','fournisseur/commande/PO2401-0090/PO2401-0090.pdf','2023-12-09 00:00:00',NULL,1,4,4,0,'',NULL,NULL,1,'MAD',1.00000000,36400.00000000,7280.00000000,43680.00000000),(127,'PO2401-0091',1,NULL,'22122023',155,NULL,'2024-01-05 16:52:42','2024-01-05 16:49:20','2024-01-05 16:51:01','2024-01-05 16:51:01',NULL,'2023-12-19',2,NULL,2,2,NULL,0,5,0,0.00000000,0,0,0.00000000,0.00000000,0.00000000,19800.00000000,19800.00000000,'','','muscadet','fournisseur/commande/PO2401-0091/PO2401-0091.pdf','2023-12-19 00:00:00',NULL,15,7,4,0,'',NULL,NULL,1,'MAD',1.00000000,19800.00000000,0.00000000,19800.00000000),(128,'(PROV128)',1,NULL,'PROFORMA INVOICE N° 64/23',124,NULL,'2024-01-06 11:45:33','2024-01-06 11:45:33',NULL,NULL,NULL,NULL,2,NULL,NULL,NULL,NULL,0,0,0,0.00000000,0,0,0.00000000,0.00000000,0.00000000,0.00000000,0.00000000,'','','muscadet',NULL,'2023-12-30 00:00:00',NULL,1,2,0,0,'',NULL,NULL,1,'MAD',1.00000000,0.00000000,0.00000000,0.00000000),(129,'PO2401-0092',1,NULL,'PROFORMA INVOICE N° 64/23',124,NULL,'2024-01-06 12:05:56','2024-01-06 11:58:17','2024-01-06 12:04:44','2024-01-06 12:04:44',NULL,'2023-12-30',2,NULL,2,2,NULL,0,5,0,0.00000000,0,0,14400.00000000,0.00000000,0.00000000,667334.40000000,681734.40000000,'','','muscadet','fournisseur/commande/PO2401-0092/PO2401-0092.pdf','2023-12-30 00:00:00',NULL,1,2,4,0,'',NULL,NULL,1,'MAD',1.00000000,667334.40000000,14400.00000000,681734.40000000),(130,'PO2401-0093',1,NULL,'PC 2301407',15,NULL,'2024-01-06 12:39:26','2024-01-06 12:17:42','2024-01-06 12:38:05','2024-01-06 12:38:05',NULL,'2023-12-29',2,NULL,2,2,NULL,0,5,0,0.00000000,0,0,0.00000000,0.00000000,0.00000000,1892096.00000000,1892096.00000000,'','','muscadet','fournisseur/commande/PO2401-0093/PO2401-0093.pdf','2023-12-29 00:00:00',NULL,1,2,3,0,'',NULL,NULL,1,'MAD',1.00000000,1892096.00000000,0.00000000,1892096.00000000),(131,'PO2401-0094',1,NULL,'96059206',16,NULL,'2024-01-06 12:50:51','2024-01-06 12:48:04','2024-01-06 12:49:58','2024-01-06 12:49:58',NULL,'2023-12-19',2,NULL,2,2,NULL,0,5,0,0.00000000,0,0,0.00000000,0.00000000,0.00000000,468000.00000000,468000.00000000,'','','muscadet','fournisseur/commande/PO2401-0094/PO2401-0094.pdf','2023-12-19 00:00:00',NULL,1,2,4,0,'',NULL,NULL,1,'MAD',1.00000000,468000.00000000,0.00000000,468000.00000000),(132,'(PROV132)',1,NULL,'96058911',16,NULL,'2024-01-06 13:07:16','2024-01-06 13:07:16',NULL,NULL,NULL,NULL,2,NULL,NULL,NULL,NULL,0,0,0,0.00000000,0,0,0.00000000,0.00000000,0.00000000,0.00000000,0.00000000,'','','muscadet',NULL,'2023-11-29 00:00:00',NULL,1,2,0,0,'',NULL,NULL,1,'MAD',1.00000000,0.00000000,0.00000000,0.00000000),(133,'PO2401-0095',1,NULL,'96058911',16,NULL,'2024-01-06 13:30:21','2024-01-06 13:08:54','2024-01-06 13:29:06','2024-01-06 13:29:06',NULL,'2023-11-29',2,NULL,2,2,NULL,0,5,0,0.00000000,0,0,0.00000000,0.00000000,0.00000000,424800.00000000,424800.00000000,'','','muscadet','fournisseur/commande/PO2401-0095/PO2401-0095.pdf','2023-11-29 00:00:00',NULL,1,2,4,0,'',NULL,NULL,1,'MAD',1.00000000,424800.00000000,0.00000000,424800.00000000),(134,'PO2403-0096',1,NULL,'22012024',81,NULL,'2024-03-15 12:20:03','2024-03-15 12:17:28','2024-03-15 12:18:23','2024-03-15 12:18:23',NULL,'2024-01-22',2,NULL,2,2,NULL,0,5,0,0.00000000,0,0,0.00000000,0.00000000,0.00000000,0.00000000,0.00000000,'','','muscadet','fournisseur/commande/PO2403-0096/PO2403-0096.pdf',NULL,NULL,1,NULL,4,0,'',NULL,NULL,1,'MAD',1.00000000,0.00000000,0.00000000,0.00000000),(135,'PO2403-0097',1,NULL,'30012024',155,NULL,'2024-03-17 10:39:18','2024-03-17 10:37:11','2024-03-17 10:37:49','2024-03-17 10:37:50',NULL,'2024-01-30',2,NULL,2,2,NULL,0,5,0,0.00000000,0,0,0.00000000,0.00000000,0.00000000,0.00000000,0.00000000,'','','muscadet','fournisseur/commande/PO2403-0097/PO2403-0097.pdf',NULL,NULL,1,NULL,4,0,'',NULL,NULL,1,'MAD',1.00000000,0.00000000,0.00000000,0.00000000),(136,'PO2403-0098',1,NULL,'21022024',81,NULL,'2024-03-20 17:52:18','2024-03-20 17:49:12','2024-03-20 17:50:48','2024-03-20 17:50:48',NULL,'2024-02-21',2,NULL,2,2,NULL,0,5,0,0.00000000,0,0,0.00000000,0.00000000,0.00000000,0.00000000,0.00000000,'','','muscadet','fournisseur/commande/PO2403-0098/PO2403-0098.pdf','2024-02-21 00:00:00',NULL,1,NULL,4,0,'',NULL,NULL,1,'MAD',1.00000000,0.00000000,0.00000000,0.00000000),(137,'PO2403-0099',1,NULL,'96059815',16,NULL,'2024-03-25 13:21:54','2024-03-25 13:18:34','2024-03-25 13:20:07','2024-03-25 13:20:07',NULL,'2024-01-18',2,NULL,2,2,NULL,0,5,0,0.00000000,0,0,0.00000000,0.00000000,0.00000000,243135.00000000,243135.00000000,'','','muscadet','fournisseur/commande/PO2403-0099/PO2403-0099.pdf','2024-02-16 00:00:00',NULL,1,2,3,0,'',NULL,NULL,1,'MAD',1.00000000,243135.00000000,0.00000000,243135.00000000),(138,'(PROV138)',1,NULL,'96059816',16,NULL,'2024-03-25 14:31:41','2024-03-25 14:31:41',NULL,NULL,NULL,NULL,2,NULL,NULL,NULL,NULL,0,0,0,0.00000000,0,0,0.00000000,0.00000000,0.00000000,0.00000000,0.00000000,'','','muscadet',NULL,'2024-02-12 00:00:00',NULL,1,2,0,0,'',NULL,NULL,1,'MAD',1.00000000,0.00000000,0.00000000,0.00000000),(139,'PO2403-0100',1,NULL,'96059816',16,NULL,'2024-03-25 14:43:34','2024-03-25 14:35:51','2024-03-25 14:42:42','2024-03-25 14:42:42',NULL,'2024-01-18',2,NULL,2,2,NULL,0,5,0,0.00000000,0,0,0.00000000,0.00000000,0.00000000,341808.00000000,341808.00000000,'','','muscadet','fournisseur/commande/PO2403-0100/PO2403-0100.pdf','2024-02-12 00:00:00',NULL,1,2,3,0,'',NULL,NULL,1,'MAD',1.00000000,341808.00000000,0.00000000,341808.00000000),(140,'PO2403-0101',1,NULL,'12032024',81,NULL,'2024-03-25 16:36:20','2024-03-25 16:35:19','2024-03-25 16:35:46','2024-03-25 16:35:47',NULL,'2024-03-12',2,NULL,2,2,NULL,0,5,0,0.00000000,0,0,0.00000000,0.00000000,0.00000000,15200.00000000,15200.00000000,'','','muscadet','fournisseur/commande/PO2403-0101/PO2403-0101.pdf','2024-03-12 00:00:00',NULL,1,NULL,4,0,'',NULL,NULL,1,'MAD',1.00000000,15200.00000000,0.00000000,15200.00000000),(141,'PO2403-0102',1,NULL,'12032024NC',81,NULL,'2024-03-25 17:07:56','2024-03-25 17:00:42','2024-03-25 17:02:34','2024-03-25 17:02:34',NULL,'2024-03-12',2,NULL,2,2,NULL,0,5,0,0.00000000,0,0,0.00000000,0.00000000,0.00000000,0.00000000,0.00000000,'','','muscadet','fournisseur/commande/PO2403-0102/PO2403-0102.pdf','2024-03-12 00:00:00',NULL,1,NULL,4,0,'',NULL,NULL,1,'MAD',1.00000000,0.00000000,0.00000000,0.00000000),(142,'PO2404-0103',1,NULL,'96060869',16,NULL,'2024-04-09 09:41:06','2024-04-09 10:35:08','2024-04-09 10:40:36','2024-04-09 10:40:36',NULL,'2024-04-03',2,NULL,2,2,NULL,0,3,0,0.00000000,0,0,0.00000000,0.00000000,0.00000000,152160.00000000,152160.00000000,'','','muscadet','fournisseur/commande/PO2404-0103/PO2404-0103.pdf','2024-04-03 00:00:00',NULL,1,2,3,0,'',NULL,NULL,1,'MAD',1.00000000,152160.00000000,0.00000000,152160.00000000),(143,'PO2404-0104',1,NULL,'96060869',16,NULL,'2024-04-09 09:44:14','2024-04-09 10:42:29','2024-04-09 10:43:19','2024-04-09 10:43:19',NULL,'2024-04-03',2,NULL,2,2,NULL,0,5,0,0.00000000,0,0,0.00000000,0.00000000,0.00000000,152160.00000000,152160.00000000,'','','muscadet','fournisseur/commande/PO2404-0104/PO2404-0104.pdf','2024-04-03 00:00:00',NULL,1,2,3,0,'',NULL,NULL,1,'MAD',1.00000000,152160.00000000,0.00000000,152160.00000000),(144,'PO2404-0105',1,NULL,'96060696',16,NULL,'2024-04-09 09:49:33','2024-04-09 10:47:06','2024-04-09 10:48:26','2024-04-09 10:48:26',NULL,'2024-04-03',2,NULL,2,2,NULL,0,5,0,0.00000000,0,0,0.00000000,0.00000000,0.00000000,504000.00000000,504000.00000000,'','','muscadet','fournisseur/commande/PO2404-0105/PO2404-0105.pdf','2024-04-03 00:00:00',NULL,1,2,3,0,'',NULL,NULL,1,'MAD',1.00000000,504000.00000000,0.00000000,504000.00000000),(145,'PO2404-0106',1,NULL,'03042024',81,NULL,'2024-04-09 09:53:26','2024-04-09 10:51:31','2024-04-09 10:52:22','2024-04-09 10:52:22',NULL,'2024-04-03',2,NULL,2,2,NULL,0,5,0,0.00000000,0,0,0.00000000,0.00000000,0.00000000,7600.00000000,7600.00000000,'','','muscadet','fournisseur/commande/PO2404-0106/PO2404-0106.pdf','2024-04-03 00:00:00',NULL,15,7,4,0,'',NULL,NULL,1,'MAD',1.00000000,7600.00000000,0.00000000,7600.00000000),(146,'(PROV146)',1,NULL,'96061004',16,NULL,'2024-04-20 18:06:00','2024-04-20 19:06:00',NULL,NULL,NULL,NULL,2,NULL,NULL,NULL,NULL,0,0,0,0.00000000,0,0,0.00000000,0.00000000,0.00000000,0.00000000,0.00000000,'','','muscadet',NULL,'2024-03-09 00:00:00',NULL,1,2,0,0,'',NULL,NULL,1,'MAD',1.00000000,0.00000000,0.00000000,0.00000000),(147,'PO2404-0107',1,NULL,'96061004',16,NULL,'2024-04-20 18:19:18','2024-04-20 19:12:12','2024-04-20 19:16:10','2024-04-20 19:16:10',NULL,'2024-03-09',2,NULL,2,2,NULL,0,5,0,0.00000000,0,0,0.00000000,0.00000000,0.00000000,270720.00000000,270720.00000000,'','','muscadet','fournisseur/commande/PO2404-0107/PO2404-0107.pdf','2024-03-09 00:00:00',NULL,1,2,3,0,'',NULL,NULL,1,'MAD',1.00000000,270720.00000000,0.00000000,270720.00000000),(148,'(PROV148)',1,NULL,'17042024',81,NULL,'2024-05-20 16:02:15','2024-05-20 17:02:15',NULL,NULL,NULL,NULL,2,NULL,NULL,NULL,NULL,0,0,0,0.00000000,0,0,0.00000000,0.00000000,0.00000000,0.00000000,0.00000000,'','','muscadet',NULL,NULL,NULL,1,NULL,0,0,'',NULL,NULL,1,'MAD',1.00000000,0.00000000,0.00000000,0.00000000),(149,'PO2405-0108',1,NULL,'17042024',81,NULL,'2024-05-20 16:04:59','2024-05-20 17:03:22','2024-05-20 17:04:14','2024-05-20 17:04:14',NULL,'2024-04-17',2,NULL,2,2,NULL,0,5,0,0.00000000,0,0,0.00000000,0.00000000,0.00000000,440.00000000,440.00000000,'','','muscadet','fournisseur/commande/PO2405-0108/PO2405-0108.pdf','2024-04-17 00:00:00',NULL,1,NULL,4,0,'',NULL,NULL,1,'MAD',1.00000000,440.00000000,0.00000000,440.00000000),(150,'PO2405-0109',1,NULL,'08052024',81,NULL,'2024-05-20 17:15:45','2024-05-20 18:14:12','2024-05-20 18:15:05','2024-05-20 18:15:05',NULL,'2024-05-08',2,NULL,2,2,NULL,0,5,0,0.00000000,0,0,0.00000000,0.00000000,0.00000000,7040.00000000,7040.00000000,'','','muscadet','fournisseur/commande/PO2405-0109/PO2405-0109.pdf','2024-05-08 00:00:00',NULL,1,NULL,4,0,'',NULL,NULL,1,'MAD',1.00000000,7040.00000000,0.00000000,7040.00000000),(151,'(PROV151)',1,NULL,'16052024',171,NULL,'2024-05-20 17:21:22','2024-05-20 18:21:22',NULL,NULL,NULL,NULL,2,NULL,NULL,NULL,NULL,0,0,0,0.00000000,0,0,0.00000000,0.00000000,0.00000000,0.00000000,0.00000000,'','','muscadet',NULL,'2024-05-16 00:00:00',NULL,1,NULL,0,0,'',NULL,NULL,1,'MAD',1.00000000,0.00000000,0.00000000,0.00000000),(152,'PO2405-0110',1,NULL,'30042024',81,NULL,'2024-05-21 08:41:14','2024-05-21 09:40:06','2024-05-21 09:40:36','2024-05-21 09:40:37',NULL,'2024-04-30',2,NULL,2,2,NULL,0,5,0,0.00000000,0,0,0.00000000,0.00000000,0.00000000,3800.00000000,3800.00000000,'','','muscadet','fournisseur/commande/PO2405-0110/PO2405-0110.pdf','2024-04-30 00:00:00',NULL,1,NULL,4,0,'',NULL,NULL,1,'MAD',1.00000000,3800.00000000,0.00000000,3800.00000000),(153,'PO2407-0111',1,NULL,'29062024',155,NULL,'2024-07-06 12:33:25','2024-07-06 13:31:59','2024-07-06 13:32:41','2024-07-06 13:32:41',NULL,'2024-06-29',2,NULL,2,2,NULL,0,5,0,0.00000000,0,0,0.00000000,0.00000000,0.00000000,7600.00000000,7600.00000000,'','','muscadet','fournisseur/commande/PO2407-0111/PO2407-0111.pdf','2024-06-29 00:00:00',NULL,1,7,4,0,'',NULL,NULL,1,'MAD',1.00000000,7600.00000000,0.00000000,7600.00000000),(154,'PO2407-0112',1,NULL,'FXE 240037',15,NULL,'2024-07-06 12:54:13','2024-07-06 13:44:56','2024-07-06 13:53:12','2024-07-06 13:53:12',NULL,'2024-06-12',2,NULL,2,2,NULL,0,5,0,0.00000000,0,0,0.00000000,0.00000000,0.00000000,732760.00000000,732760.00000000,'','','muscadet','fournisseur/commande/PO2407-0112/PO2407-0112.pdf','2024-06-12 00:00:00',NULL,1,2,3,0,'',NULL,NULL,1,'MAD',1.00000000,732760.00000000,0.00000000,732760.00000000),(155,'(PROV155)',1,NULL,'22072024',81,NULL,'2024-07-24 11:41:37','2024-07-24 12:41:37',NULL,NULL,NULL,NULL,2,NULL,NULL,NULL,NULL,0,0,0,0.00000000,0,0,0.00000000,0.00000000,0.00000000,0.00000000,0.00000000,'','','muscadet',NULL,'2024-07-22 00:00:00',NULL,14,4,0,0,'',NULL,NULL,1,'MAD',1.00000000,0.00000000,0.00000000,0.00000000),(156,'PO2407-0113',1,NULL,'22072024',81,NULL,'2024-07-24 11:45:16','2024-07-24 12:43:22','2024-07-24 12:44:26','2024-07-24 12:44:27',NULL,'2024-07-22',2,NULL,2,2,NULL,0,5,0,0.00000000,0,0,0.00000000,0.00000000,0.00000000,2900.00000000,2900.00000000,'','','muscadet','fournisseur/commande/PO2407-0113/PO2407-0113.pdf','2024-07-22 00:00:00',NULL,13,4,4,0,'',NULL,NULL,1,'MAD',1.00000000,2900.00000000,0.00000000,2900.00000000),(157,'PO2409-0114',1,NULL,'10-0824',185,NULL,'2024-09-19 17:27:45','2024-09-19 18:26:08','2024-09-19 18:27:04','2024-09-19 18:27:04',NULL,'2024-08-12',2,NULL,2,2,NULL,0,5,0,0.00000000,0,0,676.67000000,0.00000000,0.00000000,3383.34000000,4060.01000000,'','','muscadet','fournisseur/commande/PO2409-0114/PO2409-0114.pdf','2024-08-12 00:00:00',NULL,1,7,4,0,'',NULL,NULL,1,'MAD',1.00000000,3383.34000000,676.67000000,4060.01000000),(159,'PO2409-0116',1,NULL,'03092024',81,NULL,'2024-09-19 18:18:09','2024-09-19 19:16:42','2024-09-19 19:17:34','2024-09-19 19:17:34',NULL,'2024-09-03',2,NULL,2,2,NULL,0,5,0,0.00000000,0,0,0.00000000,0.00000000,0.00000000,8600.00000000,8600.00000000,'','','muscadet','fournisseur/commande/PO2409-0116/PO2409-0116.pdf','2024-09-03 00:00:00',NULL,1,NULL,4,0,'',NULL,NULL,1,'MAD',1.00000000,8600.00000000,0.00000000,8600.00000000),(160,'PO2409-0117',1,NULL,'1009/2024',135,NULL,'2024-09-23 16:59:34','2024-09-23 17:56:05','2024-09-23 17:58:32','2024-09-23 17:58:32',NULL,'2024-09-10',2,NULL,2,2,NULL,0,5,0,0.00000000,0,0,0.00000000,0.00000000,0.00000000,6060.00000000,6060.00000000,'','','muscadet','fournisseur/commande/PO2409-0117/PO2409-0117.pdf','2024-09-10 00:00:00',NULL,1,4,4,0,'',NULL,NULL,1,'MAD',1.00000000,6060.00000000,0.00000000,6060.00000000),(161,'PO2409-0118',1,NULL,'24092024',81,NULL,'2024-09-24 16:32:36','2024-09-24 17:27:36','2024-09-24 17:31:38','2024-09-24 17:31:38',NULL,'2024-09-24',2,NULL,2,2,NULL,0,5,0,0.00000000,0,0,4062.96000000,0.00000000,0.00000000,20314.80000000,24377.76000000,'','','muscadet','fournisseur/commande/PO2409-0118/PO2409-0118.pdf','2024-09-24 00:00:00',NULL,15,4,4,0,'',NULL,NULL,1,'MAD',1.00000000,20314.80000000,4062.96000000,24377.76000000),(162,'PO2410-0119',1,NULL,'96064327',16,NULL,'2024-10-15 17:20:20','2024-10-15 18:15:56','2024-10-15 18:19:21','2024-10-15 18:19:21',NULL,'2024-09-30',2,NULL,2,2,NULL,0,5,0,0.00000000,0,0,0.00000000,0.00000000,0.00000000,1319040.00000000,1319040.00000000,'','','muscadet','fournisseur/commande/PO2410-0119/PO2410-0119.pdf','2024-09-30 00:00:00',NULL,1,2,3,0,'',NULL,NULL,1,'MAD',1.00000000,1319040.00000000,0.00000000,1319040.00000000),(163,'PO2410-0120',1,NULL,'FXE 240044',15,NULL,'2024-10-19 10:25:07','2024-10-19 11:19:48','2024-10-19 11:24:02','2024-10-19 11:24:02',NULL,'2024-09-23',2,NULL,2,2,NULL,0,5,0,0.00000000,0,0,0.00000000,0.00000000,0.00000000,955704.00000000,955704.00000000,'','','muscadet','fournisseur/commande/PO2410-0120/PO2410-0120.pdf','2024-09-23 00:00:00',NULL,1,2,3,0,'',NULL,NULL,1,'MAD',1.00000000,955704.00000000,0.00000000,955704.00000000),(164,'(PROV164)',1,NULL,'96064590',16,NULL,'2024-10-26 10:46:56','2024-10-26 11:44:48',NULL,NULL,NULL,NULL,2,NULL,NULL,NULL,NULL,0,0,0,0.00000000,0,0,0.00000000,0.00000000,0.00000000,12722875.20000000,12722875.20000000,'','','muscadet','fournisseur/commande/(PROV164)/(PROV164).pdf','2024-10-24 00:00:00',NULL,1,2,0,0,'',NULL,NULL,1,'MAD',1.00000000,12722875.20000000,0.00000000,12722875.20000000),(165,'PO2410-0121',1,NULL,'96064590',16,NULL,'2024-10-26 10:58:39','2024-10-26 11:54:16','2024-10-26 11:56:31','2024-10-26 11:56:31',NULL,'2024-10-24',2,NULL,2,2,NULL,0,5,0,0.00000000,0,0,0.00000000,0.00000000,0.00000000,790171.20000000,790171.20000000,'','','muscadet','fournisseur/commande/PO2410-0121/PO2410-0121.pdf','2024-10-23 00:00:00',NULL,1,2,3,0,'',NULL,NULL,1,'MAD',1.00000000,790171.20000000,0.00000000,790171.20000000),(166,'PO2412-0122',1,NULL,'07122024',81,NULL,'2024-12-23 10:47:56','2024-12-23 10:46:31','2024-12-23 10:47:16','2024-12-23 10:47:17',NULL,'2024-12-07',2,NULL,2,2,NULL,0,5,0,0.00000000,0,0,0.00000000,0.00000000,0.00000000,4800.00000000,4800.00000000,'','','muscadet','fournisseur/commande/PO2412-0122/PO2412-0122.pdf','2024-12-07 00:00:00',NULL,1,2,4,0,'',NULL,NULL,1,'MAD',1.00000000,4800.00000000,0.00000000,4800.00000000),(167,'PO2412-0123',1,NULL,'27112024',81,NULL,'2024-12-23 16:15:58','2024-12-23 16:14:26','2024-12-23 16:15:16','2024-12-23 16:15:17',NULL,'2024-11-27',2,NULL,2,2,NULL,0,5,0,0.00000000,0,0,0.00000000,0.00000000,0.00000000,5760.00000000,5760.00000000,'','','muscadet','fournisseur/commande/PO2412-0123/PO2412-0123.pdf','2024-11-27 00:00:00',NULL,1,4,4,0,'',NULL,NULL,1,'MAD',1.00000000,5760.00000000,0.00000000,5760.00000000),(168,'PO2501-0124',1,NULL,'96065408',16,NULL,'2025-01-09 15:18:28','2025-01-09 15:10:50','2025-01-09 15:15:07','2025-01-09 15:15:07',NULL,'2024-12-26',2,NULL,2,2,NULL,0,5,0,0.00000000,0,0,0.00000000,0.00000000,0.00000000,652476.00000000,652476.00000000,'','','muscadet','fournisseur/commande/PO2501-0124/PO2501-0124.pdf','2024-12-26 00:00:00',NULL,1,2,3,0,'',NULL,NULL,1,'MAD',1.00000000,652476.00000000,0.00000000,652476.00000000),(169,'PO2501-0125',1,NULL,'FXE 240 057',15,NULL,'2025-01-09 15:29:14','2025-01-09 15:23:15','2025-01-09 15:27:09','2025-01-09 15:27:09',NULL,'2024-12-02',2,NULL,2,2,NULL,0,5,0,0.00000000,0,0,0.00000000,0.00000000,0.00000000,452698.56000000,452698.56000000,'','','muscadet','fournisseur/commande/PO2501-0125/PO2501-0125.pdf','2024-12-02 00:00:00',NULL,1,2,3,0,'',NULL,NULL,1,'MAD',1.00000000,452698.56000000,0.00000000,452698.56000000),(170,'PO2502-0126',1,NULL,'004913',155,NULL,'2025-02-04 09:07:39','2025-02-04 09:06:14','2025-02-04 09:06:54','2025-02-04 09:06:54',NULL,'2025-01-15',2,NULL,2,2,NULL,0,5,0,0.00000000,0,0,0.00000000,0.00000000,0.00000000,26400.00000000,26400.00000000,'','','muscadet','fournisseur/commande/PO2502-0126/PO2502-0126.pdf','2025-01-15 00:00:00',NULL,1,7,4,0,'',NULL,NULL,1,'MAD',1.00000000,26400.00000000,0.00000000,26400.00000000),(171,'PO2503-0127',1,NULL,'23012025',81,NULL,'2025-03-11 09:47:21','2025-03-11 09:37:43','2025-03-11 09:38:46','2025-03-11 09:38:46',NULL,'2025-01-23',2,NULL,2,2,NULL,0,4,0,0.00000000,0,0,0.00000000,0.00000000,0.00000000,5100.00000000,5100.00000000,'','','muscadet','fournisseur/commande/PO2503-0127/PO2503-0127.pdf','2025-01-23 00:00:00',NULL,1,NULL,4,0,'',NULL,NULL,1,'MAD',1.00000000,5100.00000000,0.00000000,5100.00000000),(172,'(PROV172)',1,NULL,'23012025',81,NULL,'2025-03-11 09:49:33','2025-03-11 09:49:33',NULL,NULL,NULL,NULL,2,NULL,NULL,NULL,NULL,0,0,0,0.00000000,0,0,0.00000000,0.00000000,0.00000000,0.00000000,0.00000000,'','','muscadet',NULL,'2025-01-23 00:00:00',NULL,1,NULL,0,0,'',NULL,NULL,1,'MAD',1.00000000,0.00000000,0.00000000,0.00000000),(173,'PO2503-0128',1,NULL,'23012025',81,NULL,'2025-03-11 09:55:47','2025-03-11 09:50:58','2025-03-11 09:51:43','2025-03-11 09:51:43',NULL,'2025-01-23',2,NULL,2,2,NULL,0,5,0,0.00000000,0,0,0.00000000,0.00000000,0.00000000,7440.00000000,7440.00000000,'','','muscadet','fournisseur/commande/PO2503-0128/PO2503-0128.pdf','2025-01-23 00:00:00',NULL,1,NULL,4,0,'',NULL,NULL,1,'MAD',1.00000000,7440.00000000,0.00000000,7440.00000000),(174,'PO2505-0129',1,NULL,'25022025',81,NULL,'2025-05-09 17:27:17','2025-05-09 18:23:40','2025-05-09 18:26:12','2025-05-09 18:26:12',NULL,'2025-02-25',2,NULL,2,2,NULL,0,5,0,0.00000000,0,0,0.00000000,0.00000000,0.00000000,6560.00000000,6560.00000000,'','','muscadet','fournisseur/commande/PO2505-0129/PO2505-0129.pdf','2025-02-25 00:00:00',NULL,1,4,4,0,'',NULL,NULL,1,'MAD',1.00000000,6560.00000000,0.00000000,6560.00000000),(175,'PO2505-0130',1,NULL,'25022025',81,NULL,'2025-05-09 18:10:23','2025-05-09 19:08:07','2025-05-09 19:09:14','2025-05-09 19:09:14',NULL,'2025-02-25',2,NULL,2,2,NULL,0,5,0,0.00000000,0,0,0.00000000,0.00000000,0.00000000,925.00000000,925.00000000,'','','muscadet','fournisseur/commande/PO2505-0130/PO2505-0130.pdf','2025-02-25 00:00:00',NULL,1,4,4,0,'',NULL,NULL,1,'MAD',1.00000000,925.00000000,0.00000000,925.00000000),(176,'PO2505-0131',1,NULL,'FXE 250009',15,NULL,'2025-05-11 12:00:31','2025-05-11 12:51:09','2025-05-11 12:58:52','2025-05-11 12:58:52',NULL,'2025-03-05',2,NULL,2,2,NULL,0,5,0,0.00000000,0,0,0.00000000,0.00000000,0.00000000,1175548.80000000,1175548.80000000,'','','muscadet','fournisseur/commande/PO2505-0131/PO2505-0131.pdf','2025-03-05 00:00:00',NULL,1,2,3,0,'',NULL,NULL,1,'MAD',1.00000000,1175548.80000000,0.00000000,1175548.80000000),(177,'PO2505-0132',1,NULL,'96066919',16,NULL,'2025-05-11 12:13:33','2025-05-11 13:09:07','2025-05-11 13:12:33','2025-05-11 13:12:33',NULL,'2025-03-14',2,NULL,2,2,NULL,0,5,0,0.00000000,0,0,0.00000000,0.00000000,0.00000000,1005774.79000000,1005774.79000000,'','','muscadet','fournisseur/commande/PO2505-0132/PO2505-0132.pdf','2025-03-14 00:00:00',NULL,14,2,3,0,'',NULL,NULL,1,'MAD',1.00000000,1005774.79000000,0.00000000,1005774.79000000),(178,'PO2505-0133',1,NULL,'96066732',16,NULL,'2025-05-11 12:19:57','2025-05-11 13:18:11','2025-05-11 13:19:16','2025-05-11 13:19:16',NULL,'2025-03-08',2,NULL,2,2,NULL,0,5,0,0.00000000,0,0,0.00000000,0.00000000,0.00000000,253440.00000000,253440.00000000,'','','muscadet','fournisseur/commande/PO2505-0133/PO2505-0133.pdf','2025-03-08 00:00:00',NULL,14,2,3,0,'',NULL,NULL,1,'MAD',1.00000000,253440.00000000,0.00000000,253440.00000000),(179,'PO2505-0134',1,NULL,'20032025',215,NULL,'2025-05-11 13:36:24','2025-05-11 14:32:55','2025-05-11 14:35:36','2025-05-11 14:35:36',NULL,'2025-03-20',2,NULL,2,2,NULL,0,5,0,0.00000000,0,0,1000.00000000,0.00000000,0.00000000,5000.00000000,6000.00000000,'','','muscadet','fournisseur/commande/PO2505-0134/PO2505-0134.pdf','2025-03-20 00:00:00',NULL,1,NULL,4,0,'',NULL,NULL,1,'MAD',1.00000000,5000.00000000,1000.00000000,6000.00000000),(180,'PO2505-0135',1,NULL,'22032025',81,NULL,'2025-05-12 04:53:12','2025-05-12 05:50:34','2025-05-12 05:51:48','2025-05-12 05:51:48',NULL,'2025-03-22',2,NULL,2,2,NULL,0,5,0,0.00000000,0,0,0.00000000,0.00000000,0.00000000,2880.00000000,2880.00000000,'','','muscadet','fournisseur/commande/PO2505-0135/PO2505-0135.pdf','2025-03-22 00:00:00',NULL,1,4,5,0,'',NULL,NULL,1,'MAD',1.00000000,2880.00000000,0.00000000,2880.00000000),(181,'PO2505-0136',1,NULL,'COMMERCIAL INVOICE N° 4',124,NULL,'2025-05-12 05:35:11','2025-05-12 06:22:15','2025-05-12 06:33:45','2025-05-12 06:33:45',NULL,'2025-03-25',2,NULL,2,2,NULL,0,5,0,0.00000000,0,0,38035.20000000,0.00000000,0.00000000,1096089.60000000,1134124.80000000,'','','muscadet','fournisseur/commande/PO2505-0136/PO2505-0136.pdf','2025-03-25 00:00:00',NULL,1,2,4,0,'',NULL,NULL,1,'MAD',1.00000000,1096089.60000000,38035.20000000,1134124.80000000),(182,'PO2505-0137',1,NULL,'96067396',16,NULL,'2025-05-12 06:40:12','2025-05-12 07:37:24','2025-05-12 07:39:17','2025-05-12 07:39:17',NULL,'2025-04-04',2,NULL,2,2,NULL,0,5,0,0.00000000,0,0,0.00000000,0.00000000,0.00000000,577601.57000000,577601.57000000,'','','muscadet','fournisseur/commande/PO2505-0137/PO2505-0137.pdf','2025-04-04 00:00:00',NULL,14,2,3,0,'',NULL,NULL,1,'MAD',1.00000000,577601.57000000,0.00000000,577601.57000000),(183,'PO2505-0138',1,NULL,'96066687',16,NULL,'2025-05-12 12:25:58','2025-05-12 13:23:55','2025-05-12 13:25:07','2025-05-12 13:25:07',NULL,'2025-03-05',2,NULL,2,2,NULL,0,5,0,0.00000000,0,0,0.00000000,0.00000000,0.00000000,375233.04000000,375233.04000000,'','','muscadet','fournisseur/commande/PO2505-0138/PO2505-0138.pdf','2025-03-05 00:00:00',NULL,14,2,3,0,'',NULL,NULL,1,'MAD',1.00000000,375233.04000000,0.00000000,375233.04000000),(184,'PO2505-0139',1,NULL,'96067519',16,NULL,'2025-05-12 12:32:40','2025-05-12 13:29:00','2025-05-12 13:31:35','2025-05-12 13:31:35',NULL,'2025-04-10',2,NULL,2,2,NULL,0,5,0,0.00000000,0,0,0.00000000,0.00000000,0.00000000,594317.23000000,594317.23000000,'','','muscadet','fournisseur/commande/PO2505-0139/PO2505-0139.pdf','2025-04-10 00:00:00',NULL,1,2,3,0,'',NULL,NULL,1,'MAD',1.00000000,594317.23000000,0.00000000,594317.23000000),(185,'PO2505-0140',1,NULL,'FXE 250027',15,NULL,'2025-05-12 18:07:52','2025-05-12 13:36:41','2025-05-12 19:06:43','2025-05-12 19:06:43',NULL,'2025-05-08',2,NULL,2,2,NULL,0,5,0,0.00000000,0,0,0.00000000,0.00000000,0.00000000,819625.92000000,819625.92000000,'','','muscadet','fournisseur/commande/PO2505-0140/PO2505-0140.pdf','2025-05-08 00:00:00',NULL,1,2,3,0,'',NULL,NULL,1,'MAD',1.00000000,819625.92000000,0.00000000,819625.92000000),(186,'PO2505-0141',1,NULL,'18042025',81,NULL,'2025-05-15 08:33:10','2025-05-15 09:28:02','2025-05-15 09:29:56','2025-05-15 09:29:56',NULL,'2025-04-18',2,NULL,2,2,NULL,0,5,0,0.00000000,0,0,0.00000000,0.00000000,0.00000000,2850.00000000,2850.00000000,'','','muscadet','fournisseur/commande/PO2505-0141/PO2505-0141.pdf','2025-04-18 00:00:00',NULL,1,4,4,0,'',NULL,NULL,1,'MAD',1.00000000,2850.00000000,0.00000000,2850.00000000),(187,'PO2505-0142',1,NULL,'1305/25',81,NULL,'2025-05-26 08:11:56','2025-05-26 09:08:59','2025-05-26 09:10:58','2025-05-26 09:10:59',NULL,'2025-05-13',2,NULL,2,2,NULL,0,5,0,0.00000000,0,0,0.00000000,0.00000000,0.00000000,10875.00000000,10875.00000000,'','','muscadet','fournisseur/commande/PO2505-0142/PO2505-0142.pdf','2025-05-13 00:00:00',NULL,1,NULL,4,0,'',NULL,NULL,1,'MAD',1.00000000,10875.00000000,0.00000000,10875.00000000),(188,'PO2505-0143',1,NULL,'2805/25',81,NULL,'2025-05-31 10:42:39','2025-05-31 11:40:07','2025-05-31 11:41:01','2025-05-31 11:41:01',NULL,'2025-05-28',2,NULL,2,2,NULL,0,5,0,0.00000000,0,0,0.00000000,0.00000000,0.00000000,8240.00000000,8240.00000000,'','','muscadet','fournisseur/commande/PO2505-0143/PO2505-0143.pdf','2025-05-28 00:00:00',NULL,1,4,4,0,'',NULL,NULL,1,'MAD',1.00000000,8240.00000000,0.00000000,8240.00000000);

--
-- Table structure for table `llxqf_commande_fournisseur_extrafields`
--

CREATE TABLE `llxqf_commande_fournisseur_extrafields` (
  `rowid` int NOT NULL AUTO_INCREMENT,
  `tms` timestamp NULL DEFAULT CURRENT_TIMESTAMP ON UPDATE CURRENT_TIMESTAMP,
  `fk_object` int NOT NULL,
  `import_key` varchar(14) DEFAULT NULL,
  PRIMARY KEY (`rowid`),
  UNIQUE KEY `uk_commande_fournisseur_extrafields` (`fk_object`)
) ENGINE=InnoDB DEFAULT CHARSET=utf8mb3;

--
-- Dumping data for table `llxqf_commande_fournisseur_extrafields`
--


--
-- Table structure for table `llxqf_commande_fournisseur_log`
--

CREATE TABLE `llxqf_commande_fournisseur_log` (
  `rowid` int NOT NULL AUTO_INCREMENT,
  `tms` timestamp NULL DEFAULT CURRENT_TIMESTAMP ON UPDATE CURRENT_TIMESTAMP,
  `datelog` datetime NOT NULL,
  `fk_commande` int NOT NULL,
  `fk_statut` smallint NOT NULL,
  `fk_user` int NOT NULL,
  `comment` varchar(255) DEFAULT NULL,
  PRIMARY KEY (`rowid`)
) ENGINE=InnoDB DEFAULT CHARSET=utf8mb3;

--
-- Dumping data for table `llxqf_commande_fournisseur_log`
--


--
-- Table structure for table `llxqf_commande_fournisseurdet`
--

CREATE TABLE `llxqf_commande_fournisseurdet` (
  `rowid` int NOT NULL AUTO_INCREMENT,
  `fk_commande` int NOT NULL,
  `fk_parent_line` int DEFAULT NULL,
  `fk_product` int DEFAULT NULL,
  `ref` varchar(128) DEFAULT NULL,
  `label` varchar(255) DEFAULT NULL,
  `description` text,
  `vat_src_code` varchar(10) DEFAULT '',
  `tva_tx` double(6,3) DEFAULT '0.000',
  `localtax1_tx` double(6,3) DEFAULT '0.000',
  `localtax1_type` varchar(10) DEFAULT NULL,
  `localtax2_tx` double(6,3) DEFAULT '0.000',
  `localtax2_type` varchar(10) DEFAULT NULL,
  `qty` double DEFAULT NULL,
  `remise_percent` double DEFAULT '0',
  `remise` double DEFAULT '0',
  `subprice` double(24,8) DEFAULT '0.00000000',
  `subprice_ttc` double(24,8) DEFAULT '0.00000000',
  `total_ht` double(24,8) DEFAULT '0.00000000',
  `total_tva` double(24,8) DEFAULT '0.00000000',
  `total_localtax1` double(24,8) DEFAULT '0.00000000',
  `total_localtax2` double(24,8) DEFAULT '0.00000000',
  `total_ttc` double(24,8) DEFAULT '0.00000000',
  `product_type` int DEFAULT '0',
  `date_start` datetime DEFAULT NULL,
  `date_end` datetime DEFAULT NULL,
  `info_bits` int DEFAULT '0',
  `special_code` int DEFAULT '0',
  `rang` int DEFAULT '0',
  `import_key` varchar(14) DEFAULT NULL,
  `fk_unit` int DEFAULT NULL,
  `fk_multicurrency` int DEFAULT NULL,
  `multicurrency_code` varchar(3) DEFAULT NULL,
  `multicurrency_subprice` double(24,8) DEFAULT '0.00000000',
  `multicurrency_subprice_ttc` double(24,8) DEFAULT '0.00000000',
  `multicurrency_total_ht` double(24,8) DEFAULT '0.00000000',
  `multicurrency_total_tva` double(24,8) DEFAULT '0.00000000',
  `multicurrency_total_ttc` double(24,8) DEFAULT '0.00000000',
  PRIMARY KEY (`rowid`),
  KEY `fk_commande_fournisseurdet_fk_unit` (`fk_unit`),
  KEY `idx_commande_fournisseurdet_fk_commande` (`fk_commande`),
  KEY `idx_commande_fournisseurdet_fk_product` (`fk_product`),
  CONSTRAINT `fk_commande_fournisseurdet_fk_unit` FOREIGN KEY (`fk_unit`) REFERENCES `llxqf_c_units` (`rowid`)
) ENGINE=InnoDB AUTO_INCREMENT=374 DEFAULT CHARSET=utf8mb3;

--
-- Dumping data for table `llxqf_commande_fournisseurdet`
--

INSERT INTO `llxqf_commande_fournisseurdet` VALUES (2,3,NULL,301,'','','','',0.000,0.000,'0',0.000,'0',60,0,0,95.00000000,0.00000000,5700.00000000,0.00000000,0.00000000,0.00000000,5700.00000000,0,NULL,NULL,0,0,1,NULL,NULL,NULL,'MAD',95.00000000,0.00000000,5700.00000000,0.00000000,5700.00000000),(3,4,NULL,302,'','','','',0.000,0.000,'0',0.000,'0',25,0,0,90.00000000,0.00000000,2250.00000000,0.00000000,0.00000000,0.00000000,2250.00000000,0,NULL,NULL,0,0,1,NULL,NULL,NULL,'MAD',90.00000000,0.00000000,2250.00000000,0.00000000,2250.00000000),(4,4,NULL,300,'','','','',0.000,0.000,'0',0.000,'0',100,0,0,27.00000000,0.00000000,2700.00000000,0.00000000,0.00000000,0.00000000,2700.00000000,0,NULL,NULL,0,0,2,NULL,NULL,NULL,'MAD',27.00000000,0.00000000,2700.00000000,0.00000000,2700.00000000),(7,6,NULL,244,'','','','',0.000,0.000,'3',0.000,'5',2000,0,0,0.00000000,0.00000000,0.00000000,0.00000000,0.00000000,0.00000000,0.00000000,0,NULL,NULL,0,0,1,NULL,NULL,NULL,'MAD',0.00000000,0.00000000,0.00000000,0.00000000,0.00000000),(8,6,NULL,250,'','','','',0.000,0.000,'3',0.000,'5',2000,0,0,0.00000000,0.00000000,0.00000000,0.00000000,0.00000000,0.00000000,0.00000000,0,NULL,NULL,0,0,2,NULL,NULL,NULL,'MAD',0.00000000,0.00000000,0.00000000,0.00000000,0.00000000),(9,6,NULL,305,'','','','',0.000,0.000,'3',0.000,'5',2000,0,0,0.00000000,0.00000000,0.00000000,0.00000000,0.00000000,0.00000000,0.00000000,0,NULL,NULL,0,0,3,NULL,NULL,NULL,'MAD',0.00000000,0.00000000,0.00000000,0.00000000,0.00000000),(10,6,NULL,306,'','','','',0.000,0.000,'3',0.000,'5',1000,0,0,0.00000000,0.00000000,0.00000000,0.00000000,0.00000000,0.00000000,0.00000000,0,NULL,NULL,0,0,4,NULL,NULL,NULL,'MAD',0.00000000,0.00000000,0.00000000,0.00000000,0.00000000),(11,6,NULL,242,'','','','',0.000,0.000,'3',0.000,'5',1429,0,0,0.00000000,0.00000000,0.00000000,0.00000000,0.00000000,0.00000000,0.00000000,0,NULL,NULL,0,0,5,NULL,NULL,NULL,'MAD',0.00000000,0.00000000,0.00000000,0.00000000,0.00000000),(12,6,NULL,307,'','','','',0.000,0.000,'3',0.000,'5',1000,0,0,0.00000000,0.00000000,0.00000000,0.00000000,0.00000000,0.00000000,0.00000000,0,NULL,NULL,0,0,6,NULL,NULL,NULL,'MAD',0.00000000,0.00000000,0.00000000,0.00000000,0.00000000),(13,7,NULL,301,'','','','',0.000,0.000,'0',0.000,'0',60,0,0,90.00000000,0.00000000,5400.00000000,0.00000000,0.00000000,0.00000000,5400.00000000,0,NULL,NULL,0,0,1,NULL,NULL,NULL,'MAD',90.00000000,0.00000000,5400.00000000,0.00000000,5400.00000000),(14,8,NULL,242,'','','','',20.000,0.000,'0',0.000,'0',4,0,0,95.00000000,0.00000000,380.00000000,76.00000000,0.00000000,0.00000000,456.00000000,0,NULL,NULL,0,0,1,NULL,NULL,NULL,'MAD',95.00000000,0.00000000,380.00000000,76.00000000,456.00000000),(15,8,NULL,263,'','','','',0.000,0.000,'0',0.000,'0',5,0,0,36.00000000,0.00000000,180.00000000,0.00000000,0.00000000,0.00000000,180.00000000,0,NULL,NULL,0,0,2,NULL,NULL,NULL,'MAD',36.00000000,0.00000000,180.00000000,0.00000000,180.00000000),(16,9,NULL,311,'','','','',0.000,0.000,'0',0.000,'0',3,0,0,1482.00000000,0.00000000,4446.00000000,0.00000000,0.00000000,0.00000000,4446.00000000,0,NULL,NULL,0,0,1,NULL,NULL,NULL,'MAD',1482.00000000,0.00000000,4446.00000000,0.00000000,4446.00000000),(17,9,NULL,312,'','','','',0.000,0.000,'0',0.000,'0',10,0,0,160.00000000,0.00000000,1600.00000000,0.00000000,0.00000000,0.00000000,1600.00000000,0,NULL,NULL,0,0,2,NULL,NULL,NULL,'MAD',160.00000000,0.00000000,1600.00000000,0.00000000,1600.00000000),(18,9,NULL,313,'','','','',0.000,0.000,'0',0.000,'0',5,0,0,260.00000000,0.00000000,1300.00000000,0.00000000,0.00000000,0.00000000,1300.00000000,0,NULL,NULL,0,0,3,NULL,NULL,NULL,'MAD',260.00000000,0.00000000,1300.00000000,0.00000000,1300.00000000),(19,9,NULL,314,'','','','',0.000,0.000,'0',0.000,'0',1,0,0,847.00000000,0.00000000,847.00000000,0.00000000,0.00000000,0.00000000,847.00000000,0,NULL,NULL,0,0,4,NULL,NULL,NULL,'MAD',847.00000000,0.00000000,847.00000000,0.00000000,847.00000000),(20,12,NULL,315,'','','','',0.000,0.000,'0',0.000,'0',40,0,0,170.00000000,0.00000000,6800.00000000,0.00000000,0.00000000,0.00000000,6800.00000000,0,NULL,NULL,0,0,1,NULL,NULL,NULL,'MAD',170.00000000,0.00000000,6800.00000000,0.00000000,6800.00000000),(21,13,NULL,316,'','','','',0.000,0.000,'0',0.000,'0',24,0,0,275.00000000,0.00000000,6600.00000000,0.00000000,0.00000000,0.00000000,6600.00000000,0,NULL,NULL,0,0,1,NULL,NULL,NULL,'MAD',275.00000000,0.00000000,6600.00000000,0.00000000,6600.00000000),(22,13,NULL,317,'','','','',0.000,0.000,'0',0.000,'0',24,0,0,130.00000000,0.00000000,3120.00000000,0.00000000,0.00000000,0.00000000,3120.00000000,0,NULL,NULL,0,0,2,NULL,NULL,NULL,'MAD',130.00000000,0.00000000,3120.00000000,0.00000000,3120.00000000),(23,13,NULL,318,'','','','',0.000,0.000,'0',0.000,'0',20,0,0,145.00000000,0.00000000,2900.00000000,0.00000000,0.00000000,0.00000000,2900.00000000,0,NULL,NULL,0,0,3,NULL,NULL,NULL,'MAD',145.00000000,0.00000000,2900.00000000,0.00000000,2900.00000000),(24,13,NULL,319,'','','','',0.000,0.000,'0',0.000,'0',24,0,0,320.00000000,0.00000000,7680.00000000,0.00000000,0.00000000,0.00000000,7680.00000000,0,NULL,NULL,0,0,4,NULL,NULL,NULL,'MAD',320.00000000,0.00000000,7680.00000000,0.00000000,7680.00000000),(25,13,NULL,320,'','','','',0.000,0.000,'0',0.000,'0',24,0,0,95.00000000,0.00000000,2280.00000000,0.00000000,0.00000000,0.00000000,2280.00000000,0,NULL,NULL,0,0,5,NULL,NULL,NULL,'MAD',95.00000000,0.00000000,2280.00000000,0.00000000,2280.00000000),(26,14,NULL,315,'','','','',0.000,0.000,'',0.000,'',40,0,0,170.00000000,0.00000000,6800.00000000,0.00000000,0.00000000,0.00000000,6800.00000000,0,NULL,NULL,0,0,1,NULL,NULL,NULL,'MAD',170.00000000,0.00000000,6800.00000000,0.00000000,6800.00000000),(27,15,NULL,321,'','','','',0.000,0.000,'0',0.000,'0',400,0,0,8.50000000,0.00000000,3400.00000000,0.00000000,0.00000000,0.00000000,3400.00000000,0,NULL,NULL,0,0,1,NULL,NULL,NULL,'MAD',8.50000000,0.00000000,3400.00000000,0.00000000,3400.00000000),(28,17,NULL,324,'','','','',0.000,0.000,'0',0.000,'0',180,0,0,58.00000000,0.00000000,10440.00000000,0.00000000,0.00000000,0.00000000,10440.00000000,0,NULL,NULL,0,0,1,NULL,NULL,NULL,'MAD',58.00000000,0.00000000,10440.00000000,0.00000000,10440.00000000),(29,18,NULL,326,'','','','',0.000,0.000,'0',0.000,'0',1257.6,0,0,26.00000000,0.00000000,32697.60000000,0.00000000,0.00000000,0.00000000,32697.60000000,0,NULL,NULL,0,0,1,NULL,NULL,NULL,'MAD',26.00000000,0.00000000,32697.60000000,0.00000000,32697.60000000),(30,18,NULL,327,'','','','',0.000,0.000,'0',0.000,'0',4417.6,0,0,26.00000000,0.00000000,114857.60000000,0.00000000,0.00000000,0.00000000,114857.60000000,0,NULL,NULL,0,0,2,NULL,NULL,NULL,'MAD',26.00000000,0.00000000,114857.60000000,0.00000000,114857.60000000),(31,19,NULL,323,'','','','',0.000,0.000,'0',0.000,'0',13,0,0,865.00000000,0.00000000,11245.00000000,0.00000000,0.00000000,0.00000000,11245.00000000,0,NULL,NULL,0,0,1,NULL,NULL,NULL,'MAD',865.00000000,0.00000000,11245.00000000,0.00000000,11245.00000000),(32,20,NULL,324,'','','','',0.000,0.000,'0',0.000,'0',72,0,0,58.00000000,0.00000000,4176.00000000,0.00000000,0.00000000,0.00000000,4176.00000000,0,NULL,NULL,0,0,1,NULL,NULL,NULL,'MAD',58.00000000,0.00000000,4176.00000000,0.00000000,4176.00000000),(33,20,NULL,325,'','','','',0.000,0.000,'0',0.000,'0',228,0,0,40.00000000,0.00000000,9120.00000000,0.00000000,0.00000000,0.00000000,9120.00000000,0,NULL,NULL,0,0,2,NULL,NULL,NULL,'MAD',40.00000000,0.00000000,9120.00000000,0.00000000,9120.00000000),(34,21,NULL,328,'','','','',0.000,0.000,'0',0.000,'0',10,0,0,295.00000000,0.00000000,2950.00000000,0.00000000,0.00000000,0.00000000,2950.00000000,0,NULL,NULL,0,0,1,NULL,NULL,NULL,'MAD',295.00000000,0.00000000,2950.00000000,0.00000000,2950.00000000),(35,22,NULL,329,'','','','',0.000,0.000,'0',0.000,'0',20,0,0,90.00000000,0.00000000,1800.00000000,0.00000000,0.00000000,0.00000000,1800.00000000,0,NULL,NULL,0,0,1,NULL,NULL,NULL,'MAD',90.00000000,0.00000000,1800.00000000,0.00000000,1800.00000000),(36,22,NULL,315,'','','','',0.000,0.000,'0',0.000,'0',40,0,0,170.00000000,0.00000000,6800.00000000,0.00000000,0.00000000,0.00000000,6800.00000000,0,NULL,NULL,0,0,2,NULL,NULL,NULL,'MAD',170.00000000,0.00000000,6800.00000000,0.00000000,6800.00000000),(37,22,NULL,330,'','','','',0.000,0.000,'0',0.000,'0',60,0,0,43.50000000,0.00000000,2610.00000000,0.00000000,0.00000000,0.00000000,2610.00000000,0,NULL,NULL,0,0,3,NULL,NULL,NULL,'MAD',43.50000000,0.00000000,2610.00000000,0.00000000,2610.00000000),(38,23,NULL,279,'','','','',20.000,0.000,'',0.000,'',3600,0,0,60.00000000,0.00000000,216000.00000000,43200.00000000,0.00000000,0.00000000,259200.00000000,0,NULL,NULL,0,0,1,NULL,NULL,NULL,'MAD',60.00000000,0.00000000,216000.00000000,43200.00000000,259200.00000000),(39,23,NULL,277,'','','','',20.000,0.000,'',0.000,'',1000,0,0,60.00000000,0.00000000,60000.00000000,12000.00000000,0.00000000,0.00000000,72000.00000000,0,NULL,NULL,0,0,2,NULL,NULL,NULL,'MAD',60.00000000,0.00000000,60000.00000000,12000.00000000,72000.00000000),(40,23,NULL,245,'','','','',0.000,0.000,'0',0.000,'0',800,0,0,86.00000000,0.00000000,68800.00000000,0.00000000,0.00000000,0.00000000,68800.00000000,0,NULL,NULL,0,0,3,NULL,NULL,NULL,'MAD',86.00000000,0.00000000,68800.00000000,0.00000000,68800.00000000),(42,25,NULL,247,'','','','',0.000,0.000,'3',0.000,'5',1000,0,0,2.63000000,0.00000000,2630.00000000,0.00000000,0.00000000,0.00000000,2630.00000000,0,NULL,NULL,0,0,1,NULL,NULL,NULL,'MAD',2.63000000,0.00000000,2630.00000000,0.00000000,2630.00000000),(43,25,NULL,246,'ON069-04','','','',0.000,0.000,'3',0.000,'5',720,0,0,3.37000000,0.00000000,2426.40000000,0.00000000,0.00000000,0.00000000,2426.40000000,0,NULL,NULL,0,0,2,NULL,NULL,NULL,'MAD',3.37000000,0.00000000,2426.40000000,0.00000000,2426.40000000),(44,25,NULL,334,'ON102-02 5L','','','',0.000,0.000,'3',0.000,'5',1000,0,0,1.91000000,0.00000000,1910.00000000,0.00000000,0.00000000,0.00000000,1910.00000000,0,NULL,NULL,0,0,3,NULL,NULL,NULL,'MAD',1.91000000,0.00000000,1910.00000000,0.00000000,1910.00000000),(45,25,NULL,335,'ON102-02 1L','','','',0.000,0.000,'3',0.000,'5',720,0,0,2.64000000,0.00000000,1900.80000000,0.00000000,0.00000000,0.00000000,1900.80000000,0,NULL,NULL,0,0,4,NULL,NULL,NULL,'MAD',2.64000000,0.00000000,1900.80000000,0.00000000,1900.80000000),(46,25,NULL,336,'OC092-06 5L','','','',0.000,0.000,'3',0.000,'5',1000,0,0,2.46000000,0.00000000,2460.00000000,0.00000000,0.00000000,0.00000000,2460.00000000,0,NULL,NULL,0,0,5,NULL,NULL,NULL,'MAD',2.46000000,0.00000000,2460.00000000,0.00000000,2460.00000000),(47,25,NULL,337,'OC092-06 1L','','','',0.000,0.000,'3',0.000,'5',720,0,0,3.19000000,0.00000000,2296.80000000,0.00000000,0.00000000,0.00000000,2296.80000000,0,NULL,NULL,0,0,6,NULL,NULL,NULL,'MAD',3.19000000,0.00000000,2296.80000000,0.00000000,2296.80000000),(48,25,NULL,338,'OC009-07 5L','','','',0.000,0.000,'3',0.000,'5',1000,0,0,1.86000000,0.00000000,1860.00000000,0.00000000,0.00000000,0.00000000,1860.00000000,0,NULL,NULL,0,0,7,NULL,NULL,NULL,'MAD',1.86000000,0.00000000,1860.00000000,0.00000000,1860.00000000),(49,25,NULL,339,'OC009-07 1L','','','',0.000,0.000,'3',0.000,'5',720,0,0,2.59000000,0.00000000,1864.80000000,0.00000000,0.00000000,0.00000000,1864.80000000,0,NULL,NULL,0,0,8,NULL,NULL,NULL,'MAD',2.59000000,0.00000000,1864.80000000,0.00000000,1864.80000000),(50,25,NULL,340,'ON093-04 5L','','','',0.000,0.000,'3',0.000,'5',2000,0,0,1.41000000,0.00000000,2820.00000000,0.00000000,0.00000000,0.00000000,2820.00000000,0,NULL,NULL,0,0,9,NULL,NULL,NULL,'MAD',1.41000000,0.00000000,2820.00000000,0.00000000,2820.00000000),(51,25,NULL,341,'ON093-04 1L','','','',0.000,0.000,'3',0.000,'5',1440,0,0,2.14000000,0.00000000,3081.60000000,0.00000000,0.00000000,0.00000000,3081.60000000,0,NULL,NULL,0,0,10,NULL,NULL,NULL,'MAD',2.14000000,0.00000000,3081.60000000,0.00000000,3081.60000000),(52,25,NULL,237,'ON068-03','','','',0.000,0.000,'3',0.000,'5',720,0,0,4.90000000,0.00000000,3528.00000000,0.00000000,0.00000000,0.00000000,3528.00000000,0,NULL,NULL,0,0,11,NULL,NULL,NULL,'MAD',4.90000000,0.00000000,3528.00000000,0.00000000,3528.00000000),(53,25,NULL,343,'','','','',0.000,0.000,'3',0.000,'5',1440,0,0,2.98000000,0.00000000,4291.20000000,0.00000000,0.00000000,0.00000000,4291.20000000,0,NULL,NULL,0,0,12,NULL,NULL,NULL,'MAD',2.98000000,0.00000000,4291.20000000,0.00000000,4291.20000000),(54,25,NULL,342,'','','','',0.000,0.000,'3',0.000,'5',1000,0,0,2.25000000,0.00000000,2250.00000000,0.00000000,0.00000000,0.00000000,2250.00000000,0,NULL,NULL,0,0,13,NULL,NULL,NULL,'MAD',2.25000000,0.00000000,2250.00000000,0.00000000,2250.00000000),(55,25,NULL,263,'','','','',0.000,0.000,'3',0.000,'5',1520,0,0,3.52000000,0.00000000,5350.40000000,0.00000000,0.00000000,0.00000000,5350.40000000,0,NULL,NULL,0,0,14,NULL,NULL,NULL,'MAD',3.52000000,0.00000000,5350.40000000,0.00000000,5350.40000000),(56,25,NULL,244,'ON069-04 5L','','','',0.000,0.000,'3',0.000,'5',2000,0,0,2.63000000,0.00000000,5260.00000000,0.00000000,0.00000000,0.00000000,5260.00000000,0,NULL,NULL,0,0,15,NULL,NULL,NULL,'MAD',2.63000000,0.00000000,5260.00000000,0.00000000,5260.00000000),(57,26,NULL,293,'','','','',0.000,0.000,'0',0.000,'0',12000,0,0,1.65000000,0.00000000,19800.00000000,0.00000000,0.00000000,0.00000000,19800.00000000,0,NULL,NULL,0,0,1,NULL,NULL,NULL,'MAD',1.65000000,0.00000000,19800.00000000,0.00000000,19800.00000000),(58,26,NULL,292,'','','','',0.000,0.000,'0',0.000,'0',12000,0,0,1.89000000,0.00000000,22680.00000000,0.00000000,0.00000000,0.00000000,22680.00000000,0,NULL,NULL,0,0,2,NULL,NULL,NULL,'MAD',1.89000000,0.00000000,22680.00000000,0.00000000,22680.00000000),(59,27,NULL,317,'','','','',0.000,0.000,'0',0.000,'0',60,0,0,130.00000000,0.00000000,7800.00000000,0.00000000,0.00000000,0.00000000,7800.00000000,0,NULL,NULL,0,0,1,NULL,NULL,NULL,'MAD',130.00000000,0.00000000,7800.00000000,0.00000000,7800.00000000),(60,28,NULL,320,'','','','',0.000,0.000,'0',0.000,'0',60,0,0,90.00000000,0.00000000,5400.00000000,0.00000000,0.00000000,0.00000000,5400.00000000,0,NULL,NULL,0,0,1,NULL,NULL,NULL,'MAD',90.00000000,0.00000000,5400.00000000,0.00000000,5400.00000000),(61,29,NULL,346,'','','','',0.000,0.000,'0',0.000,'0',3700,0,0,3.50000000,0.00000000,12950.00000000,0.00000000,0.00000000,0.00000000,12950.00000000,0,NULL,NULL,0,0,1,NULL,NULL,NULL,'MAD',3.50000000,0.00000000,12950.00000000,0.00000000,12950.00000000),(62,30,NULL,323,'','','','',0.000,0.000,'0',0.000,'0',55,0,0,862.00000000,0.00000000,47410.00000000,0.00000000,0.00000000,0.00000000,47410.00000000,0,NULL,NULL,0,0,1,NULL,NULL,NULL,'MAD',862.00000000,0.00000000,47410.00000000,0.00000000,47410.00000000),(63,31,NULL,347,'','','','',0.000,0.000,'0',0.000,'0',150,0,0,17.00000000,0.00000000,2550.00000000,0.00000000,0.00000000,0.00000000,2550.00000000,0,NULL,NULL,0,0,1,NULL,NULL,NULL,'MAD',17.00000000,0.00000000,2550.00000000,0.00000000,2550.00000000),(64,32,NULL,346,'','','','',0.000,0.000,'0',0.000,'0',6000,0,0,3.50000000,0.00000000,21000.00000000,0.00000000,0.00000000,0.00000000,21000.00000000,0,NULL,NULL,0,0,1,NULL,NULL,NULL,'MAD',3.50000000,0.00000000,21000.00000000,0.00000000,21000.00000000),(65,33,NULL,346,'','','','',0.000,0.000,'0',0.000,'0',700,0,0,4.00000000,0.00000000,2800.00000000,0.00000000,0.00000000,0.00000000,2800.00000000,0,NULL,NULL,0,0,1,NULL,NULL,NULL,'MAD',4.00000000,0.00000000,2800.00000000,0.00000000,2800.00000000),(66,34,NULL,348,'','','','',0.000,0.000,'0',0.000,'0',18000,0,0,1.50000000,0.00000000,27000.00000000,0.00000000,0.00000000,0.00000000,27000.00000000,0,NULL,NULL,0,0,1,NULL,NULL,NULL,'MAD',1.50000000,0.00000000,27000.00000000,0.00000000,27000.00000000),(67,36,NULL,349,'','','','',0.000,0.000,'0',0.000,'0',10,0,0,650.00000000,0.00000000,6500.00000000,0.00000000,0.00000000,0.00000000,6500.00000000,0,NULL,NULL,0,0,1,NULL,NULL,NULL,'MAD',650.00000000,0.00000000,6500.00000000,0.00000000,6500.00000000),(68,37,NULL,351,'','','','',0.000,0.000,'0',0.000,'0',10,0,0,958.45700000,0.00000000,9584.57000000,0.00000000,0.00000000,0.00000000,9584.57000000,0,NULL,NULL,0,0,1,NULL,NULL,1,'MAD',958.45700000,0.00000000,9584.57000000,0.00000000,9584.57000000),(69,45,NULL,297,'','','','',0.000,0.000,'0',0.000,'0',21000,0,0,10.50000000,0.00000000,220500.00000000,0.00000000,0.00000000,0.00000000,220500.00000000,0,NULL,NULL,0,0,1,NULL,NULL,1,'MAD',10.50000000,0.00000000,220500.00000000,0.00000000,220500.00000000),(70,47,NULL,353,'','','','',0.000,0.000,'0',0.000,'0',15,0,0,282.36000000,0.00000000,4235.40000000,0.00000000,0.00000000,0.00000000,4235.40000000,0,NULL,NULL,0,0,1,NULL,NULL,1,'MAD',282.36000000,0.00000000,4235.40000000,0.00000000,4235.40000000),(71,47,NULL,354,'','','','',0.000,0.000,'0',0.000,'0',10,0,0,330.72000000,0.00000000,3307.20000000,0.00000000,0.00000000,0.00000000,3307.20000000,0,NULL,NULL,0,0,2,NULL,NULL,1,'MAD',330.72000000,0.00000000,3307.20000000,0.00000000,3307.20000000),(72,47,NULL,355,'','','','',0.000,0.000,'0',0.000,'0',2,0,0,338.52000000,0.00000000,677.04000000,0.00000000,0.00000000,0.00000000,677.04000000,0,NULL,NULL,0,0,3,NULL,NULL,1,'MAD',338.52000000,0.00000000,677.04000000,0.00000000,677.04000000),(73,48,NULL,315,'','','','',0.000,0.000,'0',0.000,'0',40,0,0,165.00000000,0.00000000,6600.00000000,0.00000000,0.00000000,0.00000000,6600.00000000,0,NULL,NULL,0,0,1,NULL,NULL,1,'MAD',165.00000000,0.00000000,6600.00000000,0.00000000,6600.00000000),(74,49,NULL,353,'','','','',0.000,0.000,'0',0.000,'0',70,0,0,282.36000000,0.00000000,19765.20000000,0.00000000,0.00000000,0.00000000,19765.20000000,0,NULL,NULL,0,0,1,NULL,NULL,1,'MAD',282.36000000,0.00000000,19765.20000000,0.00000000,19765.20000000),(75,50,NULL,353,'','','','',0.000,0.000,'0',0.000,'0',70,0,0,282.36000000,0.00000000,19765.20000000,0.00000000,0.00000000,0.00000000,19765.20000000,0,NULL,NULL,0,0,1,NULL,NULL,1,'MAD',282.36000000,0.00000000,19765.20000000,0.00000000,19765.20000000),(76,50,NULL,356,'','','','',0.000,0.000,'0',0.000,'0',6,0,0,328.38000000,0.00000000,1970.28000000,0.00000000,0.00000000,0.00000000,1970.28000000,0,NULL,NULL,0,0,2,NULL,NULL,1,'MAD',328.38000000,0.00000000,1970.28000000,0.00000000,1970.28000000),(77,51,NULL,357,'','','','',0.000,0.000,'0',0.000,'0',15,0,0,1200.00000000,0.00000000,18000.00000000,0.00000000,0.00000000,0.00000000,18000.00000000,0,NULL,NULL,0,0,1,NULL,NULL,1,'MAD',1200.00000000,0.00000000,18000.00000000,0.00000000,18000.00000000),(78,51,NULL,358,'','','','',0.000,0.000,'0',0.000,'0',12,0,0,578.00000000,0.00000000,6936.00000000,0.00000000,0.00000000,0.00000000,6936.00000000,0,NULL,NULL,0,0,2,NULL,NULL,1,'MAD',578.00000000,0.00000000,6936.00000000,0.00000000,6936.00000000),(79,52,NULL,349,'','','','',0.000,0.000,'0',0.000,'0',10,0,0,650.00000000,0.00000000,6500.00000000,0.00000000,0.00000000,0.00000000,6500.00000000,0,NULL,NULL,0,0,1,NULL,NULL,1,'MAD',650.00000000,0.00000000,6500.00000000,0.00000000,6500.00000000),(80,53,NULL,359,'','','','',0.000,0.000,'0',0.000,'0',12,0,0,850.00000000,0.00000000,10200.00000000,0.00000000,0.00000000,0.00000000,10200.00000000,0,NULL,NULL,0,0,1,NULL,NULL,1,'MAD',850.00000000,0.00000000,10200.00000000,0.00000000,10200.00000000),(81,53,NULL,349,'','','','',0.000,0.000,'0',0.000,'0',10,0,0,650.00000000,0.00000000,6500.00000000,0.00000000,0.00000000,0.00000000,6500.00000000,0,NULL,NULL,0,0,2,NULL,NULL,1,'MAD',650.00000000,0.00000000,6500.00000000,0.00000000,6500.00000000),(82,54,NULL,360,'','','','',0.000,0.000,'0',0.000,'0',2000,0,0,8.49000000,0.00000000,16980.00000000,0.00000000,0.00000000,0.00000000,16980.00000000,0,NULL,NULL,0,0,1,NULL,NULL,1,'MAD',8.49000000,0.00000000,16980.00000000,0.00000000,16980.00000000),(83,55,NULL,360,'','','','',0.000,0.000,'',0.000,'',2000,0,0,8.50000000,0.00000000,17000.00000000,0.00000000,0.00000000,0.00000000,17000.00000000,0,NULL,NULL,0,0,1,NULL,NULL,1,'MAD',8.50000000,0.00000000,17000.00000000,0.00000000,17000.00000000),(84,56,NULL,278,'','','','',0.000,0.000,'',0.000,'',5400,0,0,74.59459000,0.00000000,402810.81000000,0.00000000,0.00000000,0.00000000,402810.81000000,0,NULL,NULL,0,0,1,NULL,NULL,2,'EUR',6.90000000,0.00000000,37260.00000000,0.00000000,37260.00000000),(85,57,NULL,361,'','','','',0.000,0.000,'0',0.000,'0',12,0,0,1057.68000000,0.00000000,12692.16000000,0.00000000,0.00000000,0.00000000,12692.16000000,0,NULL,NULL,0,0,1,NULL,NULL,1,'MAD',1057.68000000,0.00000000,12692.16000000,0.00000000,12692.16000000),(88,59,NULL,278,'','','','',0.000,0.000,'0',0.000,'0',1080,0,0,81.32530000,0.00000000,87831.33000000,0.00000000,0.00000000,0.00000000,87831.33000000,0,NULL,NULL,0,0,1,NULL,NULL,2,'EUR',6.75000000,0.00000000,7290.00000000,0.00000000,7290.00000000),(89,59,NULL,277,'Q42','','','',0.000,0.000,'0',0.000,'0',1000,0,0,75.30120000,0.00000000,75301.20000000,0.00000000,0.00000000,0.00000000,75301.20000000,0,NULL,NULL,0,0,2,NULL,NULL,2,'EUR',6.25000000,0.00000000,6250.00000000,0.00000000,6250.00000000),(90,59,NULL,362,'','','','',0.000,0.000,'0',0.000,'0',4800,0,0,16.50602000,0.00000000,79228.92000000,0.00000000,0.00000000,0.00000000,79228.92000000,0,NULL,NULL,0,0,3,NULL,NULL,2,'EUR',1.37000000,0.00000000,6576.00000000,0.00000000,6576.00000000),(91,59,NULL,245,'','','','',0.000,0.000,'0',0.000,'0',1200,0,0,92.77108000,0.00000000,111325.30000000,0.00000000,0.00000000,0.00000000,111325.30000000,0,NULL,NULL,0,0,4,NULL,NULL,2,'EUR',7.70000000,0.00000000,9240.00000000,0.00000000,9240.00000000),(92,60,NULL,364,'','','','',0.000,0.000,'0',0.000,'0',200,0,0,70.00000000,0.00000000,14000.00000000,0.00000000,0.00000000,0.00000000,14000.00000000,0,NULL,NULL,0,0,1,NULL,NULL,1,'MAD',70.00000000,0.00000000,14000.00000000,0.00000000,14000.00000000),(93,61,NULL,364,'','','','',0.000,0.000,'0',0.000,'0',80,0,0,70.00000000,0.00000000,5600.00000000,0.00000000,0.00000000,0.00000000,5600.00000000,0,NULL,NULL,0,0,1,NULL,NULL,1,'MAD',70.00000000,0.00000000,5600.00000000,0.00000000,5600.00000000),(94,63,NULL,364,'','','','',0.000,0.000,'0',0.000,'0',80,0,0,70.00000000,0.00000000,5600.00000000,0.00000000,0.00000000,0.00000000,5600.00000000,0,NULL,NULL,0,0,1,NULL,NULL,1,'MAD',70.00000000,0.00000000,5600.00000000,0.00000000,5600.00000000),(95,64,NULL,364,'','','','',0.000,0.000,'0',0.000,'0',40,0,0,70.00000000,0.00000000,2800.00000000,0.00000000,0.00000000,0.00000000,2800.00000000,0,NULL,NULL,0,0,1,NULL,NULL,1,'MAD',70.00000000,0.00000000,2800.00000000,0.00000000,2800.00000000),(96,65,NULL,320,'','','','',0.000,0.000,'0',0.000,'0',40,0,0,95.00000000,0.00000000,3800.00000000,0.00000000,0.00000000,0.00000000,3800.00000000,0,NULL,NULL,0,0,1,NULL,NULL,1,'MAD',95.00000000,0.00000000,3800.00000000,0.00000000,3800.00000000),(97,66,NULL,253,'','','','',0.000,0.000,'3',0.000,'5',1920,0,0,41.64000000,0.00000000,79948.80000000,0.00000000,0.00000000,0.00000000,79948.80000000,0,NULL,NULL,0,0,1,NULL,NULL,1,'MAD',41.64000000,0.00000000,79948.80000000,0.00000000,79948.80000000),(98,66,NULL,252,'','','','',0.000,0.000,'3',0.000,'5',3000,0,0,44.00000000,0.00000000,132000.00000000,0.00000000,0.00000000,0.00000000,132000.00000000,0,NULL,NULL,0,0,2,NULL,NULL,1,'MAD',44.00000000,0.00000000,132000.00000000,0.00000000,132000.00000000),(99,66,NULL,250,'','','','',0.000,0.000,'3',0.000,'5',2000,0,0,45.00000000,0.00000000,90000.00000000,0.00000000,0.00000000,0.00000000,90000.00000000,0,NULL,NULL,0,0,3,NULL,NULL,1,'MAD',45.00000000,0.00000000,90000.00000000,0.00000000,90000.00000000),(100,66,NULL,242,'','','','',0.000,0.000,'3',0.000,'5',2160,0,0,55.00000000,0.00000000,118800.00000000,0.00000000,0.00000000,0.00000000,118800.00000000,0,NULL,NULL,0,0,4,NULL,NULL,1,'MAD',55.00000000,0.00000000,118800.00000000,0.00000000,118800.00000000),(101,66,NULL,266,'','','','',0.000,0.000,'3',0.000,'5',1000,0,0,35.00000000,0.00000000,35000.00000000,0.00000000,0.00000000,0.00000000,35000.00000000,0,NULL,NULL,0,0,5,NULL,NULL,1,'MAD',35.00000000,0.00000000,35000.00000000,0.00000000,35000.00000000),(102,66,NULL,265,'','','','',0.000,0.000,'3',0.000,'5',720,0,0,44.00000000,0.00000000,31680.00000000,0.00000000,0.00000000,0.00000000,31680.00000000,0,NULL,NULL,0,0,6,NULL,NULL,1,'MAD',44.00000000,0.00000000,31680.00000000,0.00000000,31680.00000000),(103,66,NULL,262,'','','','',0.000,0.000,'3',0.000,'5',718,0,0,56.00000000,0.00000000,40208.00000000,0.00000000,0.00000000,0.00000000,40208.00000000,0,NULL,NULL,0,0,7,NULL,NULL,1,'MAD',56.00000000,0.00000000,40208.00000000,0.00000000,40208.00000000),(104,66,NULL,241,'','','','',0.000,0.000,'3',0.000,'5',1920,0,0,34.00000000,0.00000000,65280.00000000,0.00000000,0.00000000,0.00000000,65280.00000000,0,NULL,NULL,0,0,8,NULL,NULL,1,'MAD',34.00000000,0.00000000,65280.00000000,0.00000000,65280.00000000),(105,66,NULL,240,'','','','',0.000,0.000,'3',0.000,'5',2000,0,0,38.00000000,0.00000000,76000.00000000,0.00000000,0.00000000,0.00000000,76000.00000000,0,NULL,NULL,0,0,9,NULL,NULL,1,'MAD',38.00000000,0.00000000,76000.00000000,0.00000000,76000.00000000),(106,66,NULL,282,'ON093-01','','','',0.000,0.000,'3',0.000,'5',2000,0,0,20.00000000,0.00000000,40000.00000000,0.00000000,0.00000000,0.00000000,40000.00000000,0,NULL,NULL,0,0,10,NULL,NULL,1,'MAD',20.00000000,0.00000000,40000.00000000,0.00000000,40000.00000000),(107,67,NULL,278,'','','','',0.000,0.000,'0',0.000,'0',5400,0,0,80.64000000,0.00000000,435456.00000000,0.00000000,0.00000000,0.00000000,435456.00000000,0,NULL,NULL,0,0,1,NULL,NULL,1,'MAD',80.64000000,0.00000000,435456.00000000,0.00000000,435456.00000000),(108,67,NULL,279,'MANTRILON','','','',0.000,0.000,'0',0.000,'0',4800,0,0,86.80000000,0.00000000,416640.00000000,0.00000000,0.00000000,0.00000000,416640.00000000,0,NULL,NULL,0,0,2,NULL,NULL,1,'MAD',86.80000000,0.00000000,416640.00000000,0.00000000,416640.00000000),(109,68,NULL,365,'','','','',0.000,0.000,'0',0.000,'0',10,0,0,185.00000000,0.00000000,1850.00000000,0.00000000,0.00000000,0.00000000,1850.00000000,0,NULL,NULL,0,0,1,NULL,NULL,1,'MAD',185.00000000,0.00000000,1850.00000000,0.00000000,1850.00000000),(110,69,NULL,273,'','','','',0.000,0.000,'3',0.000,'5',2000,0,0,21.50000000,0.00000000,43000.00000000,0.00000000,0.00000000,0.00000000,43000.00000000,0,NULL,NULL,0,0,1,NULL,NULL,2,'EUR',1.93500000,0.00000000,3870.00000000,0.00000000,3870.00000000),(111,69,NULL,274,'','','','',0.000,0.000,'3',0.000,'5',1920,0,0,20.00000000,0.00000000,38400.00000000,0.00000000,0.00000000,0.00000000,38400.00000000,0,NULL,NULL,0,0,2,NULL,NULL,2,'EUR',1.80000000,0.00000000,3456.00000000,0.00000000,3456.00000000),(112,69,NULL,272,'','','','',0.000,0.000,'3',0.000,'5',720,0,0,30.60000000,0.00000000,22032.00000000,0.00000000,0.00000000,0.00000000,22032.00000000,0,NULL,NULL,0,0,3,NULL,NULL,2,'EUR',2.75400000,0.00000000,1982.88000000,0.00000000,1982.88000000),(113,69,NULL,281,'ON093-02','','','',0.000,0.000,'3',0.000,'5',4800,0,0,16.10000000,0.00000000,77280.00000000,0.00000000,0.00000000,0.00000000,77280.00000000,0,NULL,NULL,0,0,4,NULL,NULL,2,'EUR',1.44900000,0.00000000,6955.20000000,0.00000000,6955.20000000),(114,69,NULL,283,'','','','',0.000,0.000,'3',0.000,'5',1440,0,0,26.60000000,0.00000000,38304.00000000,0.00000000,0.00000000,0.00000000,38304.00000000,0,NULL,NULL,0,0,5,NULL,NULL,2,'EUR',2.39400000,0.00000000,3447.36000000,0.00000000,3447.36000000),(115,69,NULL,288,'OP052-01','','','',0.000,0.000,'3',0.000,'5',2880,0,0,23.35000000,0.00000000,67248.00000000,0.00000000,0.00000000,0.00000000,67248.00000000,0,NULL,NULL,0,0,6,NULL,NULL,2,'EUR',2.10150000,0.00000000,6052.32000000,0.00000000,6052.32000000),(116,69,NULL,289,'','','','',0.000,0.000,'3',0.000,'5',2000,0,0,25.00000000,0.00000000,50000.00000000,0.00000000,0.00000000,0.00000000,50000.00000000,0,NULL,NULL,0,0,7,NULL,NULL,2,'EUR',2.25000000,0.00000000,4500.00000000,0.00000000,4500.00000000),(117,69,NULL,246,'ON069-04','','','',0.000,0.000,'3',0.000,'5',720,0,0,40.00000000,0.00000000,28800.00000000,0.00000000,0.00000000,0.00000000,28800.00000000,0,NULL,NULL,0,0,8,NULL,NULL,2,'EUR',3.60000000,0.00000000,2592.00000000,0.00000000,2592.00000000),(118,69,NULL,247,'ON069-01','','','',0.000,0.000,'3',0.000,'5',1000,0,0,35.00000000,0.00000000,35000.00000000,0.00000000,0.00000000,0.00000000,35000.00000000,0,NULL,NULL,0,0,9,NULL,NULL,2,'EUR',3.15000000,0.00000000,3150.00000000,0.00000000,3150.00000000),(119,69,NULL,276,'','','','',0.000,0.000,'3',0.000,'5',600,0,0,53.00000000,0.00000000,31800.00000000,0.00000000,0.00000000,0.00000000,31800.00000000,0,NULL,NULL,0,0,10,NULL,NULL,2,'EUR',4.77000000,0.00000000,2862.00000000,0.00000000,2862.00000000),(120,69,NULL,275,'','','','',0.000,0.000,'3',0.000,'5',600,0,0,60.00000000,0.00000000,36000.00000000,0.00000000,0.00000000,0.00000000,36000.00000000,0,NULL,NULL,0,0,11,NULL,NULL,2,'EUR',5.40000000,0.00000000,3240.00000000,0.00000000,3240.00000000),(121,71,NULL,366,'','','','',0.000,0.000,'',0.000,'',100,0,0,18.00000000,0.00000000,1800.00000000,0.00000000,0.00000000,0.00000000,1800.00000000,0,NULL,NULL,0,0,1,NULL,NULL,1,'MAD',18.00000000,0.00000000,1800.00000000,0.00000000,1800.00000000),(122,74,NULL,292,'','','','',0.000,0.000,'',0.000,'',6000,0,0,26.33400000,0.00000000,158004.00000000,0.00000000,0.00000000,0.00000000,158004.00000000,0,NULL,NULL,0,0,1,NULL,NULL,2,'EUR',26.33400000,0.00000000,158004.00000000,0.00000000,158004.00000000),(123,74,NULL,293,'','','','',0.000,0.000,'0',0.000,'0',6000,0,0,22.50000000,0.00000000,135000.00000000,0.00000000,0.00000000,0.00000000,135000.00000000,0,NULL,NULL,0,0,2,NULL,NULL,1,'MAD',22.50000000,0.00000000,135000.00000000,0.00000000,135000.00000000),(124,74,NULL,294,'','','','',0.000,0.000,'0',0.000,'0',8400,0,0,13.00000000,0.00000000,109200.00000000,0.00000000,0.00000000,0.00000000,109200.00000000,0,NULL,NULL,0,0,3,NULL,NULL,1,'MAD',13.00000000,0.00000000,109200.00000000,0.00000000,109200.00000000),(125,74,NULL,245,'','','','',0.000,0.000,'0',0.000,'0',1800,0,0,100.00000000,0.00000000,180000.00000000,0.00000000,0.00000000,0.00000000,180000.00000000,0,NULL,NULL,0,0,4,NULL,NULL,1,'MAD',100.00000000,0.00000000,180000.00000000,0.00000000,180000.00000000),(126,75,NULL,353,'','','','',0.000,0.000,'0',0.000,'0',50,0,0,320.58000000,0.00000000,16029.00000000,0.00000000,0.00000000,0.00000000,16029.00000000,0,NULL,NULL,0,0,1,NULL,NULL,1,'MAD',320.58000000,0.00000000,16029.00000000,0.00000000,16029.00000000),(127,75,NULL,361,'','','','',0.000,0.000,'0',0.000,'0',12,0,0,473.46000000,0.00000000,5681.52000000,0.00000000,0.00000000,0.00000000,5681.52000000,0,NULL,NULL,0,0,2,NULL,NULL,1,'MAD',473.46000000,0.00000000,5681.52000000,0.00000000,5681.52000000),(128,76,NULL,367,'','','','',0.000,0.000,'0',0.000,'0',24,0,0,328.36440000,0.00000000,7880.75000000,0.00000000,0.00000000,0.00000000,7880.75000000,0,NULL,NULL,0,0,1,NULL,NULL,1,'MAD',328.36440000,0.00000000,7880.75000000,0.00000000,7880.75000000),(129,77,NULL,364,'','','','',0.000,0.000,'0',0.000,'0',100,0,0,65.00000000,0.00000000,6500.00000000,0.00000000,0.00000000,0.00000000,6500.00000000,0,NULL,NULL,0,0,1,NULL,NULL,1,'MAD',65.00000000,0.00000000,6500.00000000,0.00000000,6500.00000000),(130,78,NULL,299,'','','Crédit départ Clients','',0.000,0.000,'0',0.000,'0',1,0,0,130000.00000000,0.00000000,130000.00000000,0.00000000,0.00000000,0.00000000,130000.00000000,0,NULL,NULL,0,0,1,NULL,NULL,1,'MAD',130000.00000000,0.00000000,130000.00000000,0.00000000,130000.00000000),(131,79,NULL,297,'','','','',0.000,0.000,'0',0.000,'0',10500,0,0,11.10000000,0.00000000,116550.00000000,0.00000000,0.00000000,0.00000000,116550.00000000,0,NULL,NULL,0,0,1,NULL,NULL,1,'MAD',11.10000000,0.00000000,116550.00000000,0.00000000,116550.00000000),(132,80,NULL,297,'','','','',0.000,0.000,'0',0.000,'0',10500,0,0,11.10000000,0.00000000,116550.00000000,0.00000000,0.00000000,0.00000000,116550.00000000,0,NULL,NULL,0,0,1,NULL,NULL,1,'MAD',11.10000000,0.00000000,116550.00000000,0.00000000,116550.00000000),(133,80,NULL,298,'','','','',0.000,0.000,'0',0.000,'0',12000,0,0,6.90000000,0.00000000,82800.00000000,0.00000000,0.00000000,0.00000000,82800.00000000,0,NULL,NULL,0,0,2,NULL,NULL,1,'MAD',6.90000000,0.00000000,82800.00000000,0.00000000,82800.00000000),(134,81,NULL,368,'','','','',0.000,0.000,'0',0.000,'0',4600,0,0,0.54000000,0.00000000,2484.00000000,0.00000000,0.00000000,0.00000000,2484.00000000,0,NULL,NULL,0,0,1,NULL,NULL,1,'MAD',0.54000000,0.00000000,2484.00000000,0.00000000,2484.00000000),(135,82,NULL,317,'','','','',0.000,0.000,'0',0.000,'0',12,0,0,150.00000000,0.00000000,1800.00000000,0.00000000,0.00000000,0.00000000,1800.00000000,0,NULL,NULL,0,0,1,NULL,NULL,1,'MAD',150.00000000,0.00000000,1800.00000000,0.00000000,1800.00000000),(136,83,NULL,349,'','','','',0.000,0.000,'0',0.000,'0',10,0,0,760.00000000,0.00000000,7600.00000000,0.00000000,0.00000000,0.00000000,7600.00000000,0,NULL,NULL,0,0,1,NULL,NULL,1,'MAD',760.00000000,0.00000000,7600.00000000,0.00000000,7600.00000000),(137,84,NULL,369,'','','','',0.000,0.000,'0',0.000,'0',60,0,0,151.70000000,0.00000000,9102.00000000,0.00000000,0.00000000,0.00000000,9102.00000000,0,NULL,NULL,0,0,1,NULL,NULL,1,'MAD',151.70000000,0.00000000,9102.00000000,0.00000000,9102.00000000),(138,85,NULL,266,'','','','',0.000,0.000,'3',0.000,'5',2000,0,0,27.90000000,0.00000000,55800.00000000,0.00000000,0.00000000,0.00000000,55800.00000000,0,NULL,NULL,0,0,1,NULL,NULL,1,'MAD',27.90000000,0.00000000,55800.00000000,0.00000000,55800.00000000),(139,85,NULL,265,'','','','',0.000,0.000,'3',0.000,'5',720,0,0,36.40000000,0.00000000,26208.00000000,0.00000000,0.00000000,0.00000000,26208.00000000,0,NULL,NULL,0,0,2,NULL,NULL,1,'MAD',36.40000000,0.00000000,26208.00000000,0.00000000,26208.00000000),(140,85,NULL,268,'','','','',0.000,0.000,'3',0.000,'5',2000,0,0,30.00000000,0.00000000,60000.00000000,0.00000000,0.00000000,0.00000000,60000.00000000,0,NULL,NULL,0,0,3,NULL,NULL,1,'MAD',30.00000000,0.00000000,60000.00000000,0.00000000,60000.00000000),(141,85,NULL,267,'','','','',0.000,0.000,'3',0.000,'5',720,0,0,39.00000000,0.00000000,28080.00000000,0.00000000,0.00000000,0.00000000,28080.00000000,0,NULL,NULL,0,0,4,NULL,NULL,1,'MAD',39.00000000,0.00000000,28080.00000000,0.00000000,28080.00000000),(142,85,NULL,255,'','','','',0.000,0.000,'3',0.000,'5',1000,0,0,36.00000000,0.00000000,36000.00000000,0.00000000,0.00000000,0.00000000,36000.00000000,0,NULL,NULL,0,0,5,NULL,NULL,1,'MAD',36.00000000,0.00000000,36000.00000000,0.00000000,36000.00000000),(143,85,NULL,254,'','','','',0.000,0.000,'3',0.000,'5',720,0,0,45.00000000,0.00000000,32400.00000000,0.00000000,0.00000000,0.00000000,32400.00000000,0,NULL,NULL,0,0,6,NULL,NULL,1,'MAD',45.00000000,0.00000000,32400.00000000,0.00000000,32400.00000000),(144,85,NULL,250,'','','','',0.000,0.000,'3',0.000,'5',1000,0,0,40.00000000,0.00000000,40000.00000000,0.00000000,0.00000000,0.00000000,40000.00000000,0,NULL,NULL,0,0,7,NULL,NULL,1,'MAD',40.00000000,0.00000000,40000.00000000,0.00000000,40000.00000000),(145,85,NULL,249,'','','','',0.000,0.000,'3',0.000,'5',720,0,0,50.00000000,0.00000000,36000.00000000,0.00000000,0.00000000,0.00000000,36000.00000000,0,NULL,NULL,0,0,8,NULL,NULL,1,'MAD',50.00000000,0.00000000,36000.00000000,0.00000000,36000.00000000),(146,85,NULL,281,'ON093-02','','','',0.000,0.000,'3',0.000,'5',4800,0,0,16.00000000,0.00000000,76800.00000000,0.00000000,0.00000000,0.00000000,76800.00000000,0,NULL,NULL,0,0,9,NULL,NULL,1,'MAD',16.00000000,0.00000000,76800.00000000,0.00000000,76800.00000000),(147,85,NULL,288,'OP052-01','','','',0.000,0.000,'3',0.000,'5',2880,0,0,23.00000000,0.00000000,66240.00000000,0.00000000,0.00000000,0.00000000,66240.00000000,0,NULL,NULL,0,0,10,NULL,NULL,1,'MAD',23.00000000,0.00000000,66240.00000000,0.00000000,66240.00000000),(148,85,NULL,370,'','','','',0.000,0.000,'3',0.000,'5',600,0,0,88.00000000,0.00000000,52800.00000000,0.00000000,0.00000000,0.00000000,52800.00000000,0,NULL,NULL,0,0,11,NULL,NULL,1,'MAD',88.00000000,0.00000000,52800.00000000,0.00000000,52800.00000000),(149,85,NULL,371,'','','','',0.000,0.000,'3',0.000,'5',600,0,0,90.00000000,0.00000000,54000.00000000,0.00000000,0.00000000,0.00000000,54000.00000000,0,NULL,NULL,0,0,12,NULL,NULL,1,'MAD',90.00000000,0.00000000,54000.00000000,0.00000000,54000.00000000),(150,86,NULL,313,'','','','',0.000,0.000,'0',0.000,'0',10,0,0,293.00000000,0.00000000,2930.00000000,0.00000000,0.00000000,0.00000000,2930.00000000,0,NULL,NULL,0,0,1,NULL,NULL,1,'MAD',293.00000000,0.00000000,2930.00000000,0.00000000,2930.00000000),(151,86,NULL,358,'','','','',0.000,0.000,'0',0.000,'0',10,0,0,715.68000000,0.00000000,7156.80000000,0.00000000,0.00000000,0.00000000,7156.80000000,0,NULL,NULL,0,0,2,NULL,NULL,1,'MAD',715.68000000,0.00000000,7156.80000000,0.00000000,7156.80000000),(152,87,NULL,278,'','','','',0.000,0.000,'0',0.000,'0',3240,0,0,85.00000000,0.00000000,275400.00000000,0.00000000,0.00000000,0.00000000,275400.00000000,0,NULL,NULL,0,0,1,NULL,NULL,1,'MAD',85.00000000,0.00000000,275400.00000000,0.00000000,275400.00000000),(153,87,NULL,279,'MANTRILON','','','',0.000,0.000,'0',0.000,'0',1920,0,0,90.00000000,0.00000000,172800.00000000,0.00000000,0.00000000,0.00000000,172800.00000000,0,NULL,NULL,0,0,2,NULL,NULL,1,'MAD',90.00000000,0.00000000,172800.00000000,0.00000000,172800.00000000),(154,87,NULL,298,'','','','',0.000,0.000,'0',0.000,'0',36000,0,0,6.90000000,0.00000000,248400.00000000,0.00000000,0.00000000,0.00000000,248400.00000000,0,NULL,NULL,0,0,3,NULL,NULL,1,'MAD',6.90000000,0.00000000,248400.00000000,0.00000000,248400.00000000),(155,89,NULL,372,'','','','',0.000,0.000,'0',0.000,'0',12,0,0,225.00000000,0.00000000,2700.00000000,0.00000000,0.00000000,0.00000000,2700.00000000,0,NULL,NULL,0,0,1,NULL,NULL,1,'MAD',225.00000000,0.00000000,2700.00000000,0.00000000,2700.00000000),(156,89,NULL,373,'','','','',0.000,0.000,'0',0.000,'0',10,0,0,165.00000000,0.00000000,1650.00000000,0.00000000,0.00000000,0.00000000,1650.00000000,0,NULL,NULL,0,0,2,NULL,NULL,1,'MAD',165.00000000,0.00000000,1650.00000000,0.00000000,1650.00000000),(157,90,NULL,374,'DIFOMIL','','','',0.000,0.000,'0',0.000,'0',45,0,0,295.36000000,0.00000000,13291.20000000,0.00000000,0.00000000,0.00000000,13291.20000000,0,NULL,NULL,0,0,1,NULL,NULL,1,'MAD',295.36000000,0.00000000,13291.20000000,0.00000000,13291.20000000),(158,91,NULL,375,'','','','',0.000,0.000,'0',0.000,'0',2500,0,0,9.50000000,0.00000000,23750.00000000,0.00000000,0.00000000,0.00000000,23750.00000000,0,NULL,NULL,0,0,1,NULL,NULL,1,'MAD',9.50000000,0.00000000,23750.00000000,0.00000000,23750.00000000),(159,92,NULL,377,'','','','',0.000,0.000,'0',0.000,'0',23,0,0,410.00000000,0.00000000,9430.00000000,0.00000000,0.00000000,0.00000000,9430.00000000,0,NULL,NULL,0,0,1,NULL,NULL,1,'MAD',410.00000000,0.00000000,9430.00000000,0.00000000,9430.00000000),(160,92,NULL,376,'','','','',0.000,0.000,'0',0.000,'0',140,0,0,35.00000000,0.00000000,4900.00000000,0.00000000,0.00000000,0.00000000,4900.00000000,0,NULL,NULL,0,0,2,NULL,NULL,1,'MAD',35.00000000,0.00000000,4900.00000000,0.00000000,4900.00000000),(161,93,NULL,378,'','','','',0.000,0.000,'0',0.000,'0',14,0,0,700.00000000,0.00000000,9800.00000000,0.00000000,0.00000000,0.00000000,9800.00000000,0,NULL,NULL,0,0,1,NULL,NULL,1,'MAD',700.00000000,0.00000000,9800.00000000,0.00000000,9800.00000000),(162,95,NULL,379,'','','','',0.000,0.000,'0',0.000,'0',10000,0,0,14.60000000,0.00000000,146000.00000000,0.00000000,0.00000000,0.00000000,146000.00000000,0,NULL,NULL,0,0,1,NULL,NULL,1,'MAD',14.60000000,0.00000000,146000.00000000,0.00000000,146000.00000000),(163,95,NULL,380,'','','','',0.000,0.000,'0',0.000,'0',6000,0,0,20.00000000,0.00000000,120000.00000000,0.00000000,0.00000000,0.00000000,120000.00000000,0,NULL,NULL,0,0,2,NULL,NULL,1,'MAD',20.00000000,0.00000000,120000.00000000,0.00000000,120000.00000000),(164,95,NULL,381,'','','','',0.000,0.000,'0',0.000,'0',6000,0,0,15.50000000,0.00000000,93000.00000000,0.00000000,0.00000000,0.00000000,93000.00000000,0,NULL,NULL,0,0,3,NULL,NULL,1,'MAD',15.50000000,0.00000000,93000.00000000,0.00000000,93000.00000000),(165,95,NULL,382,'','','','',0.000,0.000,'0',0.000,'0',10000,0,0,15.50000000,0.00000000,155000.00000000,0.00000000,0.00000000,0.00000000,155000.00000000,0,NULL,NULL,0,0,4,NULL,NULL,1,'MAD',15.50000000,0.00000000,155000.00000000,0.00000000,155000.00000000),(166,95,NULL,383,'','','','',0.000,0.000,'0',0.000,'0',1000,0,0,39.00000000,0.00000000,39000.00000000,0.00000000,0.00000000,0.00000000,39000.00000000,0,NULL,NULL,0,0,5,NULL,NULL,1,'MAD',39.00000000,0.00000000,39000.00000000,0.00000000,39000.00000000),(167,95,NULL,384,'','','','',20.000,0.000,'0',0.000,'0',500,0,0,35.00000000,0.00000000,17500.00000000,3500.00000000,0.00000000,0.00000000,21000.00000000,0,NULL,NULL,0,0,6,NULL,NULL,1,'MAD',35.00000000,0.00000000,17500.00000000,3500.00000000,21000.00000000),(168,96,NULL,378,'','','','',0.000,0.000,'0',0.000,'0',14,0,0,700.00000000,0.00000000,9800.00000000,0.00000000,0.00000000,0.00000000,9800.00000000,0,NULL,NULL,0,0,1,NULL,NULL,1,'MAD',700.00000000,0.00000000,9800.00000000,0.00000000,9800.00000000),(169,96,NULL,385,'','','','',0.000,0.000,'',0.000,'',12,0,0,1050.00000000,0.00000000,12600.00000000,0.00000000,0.00000000,0.00000000,12600.00000000,0,NULL,NULL,0,0,2,NULL,NULL,1,'MAD',1050.00000000,0.00000000,12600.00000000,0.00000000,12600.00000000),(170,97,NULL,386,'','','','',20.000,0.000,'0',0.000,'0',182,0,0,333.33333000,0.00000000,60666.67000000,12133.33000000,0.00000000,0.00000000,72800.00000000,0,NULL,NULL,0,0,1,NULL,NULL,1,'MAD',333.33333000,0.00000000,60666.67000000,12133.33000000,72800.00000000),(171,98,NULL,274,'','','','',0.000,0.000,'3',0.000,'5',2880,0,0,20.00000000,0.00000000,57600.00000000,0.00000000,0.00000000,0.00000000,57600.00000000,0,NULL,NULL,0,0,1,NULL,NULL,1,'MAD',20.00000000,0.00000000,57600.00000000,0.00000000,57600.00000000),(172,98,NULL,273,'','','','',0.000,0.000,'3',0.000,'5',3000,0,0,23.00000000,0.00000000,69000.00000000,0.00000000,0.00000000,0.00000000,69000.00000000,0,NULL,NULL,0,0,2,NULL,NULL,1,'MAD',23.00000000,0.00000000,69000.00000000,0.00000000,69000.00000000),(173,98,NULL,272,'','','','',0.000,0.000,'3',0.000,'5',837,0,0,32.00000000,0.00000000,26784.00000000,0.00000000,0.00000000,0.00000000,26784.00000000,0,NULL,NULL,0,0,3,NULL,NULL,1,'MAD',32.00000000,0.00000000,26784.00000000,0.00000000,26784.00000000),(174,98,NULL,306,'','','','',0.000,0.000,'3',0.000,'5',1000,0,0,40.00000000,0.00000000,40000.00000000,0.00000000,0.00000000,0.00000000,40000.00000000,0,NULL,NULL,0,0,4,NULL,NULL,1,'MAD',40.00000000,0.00000000,40000.00000000,0.00000000,40000.00000000),(175,98,NULL,387,'','','','',0.000,0.000,'3',0.000,'5',2000,0,0,32.00000000,0.00000000,64000.00000000,0.00000000,0.00000000,0.00000000,64000.00000000,0,NULL,NULL,0,0,5,NULL,NULL,1,'MAD',32.00000000,0.00000000,64000.00000000,0.00000000,64000.00000000),(176,99,NULL,247,'ON069-01','','','',0.000,0.000,'3',0.000,'5',2000,0,0,35.00000000,0.00000000,70000.00000000,0.00000000,0.00000000,0.00000000,70000.00000000,0,NULL,NULL,0,0,1,NULL,NULL,1,'MAD',35.00000000,0.00000000,70000.00000000,0.00000000,70000.00000000),(177,99,NULL,246,'ON069-04','','','',0.000,0.000,'3',0.000,'5',1440,0,0,41.00000000,0.00000000,59040.00000000,0.00000000,0.00000000,0.00000000,59040.00000000,0,NULL,NULL,0,0,2,NULL,NULL,1,'MAD',41.00000000,0.00000000,59040.00000000,0.00000000,59040.00000000),(178,99,NULL,242,'','','','',0.000,0.000,'3',0.000,'5',2880,0,0,55.00000000,0.00000000,158400.00000000,0.00000000,0.00000000,0.00000000,158400.00000000,0,NULL,NULL,0,0,3,NULL,NULL,1,'MAD',55.00000000,0.00000000,158400.00000000,0.00000000,158400.00000000),(179,99,NULL,239,'','','','',0.000,0.000,'3',0.000,'5',1440,0,0,36.00000000,0.00000000,51840.00000000,0.00000000,0.00000000,0.00000000,51840.00000000,0,NULL,NULL,0,0,4,NULL,NULL,1,'MAD',36.00000000,0.00000000,51840.00000000,0.00000000,51840.00000000),(180,99,NULL,240,'','','','',0.000,0.000,'3',0.000,'5',3000,0,0,30.00000000,0.00000000,90000.00000000,0.00000000,0.00000000,0.00000000,90000.00000000,0,NULL,NULL,0,0,5,NULL,NULL,1,'MAD',30.00000000,0.00000000,90000.00000000,0.00000000,90000.00000000),(181,99,NULL,241,'','','','',0.000,0.000,'3',0.000,'5',2880,0,0,28.00000000,0.00000000,80640.00000000,0.00000000,0.00000000,0.00000000,80640.00000000,0,NULL,NULL,0,0,6,NULL,NULL,1,'MAD',28.00000000,0.00000000,80640.00000000,0.00000000,80640.00000000),(182,99,NULL,281,'ON093-02','','','',0.000,0.000,'3',0.000,'5',19200,0,0,18.00000000,0.00000000,345600.00000000,0.00000000,0.00000000,0.00000000,345600.00000000,0,NULL,NULL,0,0,7,NULL,NULL,1,'MAD',18.00000000,0.00000000,345600.00000000,0.00000000,345600.00000000),(183,99,NULL,288,'OP052-01','','','',0.000,0.000,'3',0.000,'5',19200,0,0,25.00000000,0.00000000,480000.00000000,0.00000000,0.00000000,0.00000000,480000.00000000,0,NULL,NULL,0,0,8,NULL,NULL,1,'MAD',25.00000000,0.00000000,480000.00000000,0.00000000,480000.00000000),(184,101,NULL,388,'','','','',20.000,0.000,'0',0.000,'0',100,0,0,35.00000000,0.00000000,3500.00000000,700.00000000,0.00000000,0.00000000,4200.00000000,0,NULL,NULL,0,0,1,NULL,NULL,1,'MAD',35.00000000,0.00000000,3500.00000000,700.00000000,4200.00000000),(185,102,NULL,356,'','','','',0.000,0.000,'0',0.000,'0',28,0,0,373.00000000,0.00000000,10444.00000000,0.00000000,0.00000000,0.00000000,10444.00000000,0,NULL,NULL,0,0,1,NULL,NULL,1,'MAD',373.00000000,0.00000000,10444.00000000,0.00000000,10444.00000000),(186,104,NULL,389,'','','','',0.000,0.000,'0',0.000,'0',15,0,0,380.00000000,0.00000000,5700.00000000,0.00000000,0.00000000,0.00000000,5700.00000000,0,NULL,NULL,0,0,1,NULL,NULL,1,'MAD',380.00000000,0.00000000,5700.00000000,0.00000000,5700.00000000),(187,105,NULL,390,'','','','',0.000,0.000,'0',0.000,'0',3150,0,0,20.00000000,0.00000000,63000.00000000,0.00000000,0.00000000,0.00000000,63000.00000000,0,NULL,NULL,0,0,1,NULL,NULL,1,'MAD',20.00000000,0.00000000,63000.00000000,0.00000000,63000.00000000),(192,108,NULL,391,'','','','',0.000,0.000,'0',0.000,'0',3150,0,0,15.25000000,0.00000000,48037.50000000,0.00000000,0.00000000,0.00000000,48037.50000000,0,NULL,NULL,0,0,1,NULL,NULL,1,'MAD',15.25000000,0.00000000,48037.50000000,0.00000000,48037.50000000),(193,108,NULL,390,'','','','',0.000,0.000,'0',0.000,'0',3125,0,0,21.00000000,0.00000000,65625.00000000,0.00000000,0.00000000,0.00000000,65625.00000000,0,NULL,NULL,0,0,2,NULL,NULL,1,'MAD',21.00000000,0.00000000,65625.00000000,0.00000000,65625.00000000),(194,108,NULL,295,'','','','',0.000,0.000,'0',0.000,'0',3125,0,0,21.00000000,0.00000000,65625.00000000,0.00000000,0.00000000,0.00000000,65625.00000000,0,NULL,NULL,0,0,3,NULL,NULL,1,'MAD',21.00000000,0.00000000,65625.00000000,0.00000000,65625.00000000),(195,108,NULL,292,'','','','',0.000,0.000,'0',0.000,'0',12000,0,0,22.25000000,0.00000000,267000.00000000,0.00000000,0.00000000,0.00000000,267000.00000000,0,NULL,NULL,0,0,4,NULL,NULL,1,'MAD',22.25000000,0.00000000,267000.00000000,0.00000000,267000.00000000),(197,110,NULL,392,'','','','',0.000,0.000,'0',0.000,'0',40,0,0,65.00000000,0.00000000,2600.00000000,0.00000000,0.00000000,0.00000000,2600.00000000,0,NULL,NULL,0,0,1,NULL,NULL,1,'MAD',65.00000000,0.00000000,2600.00000000,0.00000000,2600.00000000),(202,113,NULL,278,'','','','',0.000,0.000,'0',0.000,'0',4860,0,0,81.00000000,0.00000000,393660.00000000,0.00000000,0.00000000,0.00000000,393660.00000000,0,NULL,NULL,0,0,1,NULL,NULL,1,'MAD',81.00000000,0.00000000,393660.00000000,0.00000000,393660.00000000),(203,113,NULL,279,'MANTRILON','','','',0.000,0.000,'0',0.000,'0',2880,0,0,91.00000000,0.00000000,262080.00000000,0.00000000,0.00000000,0.00000000,262080.00000000,0,NULL,NULL,0,0,2,NULL,NULL,1,'MAD',91.00000000,0.00000000,262080.00000000,0.00000000,262080.00000000),(204,113,NULL,294,'','','','',0.000,0.000,'0',0.000,'0',6000,0,0,13.00000000,0.00000000,78000.00000000,0.00000000,0.00000000,0.00000000,78000.00000000,0,NULL,NULL,0,0,3,NULL,NULL,1,'MAD',13.00000000,0.00000000,78000.00000000,0.00000000,78000.00000000),(205,113,NULL,393,'','','','',0.000,0.000,'0',0.000,'0',1440,0,0,80.00000000,0.00000000,115200.00000000,0.00000000,0.00000000,0.00000000,115200.00000000,0,NULL,NULL,0,0,4,NULL,NULL,1,'MAD',80.00000000,0.00000000,115200.00000000,0.00000000,115200.00000000),(206,113,NULL,394,'','','','',0.000,0.000,'0',0.000,'0',1080,0,0,98.00000000,0.00000000,105840.00000000,0.00000000,0.00000000,0.00000000,105840.00000000,0,NULL,NULL,0,0,5,NULL,NULL,1,'MAD',98.00000000,0.00000000,105840.00000000,0.00000000,105840.00000000),(207,113,NULL,395,'','','','',0.000,0.000,'0',0.000,'0',6300,0,0,11.50000000,0.00000000,72450.00000000,0.00000000,0.00000000,0.00000000,72450.00000000,0,NULL,NULL,0,0,6,NULL,NULL,1,'MAD',11.50000000,0.00000000,72450.00000000,0.00000000,72450.00000000),(208,114,NULL,364,'','','','',0.000,0.000,'0',0.000,'0',360,0,0,65.00000000,0.00000000,23400.00000000,0.00000000,0.00000000,0.00000000,23400.00000000,0,NULL,NULL,0,0,1,NULL,NULL,1,'MAD',65.00000000,0.00000000,23400.00000000,0.00000000,23400.00000000),(209,115,NULL,396,'','','','',0.000,0.000,'0',0.000,'0',150,0,0,34.00000000,0.00000000,5100.00000000,0.00000000,0.00000000,0.00000000,5100.00000000,0,NULL,NULL,0,0,1,NULL,NULL,1,'MAD',34.00000000,0.00000000,5100.00000000,0.00000000,5100.00000000),(210,117,NULL,397,'','','','',0.000,0.000,'0',0.000,'0',40,0,0,90.00000000,0.00000000,3600.00000000,0.00000000,0.00000000,0.00000000,3600.00000000,0,NULL,NULL,0,0,1,NULL,NULL,1,'MAD',90.00000000,0.00000000,3600.00000000,0.00000000,3600.00000000),(211,119,NULL,398,'','','','',0.000,0.000,'',0.000,'',70,0,0,50.00000000,0.00000000,3500.00000000,0.00000000,0.00000000,0.00000000,3500.00000000,0,NULL,NULL,0,0,1,NULL,NULL,1,'MAD',50.00000000,0.00000000,3500.00000000,0.00000000,3500.00000000),(212,120,NULL,399,'','','','',0.000,0.000,'0',0.000,'0',20,0,0,230.00000000,0.00000000,4600.00000000,0.00000000,0.00000000,0.00000000,4600.00000000,0,NULL,NULL,0,0,1,NULL,NULL,1,'MAD',230.00000000,0.00000000,4600.00000000,0.00000000,4600.00000000),(213,121,NULL,396,'','','','',0.000,0.000,'0',0.000,'0',60,0,0,42.00000000,0.00000000,2520.00000000,0.00000000,0.00000000,0.00000000,2520.00000000,0,NULL,NULL,0,0,1,NULL,NULL,1,'MAD',42.00000000,0.00000000,2520.00000000,0.00000000,2520.00000000),(214,122,NULL,400,'','','','',0.000,0.000,'0',0.000,'0',42,0,0,50.00000000,0.00000000,2100.00000000,0.00000000,0.00000000,0.00000000,2100.00000000,0,NULL,NULL,0,0,1,NULL,NULL,1,'MAD',50.00000000,0.00000000,2100.00000000,0.00000000,2100.00000000),(215,122,NULL,401,'','','','',0.000,0.000,'0',0.000,'0',24,0,0,32.00000000,0.00000000,768.00000000,0.00000000,0.00000000,0.00000000,768.00000000,0,NULL,NULL,0,0,2,NULL,NULL,1,'MAD',32.00000000,0.00000000,768.00000000,0.00000000,768.00000000),(216,123,NULL,402,'','','','',0.000,0.000,'0',0.000,'0',10,0,0,105.00000000,0.00000000,1050.00000000,0.00000000,0.00000000,0.00000000,1050.00000000,0,NULL,NULL,0,0,1,NULL,NULL,1,'MAD',105.00000000,0.00000000,1050.00000000,0.00000000,1050.00000000),(219,125,NULL,278,'','','','',0.000,0.000,'0',0.000,'0',2700,0,0,81.00000000,0.00000000,218700.00000000,0.00000000,0.00000000,0.00000000,218700.00000000,0,NULL,NULL,0,0,1,NULL,NULL,1,'MAD',81.00000000,0.00000000,218700.00000000,0.00000000,218700.00000000),(220,125,NULL,294,'','','','',0.000,0.000,'0',0.000,'0',6000,0,0,12.84000000,0.00000000,77040.00000000,0.00000000,0.00000000,0.00000000,77040.00000000,0,NULL,NULL,0,0,2,NULL,NULL,1,'MAD',12.84000000,0.00000000,77040.00000000,0.00000000,77040.00000000),(221,125,NULL,403,'','','','',0.000,0.000,'0',0.000,'0',4500,0,0,37.80000000,0.00000000,170100.00000000,0.00000000,0.00000000,0.00000000,170100.00000000,0,NULL,NULL,0,0,3,NULL,NULL,1,'MAD',37.80000000,0.00000000,170100.00000000,0.00000000,170100.00000000),(222,125,NULL,404,'','','','',0.000,0.000,'0',0.000,'0',5250,0,0,42.60000000,0.00000000,223650.00000000,0.00000000,0.00000000,0.00000000,223650.00000000,0,NULL,NULL,0,0,4,NULL,NULL,1,'MAD',42.60000000,0.00000000,223650.00000000,0.00000000,223650.00000000),(223,126,NULL,386,'','','','',20.000,0.000,'0',0.000,'0',104,0,0,350.00000000,0.00000000,36400.00000000,7280.00000000,0.00000000,0.00000000,43680.00000000,0,NULL,NULL,0,0,1,NULL,NULL,1,'MAD',350.00000000,0.00000000,36400.00000000,7280.00000000,43680.00000000),(224,127,NULL,405,'','','','',0.000,0.000,'0',0.000,'0',600,0,0,33.00000000,0.00000000,19800.00000000,0.00000000,0.00000000,0.00000000,19800.00000000,0,NULL,NULL,0,0,1,NULL,NULL,1,'MAD',33.00000000,0.00000000,19800.00000000,0.00000000,19800.00000000),(225,129,NULL,406,'','','','',0.000,0.000,'0',0.000,'0',10000,0,0,12.90000000,0.00000000,129000.00000000,0.00000000,0.00000000,0.00000000,129000.00000000,0,NULL,NULL,0,0,1,NULL,NULL,1,'MAD',12.90000000,0.00000000,129000.00000000,0.00000000,129000.00000000),(226,129,NULL,380,'','','','',0.000,0.000,'0',0.000,'0',10000,0,0,18.30000000,0.00000000,183000.00000000,0.00000000,0.00000000,0.00000000,183000.00000000,0,NULL,NULL,0,0,2,NULL,NULL,1,'MAD',18.30000000,0.00000000,183000.00000000,0.00000000,183000.00000000),(227,129,NULL,381,'','','','',0.000,0.000,'0',0.000,'0',10000,0,0,13.80000000,0.00000000,138000.00000000,0.00000000,0.00000000,0.00000000,138000.00000000,0,NULL,NULL,0,0,3,NULL,NULL,1,'MAD',13.80000000,0.00000000,138000.00000000,0.00000000,138000.00000000),(228,129,NULL,384,'','','','',20.000,0.000,'0',0.000,'0',2000,0,0,36.00000000,0.00000000,72000.00000000,14400.00000000,0.00000000,0.00000000,86400.00000000,0,NULL,NULL,0,0,4,NULL,NULL,1,'MAD',36.00000000,0.00000000,72000.00000000,14400.00000000,86400.00000000),(229,129,NULL,407,'','','','',0.000,0.000,'0',0.000,'0',2004,0,0,33.60000000,0.00000000,67334.40000000,0.00000000,0.00000000,0.00000000,67334.40000000,0,NULL,NULL,0,0,5,NULL,NULL,1,'MAD',33.60000000,0.00000000,67334.40000000,0.00000000,67334.40000000),(230,129,NULL,408,'','','','',0.000,0.000,'0',0.000,'0',2000,0,0,20.00000000,0.00000000,40000.00000000,0.00000000,0.00000000,0.00000000,40000.00000000,0,NULL,NULL,0,0,6,NULL,NULL,1,'MAD',20.00000000,0.00000000,40000.00000000,0.00000000,40000.00000000),(231,129,NULL,409,'','','','',0.000,0.000,'0',0.000,'0',2000,0,0,19.00000000,0.00000000,38000.00000000,0.00000000,0.00000000,0.00000000,38000.00000000,0,NULL,NULL,0,0,7,NULL,NULL,1,'MAD',19.00000000,0.00000000,38000.00000000,0.00000000,38000.00000000),(232,130,NULL,243,'','','','',0.000,0.000,'3',0.000,'5',1440,0,0,40.32000000,0.00000000,58060.80000000,0.00000000,0.00000000,0.00000000,58060.80000000,0,NULL,NULL,0,0,1,NULL,NULL,1,'MAD',40.32000000,0.00000000,58060.80000000,0.00000000,58060.80000000),(233,130,NULL,244,'ON069-04 5L','','','',0.000,0.000,'3',0.000,'5',3000,0,0,30.84000000,0.00000000,92520.00000000,0.00000000,0.00000000,0.00000000,92520.00000000,0,NULL,NULL,0,0,2,NULL,NULL,1,'MAD',30.84000000,0.00000000,92520.00000000,0.00000000,92520.00000000),(234,130,NULL,247,'ON069-01','','','',0.000,0.000,'3',0.000,'5',2000,0,0,30.84000000,0.00000000,61680.00000000,0.00000000,0.00000000,0.00000000,61680.00000000,0,NULL,NULL,0,0,3,NULL,NULL,1,'MAD',30.84000000,0.00000000,61680.00000000,0.00000000,61680.00000000),(235,130,NULL,242,'','','','',0.000,0.000,'3',0.000,'5',1440,0,0,52.20000000,0.00000000,75168.00000000,0.00000000,0.00000000,0.00000000,75168.00000000,0,NULL,NULL,0,0,4,NULL,NULL,1,'MAD',52.20000000,0.00000000,75168.00000000,0.00000000,75168.00000000),(236,130,NULL,411,'','','','',0.000,0.000,'3',0.000,'5',2000,0,0,42.84000000,0.00000000,85680.00000000,0.00000000,0.00000000,0.00000000,85680.00000000,0,NULL,NULL,0,0,5,NULL,NULL,1,'MAD',42.84000000,0.00000000,85680.00000000,0.00000000,85680.00000000),(237,130,NULL,265,'','','','',0.000,0.000,'3',0.000,'5',2880,0,0,37.08000000,0.00000000,106790.40000000,0.00000000,0.00000000,0.00000000,106790.40000000,0,NULL,NULL,0,0,6,NULL,NULL,1,'MAD',37.08000000,0.00000000,106790.40000000,0.00000000,106790.40000000),(238,130,NULL,266,'','','','',0.000,0.000,'3',0.000,'5',3000,0,0,27.72000000,0.00000000,83160.00000000,0.00000000,0.00000000,0.00000000,83160.00000000,0,NULL,NULL,0,0,7,NULL,NULL,1,'MAD',27.72000000,0.00000000,83160.00000000,0.00000000,83160.00000000),(239,130,NULL,272,'','','','',0.000,0.000,'3',0.000,'5',2160,0,0,31.68000000,0.00000000,68428.80000000,0.00000000,0.00000000,0.00000000,68428.80000000,0,NULL,NULL,0,0,8,NULL,NULL,1,'MAD',31.68000000,0.00000000,68428.80000000,0.00000000,68428.80000000),(240,130,NULL,283,'','','','',0.000,0.000,'3',0.000,'5',3600,0,0,27.00000000,0.00000000,97200.00000000,0.00000000,0.00000000,0.00000000,97200.00000000,0,NULL,NULL,0,0,9,NULL,NULL,1,'MAD',27.00000000,0.00000000,97200.00000000,0.00000000,97200.00000000),(241,130,NULL,282,'ON093-01','','','',0.000,0.000,'3',0.000,'5',5000,0,0,17.64000000,0.00000000,88200.00000000,0.00000000,0.00000000,0.00000000,88200.00000000,0,NULL,NULL,0,0,10,NULL,NULL,1,'MAD',17.64000000,0.00000000,88200.00000000,0.00000000,88200.00000000),(242,130,NULL,249,'','','','',0.000,0.000,'3',0.000,'5',2160,0,0,47.40000000,0.00000000,102384.00000000,0.00000000,0.00000000,0.00000000,102384.00000000,0,NULL,NULL,0,0,11,NULL,NULL,1,'MAD',47.40000000,0.00000000,102384.00000000,0.00000000,102384.00000000),(243,130,NULL,250,'','','','',0.000,0.000,'3',0.000,'5',4000,0,0,38.21000000,0.00000000,152840.00000000,0.00000000,0.00000000,0.00000000,152840.00000000,0,NULL,NULL,0,0,12,NULL,NULL,1,'MAD',38.21000000,0.00000000,152840.00000000,0.00000000,152840.00000000),(244,130,NULL,251,'','','','',0.000,0.000,'3',0.000,'5',1440,0,0,42.00000000,0.00000000,60480.00000000,0.00000000,0.00000000,0.00000000,60480.00000000,0,NULL,NULL,0,0,13,NULL,NULL,1,'MAD',42.00000000,0.00000000,60480.00000000,0.00000000,60480.00000000),(245,130,NULL,252,'','','','',0.000,0.000,'3',0.000,'5',4000,0,0,32.52000000,0.00000000,130080.00000000,0.00000000,0.00000000,0.00000000,130080.00000000,0,NULL,NULL,0,0,14,NULL,NULL,1,'MAD',32.52000000,0.00000000,130080.00000000,0.00000000,130080.00000000),(246,130,NULL,254,'','','','',0.000,0.000,'3',0.000,'5',2160,0,0,43.80000000,0.00000000,94608.00000000,0.00000000,0.00000000,0.00000000,94608.00000000,0,NULL,NULL,0,0,15,NULL,NULL,1,'MAD',43.80000000,0.00000000,94608.00000000,0.00000000,94608.00000000),(247,130,NULL,255,'','','','',0.000,0.000,'3',0.000,'5',4000,0,0,34.32000000,0.00000000,137280.00000000,0.00000000,0.00000000,0.00000000,137280.00000000,0,NULL,NULL,0,0,16,NULL,NULL,1,'MAD',34.32000000,0.00000000,137280.00000000,0.00000000,137280.00000000),(248,130,NULL,410,'','','','',0.000,0.000,'3',0.000,'5',2000,0,0,125.04000000,0.00000000,250080.00000000,0.00000000,0.00000000,0.00000000,250080.00000000,0,NULL,NULL,0,0,17,NULL,NULL,1,'MAD',125.04000000,0.00000000,250080.00000000,0.00000000,250080.00000000),(249,130,NULL,253,'','','','',0.000,0.000,'3',0.000,'5',4800,0,0,30.72000000,0.00000000,147456.00000000,0.00000000,0.00000000,0.00000000,147456.00000000,0,NULL,NULL,0,0,18,NULL,NULL,1,'MAD',30.72000000,0.00000000,147456.00000000,0.00000000,147456.00000000),(250,131,NULL,412,'','','','',0.000,0.000,'0',0.000,'0',5000,0,0,72.00000000,0.00000000,360000.00000000,0.00000000,0.00000000,0.00000000,360000.00000000,0,NULL,NULL,0,0,1,NULL,NULL,1,'MAD',72.00000000,0.00000000,360000.00000000,0.00000000,360000.00000000),(251,131,NULL,245,'','','','',0.000,0.000,'0',0.000,'0',1200,0,0,90.00000000,0.00000000,108000.00000000,0.00000000,0.00000000,0.00000000,108000.00000000,0,NULL,NULL,0,0,2,NULL,NULL,1,'MAD',90.00000000,0.00000000,108000.00000000,0.00000000,108000.00000000),(252,133,NULL,291,'','','','',0.000,0.000,'0',0.000,'0',12000,0,0,16.80000000,0.00000000,201600.00000000,0.00000000,0.00000000,0.00000000,201600.00000000,0,NULL,NULL,0,0,1,NULL,NULL,1,'MAD',16.80000000,0.00000000,201600.00000000,0.00000000,201600.00000000),(253,133,NULL,292,'','','','',0.000,0.000,'0',0.000,'0',12000,0,0,18.60000000,0.00000000,223200.00000000,0.00000000,0.00000000,0.00000000,223200.00000000,0,NULL,NULL,0,0,2,NULL,NULL,1,'MAD',18.60000000,0.00000000,223200.00000000,0.00000000,223200.00000000),(254,134,NULL,397,'','','','',0.000,0.000,'0',0.000,'0',40,0,0,0.00000000,0.00000000,0.00000000,0.00000000,0.00000000,0.00000000,0.00000000,0,NULL,NULL,0,0,1,NULL,NULL,1,'MAD',0.00000000,0.00000000,0.00000000,0.00000000,0.00000000),(255,135,NULL,405,'','','','',0.000,0.000,'0',0.000,'0',400,0,0,0.00000000,0.00000000,0.00000000,0.00000000,0.00000000,0.00000000,0.00000000,0,NULL,NULL,0,0,1,NULL,NULL,1,'MAD',0.00000000,0.00000000,0.00000000,0.00000000,0.00000000),(256,136,NULL,402,'','','','',0.000,0.000,'0',0.000,'0',11,0,0,0.00000000,0.00000000,0.00000000,0.00000000,0.00000000,0.00000000,0.00000000,0,NULL,NULL,0,0,1,NULL,NULL,1,'MAD',0.00000000,0.00000000,0.00000000,0.00000000,0.00000000),(257,136,NULL,413,'','','','',0.000,0.000,'0',0.000,'0',10,0,0,0.00000000,0.00000000,0.00000000,0.00000000,0.00000000,0.00000000,0.00000000,0,NULL,NULL,0,0,2,NULL,NULL,1,'MAD',0.00000000,0.00000000,0.00000000,0.00000000,0.00000000),(258,137,NULL,293,'','','','',0.000,0.000,'0',0.000,'0',12000,0,0,12.24000000,0.00000000,146880.00000000,0.00000000,0.00000000,0.00000000,146880.00000000,0,NULL,NULL,0,0,1,NULL,NULL,1,'MAD',12.24000000,0.00000000,146880.00000000,0.00000000,146880.00000000),(259,137,NULL,294,'','','','',0.000,0.000,'0',0.000,'0',11625,0,0,8.28000000,0.00000000,96255.00000000,0.00000000,0.00000000,0.00000000,96255.00000000,0,NULL,NULL,0,0,2,NULL,NULL,1,'MAD',8.28000000,0.00000000,96255.00000000,0.00000000,96255.00000000),(260,139,NULL,414,'','','','',0.000,0.000,'0',0.000,'0',2800,0,0,36.96000000,0.00000000,103488.00000000,0.00000000,0.00000000,0.00000000,103488.00000000,0,NULL,NULL,0,0,1,NULL,NULL,1,'MAD',36.96000000,0.00000000,103488.00000000,0.00000000,103488.00000000),(261,139,NULL,245,'','','','',0.000,0.000,'0',0.000,'0',3000,0,0,79.44000000,0.00000000,238320.00000000,0.00000000,0.00000000,0.00000000,238320.00000000,0,NULL,NULL,0,0,2,NULL,NULL,1,'MAD',79.44000000,0.00000000,238320.00000000,0.00000000,238320.00000000),(262,140,NULL,415,'','','','',0.000,0.000,'0',0.000,'0',160,0,0,95.00000000,0.00000000,15200.00000000,0.00000000,0.00000000,0.00000000,15200.00000000,0,NULL,NULL,0,0,1,NULL,NULL,1,'MAD',95.00000000,0.00000000,15200.00000000,0.00000000,15200.00000000),(263,141,NULL,375,'','','','',0.000,0.000,'0',0.000,'0',1000,0,0,0.00000000,0.00000000,0.00000000,0.00000000,0.00000000,0.00000000,0.00000000,0,NULL,NULL,0,0,1,NULL,NULL,1,'MAD',0.00000000,0.00000000,0.00000000,0.00000000,0.00000000),(264,142,NULL,298,'','','','',0.000,0.000,'',0.000,'',24000,0,0,6.34000000,0.00000000,152160.00000000,0.00000000,0.00000000,0.00000000,152160.00000000,0,NULL,NULL,0,0,1,NULL,NULL,1,'MAD',6.34000000,0.00000000,152160.00000000,0.00000000,152160.00000000),(265,143,NULL,298,'','','','',0.000,0.000,'0',0.000,'0',24000,0,0,6.34000000,0.00000000,152160.00000000,0.00000000,0.00000000,0.00000000,152160.00000000,0,NULL,NULL,0,0,1,NULL,NULL,1,'MAD',6.34000000,0.00000000,152160.00000000,0.00000000,152160.00000000),(266,144,NULL,294,'','','','',0.000,0.000,'0',0.000,'0',48000,0,0,10.50000000,0.00000000,504000.00000000,0.00000000,0.00000000,0.00000000,504000.00000000,0,NULL,NULL,0,0,1,NULL,NULL,1,'MAD',10.50000000,0.00000000,504000.00000000,0.00000000,504000.00000000),(267,145,NULL,415,'','','','',0.000,0.000,'0',0.000,'0',80,0,0,95.00000000,0.00000000,7600.00000000,0.00000000,0.00000000,0.00000000,7600.00000000,0,NULL,NULL,0,0,1,NULL,NULL,1,'MAD',95.00000000,0.00000000,7600.00000000,0.00000000,7600.00000000),(268,147,NULL,362,'','','','',0.000,0.000,'0',0.000,'0',12000,0,0,11.04000000,0.00000000,132480.00000000,0.00000000,0.00000000,0.00000000,132480.00000000,0,NULL,NULL,0,0,1,NULL,NULL,1,'MAD',11.04000000,0.00000000,132480.00000000,0.00000000,132480.00000000),(269,147,NULL,414,'','','','',0.000,0.000,'0',0.000,'0',3200,0,0,43.20000000,0.00000000,138240.00000000,0.00000000,0.00000000,0.00000000,138240.00000000,0,NULL,NULL,0,0,2,NULL,NULL,1,'MAD',43.20000000,0.00000000,138240.00000000,0.00000000,138240.00000000),(270,149,NULL,416,'','','','',0.000,0.000,'0',0.000,'0',2,0,0,220.00000000,0.00000000,440.00000000,0.00000000,0.00000000,0.00000000,440.00000000,0,NULL,NULL,0,0,1,NULL,NULL,1,'MAD',220.00000000,0.00000000,440.00000000,0.00000000,440.00000000),(271,150,NULL,417,'','','','',0.000,0.000,'0',0.000,'0',32,0,0,220.00000000,0.00000000,7040.00000000,0.00000000,0.00000000,0.00000000,7040.00000000,0,NULL,NULL,0,0,1,NULL,NULL,1,'MAD',220.00000000,0.00000000,7040.00000000,0.00000000,7040.00000000),(272,152,NULL,397,'','','','',0.000,0.000,'0',0.000,'0',40,0,0,95.00000000,0.00000000,3800.00000000,0.00000000,0.00000000,0.00000000,3800.00000000,0,NULL,NULL,0,0,1,NULL,NULL,1,'MAD',95.00000000,0.00000000,3800.00000000,0.00000000,3800.00000000),(273,153,NULL,418,'','','','',0.000,0.000,'0',0.000,'0',10,0,0,760.00000000,0.00000000,7600.00000000,0.00000000,0.00000000,0.00000000,7600.00000000,0,NULL,NULL,0,0,1,NULL,NULL,1,'MAD',760.00000000,0.00000000,7600.00000000,0.00000000,7600.00000000),(274,154,NULL,247,'ON069-01','','','',0.000,0.000,'3',0.000,'5',3000,0,0,31.37000000,0.00000000,94110.00000000,0.00000000,0.00000000,0.00000000,94110.00000000,0,NULL,NULL,0,0,1,NULL,NULL,1,'MAD',31.37000000,0.00000000,94110.00000000,0.00000000,94110.00000000),(275,154,NULL,244,'ON069-04 5L','','','',0.000,0.000,'3',0.000,'5',3000,0,0,31.37000000,0.00000000,94110.00000000,0.00000000,0.00000000,0.00000000,94110.00000000,0,NULL,NULL,0,0,2,NULL,NULL,1,'MAD',31.37000000,0.00000000,94110.00000000,0.00000000,94110.00000000),(276,154,NULL,411,'','','','',0.000,0.000,'3',0.000,'5',3000,0,0,43.75000000,0.00000000,131250.00000000,0.00000000,0.00000000,0.00000000,131250.00000000,0,NULL,NULL,0,0,3,NULL,NULL,1,'MAD',43.75000000,0.00000000,131250.00000000,0.00000000,131250.00000000),(277,154,NULL,266,'','','','',0.000,0.000,'3',0.000,'5',4000,0,0,29.37000000,0.00000000,117480.00000000,0.00000000,0.00000000,0.00000000,117480.00000000,0,NULL,NULL,0,0,4,NULL,NULL,1,'MAD',29.37000000,0.00000000,117480.00000000,0.00000000,117480.00000000),(278,154,NULL,262,'','','','',0.000,0.000,'3',0.000,'5',720,0,0,49.87500000,0.00000000,35910.00000000,0.00000000,0.00000000,0.00000000,35910.00000000,0,NULL,NULL,0,0,5,NULL,NULL,1,'MAD',49.87500000,0.00000000,35910.00000000,0.00000000,35910.00000000),(279,154,NULL,263,'','','','',0.000,0.000,'3',0.000,'5',860,0,0,40.00000000,0.00000000,34400.00000000,0.00000000,0.00000000,0.00000000,34400.00000000,0,NULL,NULL,0,0,6,NULL,NULL,1,'MAD',40.00000000,0.00000000,34400.00000000,0.00000000,34400.00000000),(280,154,NULL,250,'','','','',0.000,0.000,'3',0.000,'5',4000,0,0,40.62500000,0.00000000,162500.00000000,0.00000000,0.00000000,0.00000000,162500.00000000,0,NULL,NULL,0,0,7,NULL,NULL,1,'MAD',40.62500000,0.00000000,162500.00000000,0.00000000,162500.00000000),(281,154,NULL,419,'','','','',0.000,0.000,'3',0.000,'5',1000,0,0,63.00000000,0.00000000,63000.00000000,0.00000000,0.00000000,0.00000000,63000.00000000,0,NULL,NULL,0,0,8,NULL,NULL,1,'MAD',63.00000000,0.00000000,63000.00000000,0.00000000,63000.00000000),(282,156,NULL,420,'','','','',0.000,0.000,'0',0.000,'0',10,0,0,290.00000000,0.00000000,2900.00000000,0.00000000,0.00000000,0.00000000,2900.00000000,0,NULL,NULL,0,0,1,NULL,NULL,1,'MAD',290.00000000,0.00000000,2900.00000000,0.00000000,2900.00000000),(283,157,NULL,421,'','','','',20.000,0.000,'0',0.000,'0',2,0,0,1691.67000000,0.00000000,3383.34000000,676.67000000,0.00000000,0.00000000,4060.01000000,0,NULL,NULL,0,0,1,NULL,NULL,1,'MAD',1691.67000000,0.00000000,3383.34000000,676.67000000,4060.01000000),(285,159,NULL,422,'','','','',0.000,0.000,'0',0.000,'0',20,0,0,430.00000000,0.00000000,8600.00000000,0.00000000,0.00000000,0.00000000,8600.00000000,0,NULL,NULL,0,0,1,NULL,NULL,1,'MAD',430.00000000,0.00000000,8600.00000000,0.00000000,8600.00000000),(286,160,NULL,396,'','','','',0.000,0.000,'0',0.000,'0',90,0,0,34.00000000,0.00000000,3060.00000000,0.00000000,0.00000000,0.00000000,3060.00000000,0,NULL,NULL,0,0,1,NULL,NULL,1,'MAD',34.00000000,0.00000000,3060.00000000,0.00000000,3060.00000000),(287,160,NULL,423,'','','','',0.000,0.000,'0',0.000,'0',100,0,0,7.00000000,0.00000000,700.00000000,0.00000000,0.00000000,0.00000000,700.00000000,0,NULL,NULL,0,0,2,NULL,NULL,1,'MAD',7.00000000,0.00000000,700.00000000,0.00000000,700.00000000),(288,160,NULL,424,'','','','',0.000,0.000,'0',0.000,'0',200,0,0,7.00000000,0.00000000,1400.00000000,0.00000000,0.00000000,0.00000000,1400.00000000,0,NULL,NULL,0,0,3,NULL,NULL,1,'MAD',7.00000000,0.00000000,1400.00000000,0.00000000,1400.00000000),(289,160,NULL,425,'','','','',0.000,0.000,'0',0.000,'0',7.5,0,0,120.00000000,0.00000000,900.00000000,0.00000000,0.00000000,0.00000000,900.00000000,0,NULL,NULL,0,0,4,NULL,NULL,1,'MAD',120.00000000,0.00000000,900.00000000,0.00000000,900.00000000),(290,161,NULL,426,'','','','',20.000,0.000,'',0.000,'',2508,0,0,8.10000000,0.00000000,20314.80000000,4062.96000000,0.00000000,0.00000000,24377.76000000,0,NULL,NULL,0,0,1,NULL,NULL,1,'MAD',8.10000000,0.00000000,20314.80000000,4062.96000000,24377.76000000),(291,162,NULL,292,'','','','',0.000,0.000,'0',0.000,'0',24000,0,0,18.48000000,0.00000000,443520.00000000,0.00000000,0.00000000,0.00000000,443520.00000000,0,NULL,NULL,0,0,1,NULL,NULL,1,'MAD',18.48000000,0.00000000,443520.00000000,0.00000000,443520.00000000),(292,162,NULL,293,'','','','',0.000,0.000,'0',0.000,'0',24000,0,0,14.28000000,0.00000000,342720.00000000,0.00000000,0.00000000,0.00000000,342720.00000000,0,NULL,NULL,0,0,2,NULL,NULL,1,'MAD',14.28000000,0.00000000,342720.00000000,0.00000000,342720.00000000),(293,162,NULL,291,'','','','',0.000,0.000,'0',0.000,'0',12000,0,0,15.60000000,0.00000000,187200.00000000,0.00000000,0.00000000,0.00000000,187200.00000000,0,NULL,NULL,0,0,3,NULL,NULL,1,'MAD',15.60000000,0.00000000,187200.00000000,0.00000000,187200.00000000),(294,162,NULL,279,'MANTRILON','','','',0.000,0.000,'0',0.000,'0',3840,0,0,90.00000000,0.00000000,345600.00000000,0.00000000,0.00000000,0.00000000,345600.00000000,0,NULL,NULL,0,0,4,NULL,NULL,1,'MAD',90.00000000,0.00000000,345600.00000000,0.00000000,345600.00000000),(295,163,NULL,281,'ON093-02','','','',0.000,0.000,'3',0.000,'5',15360,0,0,16.44000000,0.00000000,252518.40000000,0.00000000,0.00000000,0.00000000,252518.40000000,0,NULL,NULL,0,0,1,NULL,NULL,1,'MAD',16.44000000,0.00000000,252518.40000000,0.00000000,252518.40000000),(296,163,NULL,282,'ON093-01','','','',0.000,0.000,'3',0.000,'5',4000,0,0,18.24000000,0.00000000,72960.00000000,0.00000000,0.00000000,0.00000000,72960.00000000,0,NULL,NULL,0,0,2,NULL,NULL,1,'MAD',18.24000000,0.00000000,72960.00000000,0.00000000,72960.00000000),(297,163,NULL,253,'','','','',0.000,0.000,'3',0.000,'5',6720,0,0,32.64000000,0.00000000,219340.80000000,0.00000000,0.00000000,0.00000000,219340.80000000,0,NULL,NULL,0,0,3,NULL,NULL,1,'MAD',32.64000000,0.00000000,219340.80000000,0.00000000,219340.80000000),(298,163,NULL,252,'','','','',0.000,0.000,'3',0.000,'5',7000,0,0,34.44000000,0.00000000,241080.00000000,0.00000000,0.00000000,0.00000000,241080.00000000,0,NULL,NULL,0,0,4,NULL,NULL,1,'MAD',34.44000000,0.00000000,241080.00000000,0.00000000,241080.00000000),(299,163,NULL,251,'','','','',0.000,0.000,'3',0.000,'5',1440,0,0,43.92000000,0.00000000,63244.80000000,0.00000000,0.00000000,0.00000000,63244.80000000,0,NULL,NULL,0,0,5,NULL,NULL,1,'MAD',43.92000000,0.00000000,63244.80000000,0.00000000,63244.80000000),(300,163,NULL,387,'','','','',0.000,0.000,'3',0.000,'5',4000,0,0,26.64000000,0.00000000,106560.00000000,0.00000000,0.00000000,0.00000000,106560.00000000,0,NULL,NULL,0,0,6,NULL,NULL,1,'MAD',26.64000000,0.00000000,106560.00000000,0.00000000,106560.00000000),(301,164,NULL,362,'','','','',0.000,0.000,'0',0.000,'0',12000,0,0,1008.00000000,0.00000000,12096000.00000000,0.00000000,0.00000000,0.00000000,12096000.00000000,0,NULL,NULL,0,0,1,NULL,NULL,1,'MAD',1008.00000000,0.00000000,12096000.00000000,0.00000000,12096000.00000000),(302,164,NULL,278,'','','','',0.000,0.000,'0',0.000,'0',7560,0,0,82.92000000,0.00000000,626875.20000000,0.00000000,0.00000000,0.00000000,626875.20000000,0,NULL,NULL,0,0,2,NULL,NULL,1,'MAD',82.92000000,0.00000000,626875.20000000,0.00000000,626875.20000000),(303,165,NULL,362,'','','','',0.000,0.000,'0',0.000,'0',12000,0,0,10.08000000,0.00000000,120960.00000000,0.00000000,0.00000000,0.00000000,120960.00000000,0,NULL,NULL,0,0,1,NULL,NULL,1,'MAD',10.08000000,0.00000000,120960.00000000,0.00000000,120960.00000000),(304,165,NULL,278,'','','','',0.000,0.000,'0',0.000,'0',7560,0,0,82.92000000,0.00000000,626875.20000000,0.00000000,0.00000000,0.00000000,626875.20000000,0,NULL,NULL,0,0,2,NULL,NULL,1,'MAD',82.92000000,0.00000000,626875.20000000,0.00000000,626875.20000000),(305,165,NULL,279,'','','','',0.000,0.000,'0',0.000,'0',480,0,0,88.20000000,0.00000000,42336.00000000,0.00000000,0.00000000,0.00000000,42336.00000000,0,NULL,NULL,0,0,3,NULL,NULL,1,'MAD',88.20000000,0.00000000,42336.00000000,0.00000000,42336.00000000),(306,166,NULL,427,'','','','',0.000,0.000,'0',0.000,'0',15,0,0,320.00000000,0.00000000,4800.00000000,0.00000000,0.00000000,0.00000000,4800.00000000,0,NULL,NULL,0,0,1,NULL,NULL,1,'MAD',320.00000000,0.00000000,4800.00000000,0.00000000,4800.00000000),(307,167,NULL,397,'','','','',0.000,0.000,'0',0.000,'0',80,0,0,72.00000000,0.00000000,5760.00000000,0.00000000,0.00000000,0.00000000,5760.00000000,0,NULL,NULL,0,0,1,NULL,NULL,1,'MAD',72.00000000,0.00000000,5760.00000000,0.00000000,5760.00000000),(308,168,NULL,278,'','','','',0.000,0.000,'0',0.000,'0',2700,0,0,83.76000000,0.00000000,226152.00000000,0.00000000,0.00000000,0.00000000,226152.00000000,0,NULL,NULL,0,0,1,NULL,NULL,1,'MAD',83.76000000,0.00000000,226152.00000000,0.00000000,226152.00000000),(309,168,NULL,297,'','','','',0.000,0.000,'0',0.000,'0',14700,0,0,9.72000000,0.00000000,142884.00000000,0.00000000,0.00000000,0.00000000,142884.00000000,0,NULL,NULL,0,0,2,NULL,NULL,1,'MAD',9.72000000,0.00000000,142884.00000000,0.00000000,142884.00000000),(310,168,NULL,279,'','','','',0.000,0.000,'0',0.000,'0',2400,0,0,87.00000000,0.00000000,208800.00000000,0.00000000,0.00000000,0.00000000,208800.00000000,0,NULL,NULL,0,0,3,NULL,NULL,1,'MAD',87.00000000,0.00000000,208800.00000000,0.00000000,208800.00000000),(311,168,NULL,412,'','','','',0.000,0.000,'0',0.000,'0',1000,0,0,74.64000000,0.00000000,74640.00000000,0.00000000,0.00000000,0.00000000,74640.00000000,0,NULL,NULL,0,0,4,NULL,NULL,1,'MAD',74.64000000,0.00000000,74640.00000000,0.00000000,74640.00000000),(312,169,NULL,241,'','','','',0.000,0.000,'3',0.000,'5',2880,0,0,24.00000000,0.00000000,69120.00000000,0.00000000,0.00000000,0.00000000,69120.00000000,0,NULL,NULL,0,0,1,NULL,NULL,1,'MAD',24.00000000,0.00000000,69120.00000000,0.00000000,69120.00000000),(313,169,NULL,267,'','','','',0.000,0.000,'3',0.000,'5',1440,0,0,40.08000000,0.00000000,57715.20000000,0.00000000,0.00000000,0.00000000,57715.20000000,0,NULL,NULL,0,0,2,NULL,NULL,1,'MAD',40.08000000,0.00000000,57715.20000000,0.00000000,57715.20000000),(314,169,NULL,268,'','','','',0.000,0.000,'3',0.000,'5',2000,0,0,30.60000000,0.00000000,61200.00000000,0.00000000,0.00000000,0.00000000,61200.00000000,0,NULL,NULL,0,0,3,NULL,NULL,1,'MAD',30.60000000,0.00000000,61200.00000000,0.00000000,61200.00000000),(315,169,NULL,275,'','','','',0.000,0.000,'3',0.000,'5',1000,0,0,72.60000000,0.00000000,72600.00000000,0.00000000,0.00000000,0.00000000,72600.00000000,0,NULL,NULL,0,0,4,NULL,NULL,1,'MAD',72.60000000,0.00000000,72600.00000000,0.00000000,72600.00000000),(316,169,NULL,276,'','','','',0.000,0.000,'3',0.000,'5',1000,0,0,63.12000000,0.00000000,63120.00000000,0.00000000,0.00000000,0.00000000,63120.00000000,0,NULL,NULL,0,0,5,NULL,NULL,1,'MAD',63.12000000,0.00000000,63120.00000000,0.00000000,63120.00000000),(317,169,NULL,410,'','','','',0.000,0.000,'3',0.000,'5',1008,0,0,127.92000000,0.00000000,128943.36000000,0.00000000,0.00000000,0.00000000,128943.36000000,0,NULL,NULL,0,0,6,NULL,NULL,1,'MAD',127.92000000,0.00000000,128943.36000000,0.00000000,128943.36000000),(318,170,NULL,405,'','','','',0.000,0.000,'0',0.000,'0',800,0,0,33.00000000,0.00000000,26400.00000000,0.00000000,0.00000000,0.00000000,26400.00000000,0,NULL,NULL,0,0,1,NULL,NULL,1,'MAD',33.00000000,0.00000000,26400.00000000,0.00000000,26400.00000000),(319,171,NULL,397,'','','','',0.000,0.000,'0',0.000,'0',60,0,0,85.00000000,0.00000000,5100.00000000,0.00000000,0.00000000,0.00000000,5100.00000000,0,NULL,NULL,0,0,1,NULL,NULL,1,'MAD',85.00000000,0.00000000,5100.00000000,0.00000000,5100.00000000),(320,173,NULL,429,'','','','',0.000,0.000,'0',0.000,'0',8,0,0,930.00000000,0.00000000,7440.00000000,0.00000000,0.00000000,0.00000000,7440.00000000,0,NULL,NULL,0,0,1,NULL,NULL,1,'MAD',930.00000000,0.00000000,7440.00000000,0.00000000,7440.00000000),(321,174,NULL,430,'','','','',0.000,0.000,'0',0.000,'0',8,0,0,85.00000000,0.00000000,680.00000000,0.00000000,0.00000000,0.00000000,680.00000000,0,NULL,NULL,0,0,1,NULL,NULL,1,'MAD',85.00000000,0.00000000,680.00000000,0.00000000,680.00000000),(322,174,NULL,431,'','','','',0.000,0.000,'0',0.000,'0',28,0,0,210.00000000,0.00000000,5880.00000000,0.00000000,0.00000000,0.00000000,5880.00000000,0,NULL,NULL,0,0,2,NULL,NULL,1,'MAD',210.00000000,0.00000000,5880.00000000,0.00000000,5880.00000000),(323,175,NULL,322,'','','','',0.000,0.000,'0',0.000,'0',250,0,0,3.70000000,0.00000000,925.00000000,0.00000000,0.00000000,0.00000000,925.00000000,0,NULL,NULL,0,0,1,NULL,NULL,1,'MAD',3.70000000,0.00000000,925.00000000,0.00000000,925.00000000),(324,176,NULL,246,'ON069-04','','','',0.000,0.000,'3',0.000,'5',1440,0,0,39.60000000,0.00000000,57024.00000000,0.00000000,0.00000000,0.00000000,57024.00000000,0,NULL,NULL,0,0,1,NULL,NULL,1,'MAD',39.60000000,0.00000000,57024.00000000,0.00000000,57024.00000000),(325,176,NULL,247,'ON069-01','','','',0.000,0.000,'3',0.000,'5',3000,0,0,30.12000000,0.00000000,90360.00000000,0.00000000,0.00000000,0.00000000,90360.00000000,0,NULL,NULL,0,0,2,NULL,NULL,1,'MAD',30.12000000,0.00000000,90360.00000000,0.00000000,90360.00000000),(326,176,NULL,273,'','','','',0.000,0.000,'3',0.000,'5',4000,0,0,21.72000000,0.00000000,86880.00000000,0.00000000,0.00000000,0.00000000,86880.00000000,0,NULL,NULL,0,0,3,NULL,NULL,1,'MAD',21.72000000,0.00000000,86880.00000000,0.00000000,86880.00000000),(327,176,NULL,274,'','','','',0.000,0.000,'3',0.000,'5',3840,0,0,19.92000000,0.00000000,76492.80000000,0.00000000,0.00000000,0.00000000,76492.80000000,0,NULL,NULL,0,0,4,NULL,NULL,1,'MAD',19.92000000,0.00000000,76492.80000000,0.00000000,76492.80000000),(328,176,NULL,240,'','','','',0.000,0.000,'3',0.000,'5',3000,0,0,27.12000000,0.00000000,81360.00000000,0.00000000,0.00000000,0.00000000,81360.00000000,0,NULL,NULL,0,0,5,NULL,NULL,1,'MAD',27.12000000,0.00000000,81360.00000000,0.00000000,81360.00000000),(329,176,NULL,242,'','','','',0.000,0.000,'3',0.000,'5',2160,0,0,51.60000000,0.00000000,111456.00000000,0.00000000,0.00000000,0.00000000,111456.00000000,0,NULL,NULL,0,0,6,NULL,NULL,1,'MAD',51.60000000,0.00000000,111456.00000000,0.00000000,111456.00000000),(330,176,NULL,411,'','','','',0.000,0.000,'3',0.000,'5',3000,0,0,42.24000000,0.00000000,126720.00000000,0.00000000,0.00000000,0.00000000,126720.00000000,0,NULL,NULL,0,0,7,NULL,NULL,1,'MAD',42.24000000,0.00000000,126720.00000000,0.00000000,126720.00000000),(331,176,NULL,265,'','','','',0.000,0.000,'3',0.000,'5',1440,0,0,38.40000000,0.00000000,55296.00000000,0.00000000,0.00000000,0.00000000,55296.00000000,0,NULL,NULL,0,0,8,NULL,NULL,1,'MAD',38.40000000,0.00000000,55296.00000000,0.00000000,55296.00000000),(332,176,NULL,266,'','','','',0.000,0.000,'3',0.000,'5',6000,0,0,28.92000000,0.00000000,173520.00000000,0.00000000,0.00000000,0.00000000,173520.00000000,0,NULL,NULL,0,0,9,NULL,NULL,1,'MAD',28.92000000,0.00000000,173520.00000000,0.00000000,173520.00000000),(333,176,NULL,267,'','','','',0.000,0.000,'3',0.000,'5',1440,0,0,40.20000000,0.00000000,57888.00000000,0.00000000,0.00000000,0.00000000,57888.00000000,0,NULL,NULL,0,0,10,NULL,NULL,1,'MAD',40.20000000,0.00000000,57888.00000000,0.00000000,57888.00000000),(334,176,NULL,268,'','','','',0.000,0.000,'3',0.000,'5',3000,0,0,30.72000000,0.00000000,92160.00000000,0.00000000,0.00000000,0.00000000,92160.00000000,0,NULL,NULL,0,0,11,NULL,NULL,1,'MAD',30.72000000,0.00000000,92160.00000000,0.00000000,92160.00000000),(335,176,NULL,262,'','','','',0.000,0.000,'3',0.000,'5',1440,0,0,43.80000000,0.00000000,63072.00000000,0.00000000,0.00000000,0.00000000,63072.00000000,0,NULL,NULL,0,0,12,NULL,NULL,1,'MAD',43.80000000,0.00000000,63072.00000000,0.00000000,63072.00000000),(336,176,NULL,263,'','','','',0.000,0.000,'3',0.000,'5',3000,0,0,34.44000000,0.00000000,103320.00000000,0.00000000,0.00000000,0.00000000,103320.00000000,0,NULL,NULL,0,0,13,NULL,NULL,1,'MAD',34.44000000,0.00000000,103320.00000000,0.00000000,103320.00000000),(337,177,NULL,297,'','','','',0.000,0.000,'0',0.000,'0',5250,0,0,8.93412000,0.00000000,46904.13000000,0.00000000,0.00000000,0.00000000,46904.13000000,0,NULL,NULL,0,0,1,NULL,NULL,1,'MAD',8.93412000,0.00000000,46904.13000000,0.00000000,46904.13000000),(338,177,NULL,278,'','','','',0.000,0.000,'0',0.000,'0',5400,0,0,82.31664000,0.00000000,444509.86000000,0.00000000,0.00000000,0.00000000,444509.86000000,0,NULL,NULL,0,0,2,NULL,NULL,1,'MAD',82.31664000,0.00000000,444509.86000000,0.00000000,444509.86000000),(339,177,NULL,279,'','','','',0.000,0.000,'0',0.000,'0',3360,0,0,87.48000000,0.00000000,293932.80000000,0.00000000,0.00000000,0.00000000,293932.80000000,0,NULL,NULL,0,0,3,NULL,NULL,1,'MAD',87.48000000,0.00000000,293932.80000000,0.00000000,293932.80000000),(340,177,NULL,412,'','','','',0.000,0.000,'0',0.000,'0',3000,0,0,73.47600000,0.00000000,220428.00000000,0.00000000,0.00000000,0.00000000,220428.00000000,0,NULL,NULL,0,0,4,NULL,NULL,1,'MAD',73.47600000,0.00000000,220428.00000000,0.00000000,220428.00000000),(341,178,NULL,298,'','','','',0.000,0.000,'0',0.000,'0',48000,0,0,5.28000000,0.00000000,253440.00000000,0.00000000,0.00000000,0.00000000,253440.00000000,0,NULL,NULL,0,0,1,NULL,NULL,1,'MAD',5.28000000,0.00000000,253440.00000000,0.00000000,253440.00000000),(342,179,NULL,270,'','','','',20.000,0.000,'0',0.000,'0',200,0,0,25.00000000,0.00000000,5000.00000000,1000.00000000,0.00000000,0.00000000,6000.00000000,0,NULL,NULL,0,0,1,NULL,NULL,1,'MAD',25.00000000,0.00000000,5000.00000000,1000.00000000,6000.00000000),(343,180,NULL,432,'','','','',0.000,0.000,'0',0.000,'0',4,0,0,270.00000000,0.00000000,1080.00000000,0.00000000,0.00000000,0.00000000,1080.00000000,0,NULL,NULL,0,0,1,NULL,NULL,1,'MAD',270.00000000,0.00000000,1080.00000000,0.00000000,1080.00000000),(344,180,NULL,315,'','','','',0.000,0.000,'0',0.000,'0',10,0,0,180.00000000,0.00000000,1800.00000000,0.00000000,0.00000000,0.00000000,1800.00000000,0,NULL,NULL,0,0,2,NULL,NULL,1,'MAD',180.00000000,0.00000000,1800.00000000,0.00000000,1800.00000000),(345,181,NULL,406,'','','','',0.000,0.000,'0',0.000,'0',23600,0,0,12.81600000,0.00000000,302457.60000000,0.00000000,0.00000000,0.00000000,302457.60000000,0,NULL,NULL,0,0,1,NULL,NULL,1,'MAD',12.81600000,0.00000000,302457.60000000,0.00000000,302457.60000000),(346,181,NULL,380,'','','','',0.000,0.000,'0',0.000,'0',11800,0,0,17.28000000,0.00000000,203904.00000000,0.00000000,0.00000000,0.00000000,203904.00000000,0,NULL,NULL,0,0,2,NULL,NULL,1,'MAD',17.28000000,0.00000000,203904.00000000,0.00000000,203904.00000000),(347,181,NULL,382,'','','','',0.000,0.000,'0',0.000,'0',23600,0,0,13.32000000,0.00000000,314352.00000000,0.00000000,0.00000000,0.00000000,314352.00000000,0,NULL,NULL,0,0,3,NULL,NULL,1,'MAD',13.32000000,0.00000000,314352.00000000,0.00000000,314352.00000000),(348,181,NULL,384,'','','','',20.000,0.000,'0',0.000,'0',1008,0,0,36.00000000,0.00000000,36288.00000000,7257.60000000,0.00000000,0.00000000,43545.60000000,0,NULL,NULL,0,0,4,NULL,NULL,1,'MAD',36.00000000,0.00000000,36288.00000000,7257.60000000,43545.60000000),(349,181,NULL,433,'','','','',20.000,0.000,'0',0.000,'0',2000,0,0,28.80000000,0.00000000,57600.00000000,11520.00000000,0.00000000,0.00000000,69120.00000000,0,NULL,NULL,0,0,5,NULL,NULL,1,'MAD',28.80000000,0.00000000,57600.00000000,11520.00000000,69120.00000000),(350,181,NULL,434,'','','','',20.000,0.000,'0',0.000,'0',1008,0,0,36.00000000,0.00000000,36288.00000000,7257.60000000,0.00000000,0.00000000,43545.60000000,0,NULL,NULL,0,0,6,NULL,NULL,1,'MAD',36.00000000,0.00000000,36288.00000000,7257.60000000,43545.60000000),(351,181,NULL,435,'','','','',20.000,0.000,'0',0.000,'0',2000,0,0,30.00000000,0.00000000,60000.00000000,12000.00000000,0.00000000,0.00000000,72000.00000000,0,NULL,NULL,0,0,7,NULL,NULL,1,'MAD',30.00000000,0.00000000,60000.00000000,12000.00000000,72000.00000000),(352,181,NULL,408,'','','','',0.000,0.000,'0',0.000,'0',2000,0,0,22.80000000,0.00000000,45600.00000000,0.00000000,0.00000000,0.00000000,45600.00000000,0,NULL,NULL,0,0,8,NULL,NULL,1,'MAD',22.80000000,0.00000000,45600.00000000,0.00000000,45600.00000000),(353,181,NULL,409,'','','','',0.000,0.000,'0',0.000,'0',2000,0,0,19.80000000,0.00000000,39600.00000000,0.00000000,0.00000000,0.00000000,39600.00000000,0,NULL,NULL,0,0,9,NULL,NULL,1,'MAD',19.80000000,0.00000000,39600.00000000,0.00000000,39600.00000000),(354,182,NULL,294,'','','','',0.000,0.000,'0',0.000,'0',16800,0,0,9.38676000,0.00000000,157697.57000000,0.00000000,0.00000000,0.00000000,157697.57000000,0,NULL,NULL,0,0,1,NULL,NULL,1,'MAD',9.38676000,0.00000000,157697.57000000,0.00000000,157697.57000000),(355,182,NULL,279,'','','','',0.000,0.000,'0',0.000,'0',4800,0,0,87.48000000,0.00000000,419904.00000000,0.00000000,0.00000000,0.00000000,419904.00000000,0,NULL,NULL,0,0,2,NULL,NULL,1,'MAD',87.48000000,0.00000000,419904.00000000,0.00000000,419904.00000000),(356,183,NULL,297,'','','','',0.000,0.000,'0',0.000,'0',42000,0,0,8.93412000,0.00000000,375233.04000000,0.00000000,0.00000000,0.00000000,375233.04000000,0,NULL,NULL,0,0,1,NULL,NULL,1,'MAD',8.93412000,0.00000000,375233.04000000,0.00000000,375233.04000000),(357,184,NULL,292,'','','','',0.000,0.000,'0',0.000,'0',20400,0,0,16.78308000,0.00000000,342374.83000000,0.00000000,0.00000000,0.00000000,342374.83000000,0,NULL,NULL,0,0,1,NULL,NULL,1,'MAD',16.78308000,0.00000000,342374.83000000,0.00000000,342374.83000000),(358,184,NULL,279,'','','','',0.000,0.000,'0',0.000,'0',2880,0,0,87.48000000,0.00000000,251942.40000000,0.00000000,0.00000000,0.00000000,251942.40000000,0,NULL,NULL,0,0,2,NULL,NULL,1,'MAD',87.48000000,0.00000000,251942.40000000,0.00000000,251942.40000000),(359,185,NULL,250,'','','','',0.000,0.000,'3',0.000,'5',4000,0,0,38.64000000,0.00000000,154560.00000000,0.00000000,0.00000000,0.00000000,154560.00000000,0,NULL,NULL,0,0,1,NULL,NULL,1,'MAD',38.64000000,0.00000000,154560.00000000,0.00000000,154560.00000000),(360,185,NULL,410,'','','','',0.000,0.000,'3',0.000,'5',996,0,0,127.92000000,0.00000000,127408.32000000,0.00000000,0.00000000,0.00000000,127408.32000000,0,NULL,NULL,0,0,2,NULL,NULL,1,'MAD',127.92000000,0.00000000,127408.32000000,0.00000000,127408.32000000),(361,185,NULL,272,'','','','',0.000,0.000,'3',0.000,'5',1440,0,0,31.08000000,0.00000000,44755.20000000,0.00000000,0.00000000,0.00000000,44755.20000000,0,NULL,NULL,0,0,3,NULL,NULL,1,'MAD',31.08000000,0.00000000,44755.20000000,0.00000000,44755.20000000),(362,185,NULL,273,'','','','',0.000,0.000,'3',0.000,'5',3000,0,0,21.72000000,0.00000000,65160.00000000,0.00000000,0.00000000,0.00000000,65160.00000000,0,NULL,NULL,0,0,4,NULL,NULL,1,'MAD',21.72000000,0.00000000,65160.00000000,0.00000000,65160.00000000),(363,185,NULL,274,'','','','',0.000,0.000,'3',0.000,'5',2880,0,0,19.92000000,0.00000000,57369.60000000,0.00000000,0.00000000,0.00000000,57369.60000000,0,NULL,NULL,0,0,5,NULL,NULL,1,'MAD',19.92000000,0.00000000,57369.60000000,0.00000000,57369.60000000),(364,185,NULL,276,'','','','',0.000,0.000,'3',0.000,'5',1000,0,0,63.24000000,0.00000000,63240.00000000,0.00000000,0.00000000,0.00000000,63240.00000000,0,NULL,NULL,0,0,6,NULL,NULL,1,'MAD',63.24000000,0.00000000,63240.00000000,0.00000000,63240.00000000),(365,185,NULL,253,'','','','',0.000,0.000,'3',0.000,'5',3840,0,0,32.52000000,0.00000000,124876.80000000,0.00000000,0.00000000,0.00000000,124876.80000000,0,NULL,NULL,0,0,7,NULL,NULL,1,'MAD',32.52000000,0.00000000,124876.80000000,0.00000000,124876.80000000),(366,185,NULL,436,'','','','',0.000,0.000,'3',0.000,'5',600,0,0,119.76000000,0.00000000,71856.00000000,0.00000000,0.00000000,0.00000000,71856.00000000,0,NULL,NULL,0,0,8,NULL,NULL,1,'MAD',119.76000000,0.00000000,71856.00000000,0.00000000,71856.00000000),(367,185,NULL,437,'','','','',0.000,0.000,'3',0.000,'5',720,0,0,129.24000000,0.00000000,93052.80000000,0.00000000,0.00000000,0.00000000,93052.80000000,0,NULL,NULL,0,0,9,NULL,NULL,1,'MAD',129.24000000,0.00000000,93052.80000000,0.00000000,93052.80000000),(368,185,NULL,438,'','','','',0.000,0.000,'3',0.000,'5',240,0,0,43.68000000,0.00000000,10483.20000000,0.00000000,0.00000000,0.00000000,10483.20000000,0,NULL,NULL,0,0,10,NULL,NULL,1,'MAD',43.68000000,0.00000000,10483.20000000,0.00000000,10483.20000000),(369,185,NULL,439,'','','','',0.000,0.000,'3',0.000,'5',200,0,0,34.32000000,0.00000000,6864.00000000,0.00000000,0.00000000,0.00000000,6864.00000000,0,NULL,NULL,0,0,11,NULL,NULL,1,'MAD',34.32000000,0.00000000,6864.00000000,0.00000000,6864.00000000),(370,186,NULL,365,'','','','',0.000,0.000,'0',0.000,'0',10,0,0,175.00000000,0.00000000,1750.00000000,0.00000000,0.00000000,0.00000000,1750.00000000,0,NULL,NULL,0,0,1,NULL,NULL,1,'MAD',175.00000000,0.00000000,1750.00000000,0.00000000,1750.00000000),(371,186,NULL,397,'','','','',0.000,0.000,'0',0.000,'0',20,0,0,55.00000000,0.00000000,1100.00000000,0.00000000,0.00000000,0.00000000,1100.00000000,0,NULL,NULL,0,0,2,NULL,NULL,1,'MAD',55.00000000,0.00000000,1100.00000000,0.00000000,1100.00000000),(372,187,NULL,422,'','','','',0.000,0.000,'0',0.000,'0',25,0,0,435.00000000,0.00000000,10875.00000000,0.00000000,0.00000000,0.00000000,10875.00000000,0,NULL,NULL,0,0,1,NULL,NULL,1,'MAD',435.00000000,0.00000000,10875.00000000,0.00000000,10875.00000000),(373,188,NULL,429,'','','','',0.000,0.000,'0',0.000,'0',8,0,0,1030.00000000,0.00000000,8240.00000000,0.00000000,0.00000000,0.00000000,8240.00000000,0,NULL,NULL,0,0,1,NULL,NULL,1,'MAD',1030.00000000,0.00000000,8240.00000000,0.00000000,8240.00000000);

--
